000
CXUS55 KPIH 012124
CF6BYI
PRELIMINARY LOCAL CLIMATOLOGICAL DATA (WS FORM: F-6)
STATION: BURLEY
MONTH: SEPTEMBER
YEAR: 2021
LATITUDE: 42 32 N
LONGITUDE: 113 46 W
TEMPERATURE IN F: :PCPN: SNOW: WIND :SUNSHINE: SKY :PK WND
================================================================================
1 2 3 4 5 6A 6B 7 8 9 10 11 12 13 14 15 16 17 18
12Z AVG MX 2MIN
DY MAX MIN AVG DEP HDD CDD WTR SNW DPTH SPD SPD DIR MIN PSBL S-S WX SPD DR
================================================================================
1 79 44 62 -4 3 0 0.00 M M 5.8 12 250 M M 0 19 270
2 77 44 61 -4 4 0 0.00 M M 5.4 15 240 M M 0 24 240
3 77 44 61 -4 4 0 0.00 M M 7.6 14 240 M M 0 20 260
4 84 40 62 -3 3 0 0.00 M M 4.4 12 210 M M 0 16 50
5 90 42 66 2 0 1 0.00 M M 2.1 7 190 M M 0 11 40
6 85 45 65 1 0 0 0.00 M M 5.6 14 270 M M 0 8 20 260
7 88 45 67 3 0 2 0.00 M M 2.5 9 260 M M 0 8 16 300
8 97 46 72 9 0 7 0.00 M M 6.3 14 70 M M 0 8 17 60
9 95 48 72 9 0 7 0.00 M M 4.2 14 210 M M 0 8 19 200
10 92 61 77 14 0 12 0.04 M M 7.1 24 240 M M 3 8 44 240
11 78 55 67 5 0 2 0.01 M M 3.9 10 270 M M 2 1 17 250
12 83 51 67 5 0 2 0.02 M M 4.3 20 210 M M 1 27 220
13 80 51 66 4 0 1 0.00 M M 7.6 16 240 M M 0 23 250
14 77 47 62 0 3 0 0.00 M M 8.4 15 270 M M 0 24 280
15 85 45 65 4 0 0 0.00 M M 5.5 12 290 M M 0 19 280
16 70 45 58 -3 7 0 0.00 M M 11.1 25 270 M M 0 39 270
17 83 36 60 0 5 0 0.00 M M 4.4 17 200 M M 0 24 200
18 84 53 69 9 0 4 0.00 M M 14.8 25 250 M M 1 8 37 260
19 56 45 51 -9 14 0 0.19 M M 10.2 25 310 M M 5 1 40 320
20 62 41 52 -7 13 0 0.00 M M 8.9 16 260 M M 0 25 270
21 73 34 54 -5 11 0 0.00 M M 4.9 13 50 M M 0 18 40
22 81 41 61 2 4 0 0.00 M M 3.8 13 40 M M 0 17 40
23 70 47 59 1 6 0 T M M 8.3 16 260 M M 1 28 250
24 79 39 59 1 6 0 0.00 M M 3.3 8 360 M M 0 12 340
25 85 41 63 5 2 0 0.00 M M 3.0 9 280 M M 0 16 300
26 84 43 64 7 1 0 0.00 M M 2.8 14 310 M M 0 21 320
27 82 41 62 5 3 0 0.00 M M 3.4 10 320 M M 0 8 18 270
28 60 43 52 -4 13 0 T M M 13.9 30 260 M M 1 46 260
29 61 31 46 -10 19 0 0.00 M M 4.5 12 260 M M 0 16 280
30 69 31 50 -6 15 0 0.00 M M 3.6 9 210 M M 0 12 70
================================================================================
SM 2366 1319 136 38 0.26 M 181.6 M 14
================================================================================
AV 78.9 44.0 6.1 FASTST M M 0 MAX(MPH)
MISC ----> 30 260 46 260
================================================================================
NOTES:
# LAST OF SEVERAL OCCURRENCES
COLUMN 17 PEAK WIND IN M.P.H.
PRELIMINARY LOCAL CLIMATOLOGICAL DATA (WS FORM: F-6) , PAGE 2
STATION: BURLEY
MONTH: SEPTEMBER
YEAR: 2021
LATITUDE: 42 32 N
LONGITUDE: 113 46 W
[TEMPERATURE DATA] [PRECIPITATION DATA] SYMBOLS USED IN COLUMN 16
AVERAGE MONTHLY: 61.4 TOTAL FOR MONTH: 0.26 1 = FOG OR MIST
DPTR FM NORMAL: 0.6 DPTR FM NORMAL: -0.40 2 = FOG REDUCING VISIBILITY
HIGHEST: 97 ON 8 GRTST 24HR 0.19 ON 19-19 TO 1/4 MILE OR LESS
LOWEST: 31 ON 30,29 3 = THUNDER
SNOW, ICE PELLETS, HAIL 4 = ICE PELLETS
TOTAL MONTH: M 5 = HAIL
GRTST 24HR M ON M 6 = FREEZING RAIN OR DRIZZLE
GRTST DEPTH: M ON M 7 = DUSTSTORM OR SANDSTORM:
VSBY 1/2 MILE OR LESS
8 = SMOKE OR HAZE
[NO. OF DAYS WITH] [WEATHER - DAYS WITH] 9 = BLOWING SNOW
X = TORNADO
MAX 32 OR BELOW: 0 0.01 INCH OR MORE: 4
MAX 90 OR ABOVE: 4 0.10 INCH OR MORE: 1
MIN 32 OR BELOW: 2 0.50 INCH OR MORE: 0
MIN 0 OR BELOW: 0 1.00 INCH OR MORE: 0
[HDD (BASE 65) ]
TOTAL THIS MO. 136 CLEAR (SCALE 0-3) 29
DPTR FM NORMAL -24 PTCLDY (SCALE 4-7) 1
TOTAL FM JUL 1 166 CLOUDY (SCALE 8-10) 0
DPTR FM NORMAL -24
[CDD (BASE 65) ]
TOTAL THIS MO. 38
DPTR FM NORMAL 4 [PRESSURE DATA]
TOTAL FM JAN 1 732 HIGHEST SLP 30.50 ON 21
DPTR FM NORMAL 241 LOWEST SLP 29.63 ON 28
[REMARKS]
8TH: HIGH OF 97 BREAKS OLD RECORD OF 95 SET IN 1997.
9TH: HIGH OF 95 TIES OLD RECORD SET IN 1997.
#FINAL-09-21#