000
CXUS54 KHGX 011410
CF6BYY
PRELIMINARY LOCAL CLIMATOLOGICAL DATA (WS FORM: F-6)
STATION: Bay City
MONTH: AUGUST
YEAR: 2021
LATITUDE: 28 58 N
LONGITUDE: 95 52 W
TEMPERATURE IN F: :PCPN: SNOW: WIND :SUNSHINE: SKY :PK WND
================================================================================
1 2 3 4 5 6A 6B 7 8 9 10 11 12 13 14 15 16 17 18
12Z AVG MX 2MIN
DY MAX MIN AVG DEP HDD CDD WTR SNW DPTH SPD SPD DIR MIN PSBL S-S WX SPD DR
================================================================================
1 93 77 85 M 0 20 0.08 0.0 0 4.7 14 100 M M 3 18 100
2 92 76 84 M 0 19 0.48 0.0 0 3.8 13 330 M M 3 1 22 330
3 87 74 81 M 0 16 0.11 0.0 0 2.3 7 230 M M 5 M M
4 85 75 80 M 0 15 0.19 0.0 0 2.6 9 110 M M 5 M M
5 83 75 79 M 0 14 0.04 0.0 0 4.4 9 100 M M 4 1 M M
6 88 74 81 M 0 16 0.58 0.0 0 2.7 13 50 M M 3 1 25 160
7 89 75 82 M 0 17 0.00 0.0 0 6.6 15 190 M M 3 21 200
8 89 78 84 M 0 19 T 0.0 0 8.5 18 180 M M 5 22 170
9 90 79 85 M 0 20 0.00 0.0 0 9.2 16 160 M M 4 23 170
10 91 77 84 M 0 19 0.00 0.0 0 6.8 13 180 M M 3 18 180
11 91 78 85 M 0 20 0.14 0.0 0 6.3 13 150 M M 2 16 170
12 91 76 84 M 0 19 0.00 0.0 0 4.2 12 150 M M 3 22 320
13 90 75 83 M 0 18 0.26 0.0 0 2.9 12 80 M M 2 20 240
14 90 76 83 M 0 18 0.00 0.0 0 2.8 8 150 M M 1 10 160
15 91 74 83 M 0 18 0.03 0.0 0 3.8 13 160 M M 3 23 70
16 88 73 81 M 0 16 0.11 0.0 0 3.0 9 140 M M 2 M M
17 91 75 83 M 0 18 0.00 0.0 0 5.0 13 180 M M 2 16 190
18 91 77 84 M 0 19 0.06 0.0 0 7.6 17 190 M M 5 24 170
19 91 80 86 M 0 21 0.00 0.0 0 7.5 14 200 M M 3 17 190
20 91 78 85 M 0 20 0.00 0.0 0 6.5 13 150 M M 4 21 130
21 91 75 83 M 0 18 0.00 0.0 0 5.5 14 180 M M 2 17 170
22 91 72 82 M 0 17 0.00 0.0 0 3.9 10 170 M M 2 9 180
23 93 72 83 M 0 18 0.00 0.0 0 3.9 13 160 M M 2 18 120
24 92 74 83 M 0 18 0.00 0.0 0 4.1 13 150 M M 2 17 170
25 92 75 84 M 0 19 0.16 0.0 0 1.8 10 60 M M 2 20 60
26 87 75 81 M 0 16 0.32 0.0 0 2.1 13 60 M M 1 1 M M
27 87 73 80 M 0 15 0.57 0.0 0 4.5 9 90 M M 4 1 20 40
28 88 75 82 M 0 17 0.50 0.0 0 2.6 10 90 M M 2 12 100
29 91 76 84 M 0 19 0.00 0.0 0 3.9 8 40 M M 2 1 M M
30 90 77 84 M 0 19 0.05 0.0 0 6.7 15 300 M M 2 20 290
31 92 78 85 M 0 20 0.00 0.0 0 4.6 10 190 M M 1 M M
================================================================================
SM 2786 2344 0 558 3.68 0.0 144.8 M 87
================================================================================
AV 89.9 75.6 4.7 FASTST M M 3 MAX(MPH)
MISC ----> 18 180 25 160
================================================================================
NOTES:
# LAST OF SEVERAL OCCURRENCES
COLUMN 17 PEAK WIND IN M.P.H.
PRELIMINARY LOCAL CLIMATOLOGICAL DATA (WS FORM: F-6) , PAGE 2
STATION: Bay City
MONTH: AUGUST
YEAR: 2021
LATITUDE: 28 58 N
LONGITUDE: 95 52 W
[TEMPERATURE DATA] [PRECIPITATION DATA] SYMBOLS USED IN COLUMN 16
AVERAGE MONTHLY: 82.7 TOTAL FOR MONTH: 3.68 1 = FOG OR MIST
DPTR FM NORMAL: 0.0 DPTR FM NORMAL: M 2 = FOG REDUCING VISIBILITY
HIGHEST: 93 ON 23, 1 GRTST 24HR 0.58 ON 6- 6 TO 1/4 MILE OR LESS
LOWEST: 72 ON 23,22 3 = THUNDER
SNOW, ICE PELLETS, HAIL 4 = ICE PELLETS
TOTAL MONTH: 0.0 INCH 5 = HAIL
GRTST 24HR 0.0 6 = FREEZING RAIN OR DRIZZLE
GRTST DEPTH: 0 7 = DUSTSTORM OR SANDSTORM:
VSBY 1/2 MILE OR LESS
8 = SMOKE OR HAZE
[NO. OF DAYS WITH] [WEATHER - DAYS WITH] 9 = BLOWING SNOW
X = TORNADO
MAX 32 OR BELOW: 0 0.01 INCH OR MORE: 16
MAX 90 OR ABOVE: 21 0.10 INCH OR MORE: 11
MIN 32 OR BELOW: 0 0.50 INCH OR MORE: 3
MIN 0 OR BELOW: 0 1.00 INCH OR MORE: 0
[HDD (BASE 65) ]
TOTAL THIS MO. 0 CLEAR (SCALE 0-3) 23
DPTR FM NORMAL M PTCLDY (SCALE 4-7) 8
TOTAL FM JUL 1 0 CLOUDY (SCALE 8-10) 0
DPTR FM NORMAL M
[CDD (BASE 65) ]
TOTAL THIS MO. 558
DPTR FM NORMAL M [PRESSURE DATA]
TOTAL FM JAN 1 1639 HIGHEST SLP M ON M
DPTR FM NORMAL M LOWEST SLP M ON M
[REMARKS]
#FINAL-08-21#