000
CXUS56 KTFX 011110
CF6BZN
PRELIMINARY LOCAL CLIMATOLOGICAL DATA (WS FORM: F-6)
STATION: BOZEMAN/GALLATIN FIELD MT
MONTH: SEPTEMBER
YEAR: 2021
LATITUDE: 45 46 N
LONGITUDE: 111 9 W
TEMPERATURE IN F: :PCPN: SNOW: WIND :SUNSHINE: SKY :PK WND
================================================================================
1 2 3 4 5 6A 6B 7 8 9 10 11 12 13 14 15 16 17 18
12Z AVG MX 2MIN
DY MAX MIN AVG DEP HDD CDD WTR SNW DPTH SPD SPD DIR MIN PSBL S-S WX SPD DR
================================================================================
1 75 36 56 -5 9 0 0.00 0.0 0 5.4 13 310 M M 0 16 310
2 73 38 56 -5 9 0 0.00 0.0 0 4.6 14 140 M M 1 17 140
3 75 46 61 1 4 0 0.00 0.0 0 6.6 16 180 M M 1 8 21 190
4 80 37 59 -1 6 0 0.00 0.0 0 5.0 14 310 M M 0 8 18 310
5 87 40 64 4 1 0 0.00 0.0 0 5.0 13 140 M M 0 8 14 150
6 89 44 67 7 0 2 0.00 0.0 0 7.7 29 300 M M 3 8 36 300
7 85 39 62 3 3 0 0.00 0.0 0 3.7 10 120 M M 0 8 15 10
8 92 41 67 8 0 2 0.00 0.0 0 5.0 12 300 M M 1 8 16 310
9 87 49 68 9 0 3 0.00 0.0 0 3.9 17 120 M M 1 8 22 130
10 90 46 68 10 0 3 0.09 0.0 0 6.2 29 240 M M 2 8 41 250
11 77 45 61 3 4 0 0.00 0.0 0 8.4 21 360 M M 3 1 26 10
12 78 38 58 0 7 0 0.00 0.0 0 4.2 12 260 M M 1 16 310
13 73 44 59 2 6 0 0.00 0.0 0 4.2 14 200 M M 1 18 330
14 76 38 57 0 8 0 0.00 0.0 0 5.6 13 150 M M 0 18 16 330
15 84 42 63 6 2 0 0.00 0.0 0 7.1 24 300 M M 3 8 33 300
16 64 35 50 -6 15 0 0.00 0.0 0 7.6 21 320 M M 3 31 300
17 82 28 55 -1 10 0 0.00 0.0 0 5.0 17 220 M M 0 8 22 220
18 85 43 64 8 1 0 0.00 0.0 0 13.0 33 200 M M 1 8 46 220
19 61 43 52 -3 13 0 0.02 0.0 0 9.3 26 160 M M 9 8 36 160
20 60 35 48 -7 17 0 0.01 0.0 0 6.4 20 290 M M 7 25 290
21 72 29 51 -3 14 0 0.00 0.0 0 4.4 12 160 M M 0 14 350
22 80 32 56 2 9 0 T 0.0 0 4.6 25 310 M M 2 34 310
23 70 40 55 1 10 0 0.00 0.0 0 5.1 12 290 M M 1 17 280
24 74 34 54 1 11 0 0.00 0.0 0 6.3 13 160 M M 0 17 160
25 83 36 60 7 5 0 0.00 0.0 0 4.6 14 290 M M 0 20 310
26 85 39 62 10 3 0 0.00 0.0 0 4.6 14 10 M M 0 8 22 250
27 88 40 64 12 1 0 0.00 0.0 0 7.9 23 260 M M 0 31 260
28 70 34 52 0 13 0 T 0.0 0 7.9 29 300 M M 3 8 38 290
29 60 29 45 -6 20 0 0.00 0.0 0 4.6 14 160 M M 0 17 160
30 69 25 47 -4 18 0 0.00 0.0 0 4.8 14 170 M M 0 16 170
================================================================================
SM 2324 1145 219 10 0.12 0.0 178.7 M 43
================================================================================
AV 77.5 38.2 6.0 FASTST M M 1 MAX(MPH)
MISC ----> 33 200 46 220
================================================================================
NOTES:
# LAST OF SEVERAL OCCURRENCES
COLUMN 17 PEAK WIND IN M.P.H.
PRELIMINARY LOCAL CLIMATOLOGICAL DATA (WS FORM: F-6) , PAGE 2
STATION: BOZEMAN/GALLATIN FIELD MT
MONTH: SEPTEMBER
YEAR: 2021
LATITUDE: 45 46 N
LONGITUDE: 111 9 W
[TEMPERATURE DATA] [PRECIPITATION DATA] SYMBOLS USED IN COLUMN 16
AVERAGE MONTHLY: 57.8 TOTAL FOR MONTH: 0.12 1 = FOG OR MIST
DPTR FM NORMAL: 1.5 DPTR FM NORMAL: -0.88 2 = FOG REDUCING VISIBILITY
HIGHEST: 92 ON 8 GRTST 24HR 0.09 ON 10-10 TO 1/4 MILE OR LESS
LOWEST: 25 ON 30 3 = THUNDER
SNOW, ICE PELLETS, HAIL 4 = ICE PELLETS
TOTAL MONTH: 0.0 INCH 5 = HAIL
GRTST 24HR 0.0 6 = FREEZING RAIN OR DRIZZLE
GRTST DEPTH: 0 7 = DUSTSTORM OR SANDSTORM:
VSBY 1/2 MILE OR LESS
8 = SMOKE OR HAZE
[NO. OF DAYS WITH] [WEATHER - DAYS WITH] 9 = BLOWING SNOW
X = TORNADO
MAX 32 OR BELOW: 0 0.01 INCH OR MORE: 3
MAX 90 OR ABOVE: 2 0.10 INCH OR MORE: 0
MIN 32 OR BELOW: 5 0.50 INCH OR MORE: 0
MIN 0 OR BELOW: 0 1.00 INCH OR MORE: 0
[HDD (BASE 65) ]
TOTAL THIS MO. 219 CLEAR (SCALE 0-3) 25
DPTR FM NORMAL -55 PTCLDY (SCALE 4-7) 4
TOTAL FM JUL 1 304 CLOUDY (SCALE 8-10) 1
DPTR FM NORMAL -75
[CDD (BASE 65) ]
TOTAL THIS MO. 10
DPTR FM NORMAL -1 [PRESSURE DATA]
TOTAL FM JAN 1 452 HIGHEST SLP 30.53 ON 21
DPTR FM NORMAL 219 LOWEST SLP 29.55 ON 18
[REMARKS]
#FINAL-09-21#