000
CXUS51 KCLE 010800
CF6CAK
PRELIMINARY LOCAL CLIMATOLOGICAL DATA (WS FORM: F-6)
STATION: AKRON CANTON OH
MONTH: JUNE
YEAR: 2020
LATITUDE: 40 55 N
LONGITUDE: 81 26 W
TEMPERATURE IN F: :PCPN: SNOW: WIND :SUNSHINE: SKY :PK WND
================================================================================
1 2 3 4 5 6A 6B 7 8 9 10 11 12 13 14 15 16 17 18
12Z AVG MX 2MIN
DY MAX MIN AVG DEP HDD CDD WTR SNW DPTH SPD SPD DIR MIN PSBL S-S WX SPD DR
================================================================================
1 72 43 58 -6 7 0 0.01 0.0 0 5.7 15 240 M M 3 8 20 230
2 86 57 72 8 0 7 0.03 0.0 0 10.7 21 240 M M 6 27 270
3 85 67 76 12 0 11 0.00 0.0 0 10.5 24 270 M M 7 31 280
4 79 64 72 7 0 7 0.65 0.0 0 5.7 20 230 M M 9 138 28 220
5 83 67 75 10 0 10 0.03 0.0 0 6.1 15 100 M M 8 138 18 360
6 83 61 72 7 0 7 0.00 0.0 0 8.5 18 290 M M 5 23 300
7 78 54 66 0 0 1 0.00 0.0 0 6.7 15 340 M M 2 18 310
8 82 53 68 2 0 3 0.00 0.0 0 3.7 9 70 M M 2 14 70
9 90 62 76 10 0 11 0.00 0.0 0 7.8 17 160 M M 6 22 200
10 88 68 78 12 0 13 0.62 0.0 0 14.5 30 270 M M 7 13 46 270
11 77 60 69 2 0 4 T 0.0 0 9.8 18 270 M M 6 8 25 250
12 75 58 67 0 0 2 0.00 0.0 0 8.8 18 310 M M 2 26 310
13 70 51 61 -6 4 0 0.14 0.0 0 9.1 18 330 M M 6 3 25 340
14 73 49 61 -7 4 0 0.00 0.0 0 10.0 17 30 M M 6 24 50
15 77 56 67 -1 0 2 0.00 0.0 0 7.3 12 100 M M 6 17 130
16 81 56 69 1 0 4 0.00 0.0 0 5.5 15 80 M M 3 26 60
17 82 58 70 2 0 5 0.00 0.0 0 7.2 15 80 M M 5 20 90
18 83 63 73 4 0 8 0.22 0.0 0 7.0 26 110 M M 7 3 33 110
19 82 64 73 4 0 8 0.00 0.0 0 4.5 14 210 M M 6 138 16 200
20 88 62 75 6 0 10 0.00 0.0 0 1.6 7 150 M M 2 1 10 20
21 90 67 79 9 0 14 0.31 0.0 0 8.1 23 280 M M 6 13 32 280
22 78 68 73 3 0 8 0.73 0.0 0 4.9 9 280 M M 7 18 11 310
23 81 63 72 2 0 7 0.17 0.0 0 11.4 24 210 M M 6 18 31 190
24 75 58 67 -3 0 2 0.00 0.0 0 7.9 17 270 M M 4 23 310
25 80 58 69 -1 0 4 0.05 0.0 0 7.1 31 260 M M 4 3 38 240
26 84 62 73 2 0 8 0.01 0.0 0 7.5 12 290 M M 7 23 240
27 81 72 77 6 0 12 0.02 0.0 0 11.3 21 240 M M 9 13 27 250
28 85 65 75 4 0 10 T 0.0 0 7.6 16 20 M M 7 1 21 10
29 87 62 75 4 0 10 0.00 0.0 0 5.2 12 300 M M 3 16 340
30 88 62 75 4 0 10 0.00 0.0 0 6.8 15 20 M M 3 25 20
================================================================================
SM 2443 1810 15 198 2.99 0.0 228.5 M 160
================================================================================
AV 81.4 60.3 7.6 FASTST M M 5 MAX(MPH)
MISC ----> 31 260 46 270
================================================================================
NOTES:
# LAST OF SEVERAL OCCURRENCES
COLUMN 17 PEAK WIND IN M.P.H.
PRELIMINARY LOCAL CLIMATOLOGICAL DATA (WS FORM: F-6) , PAGE 2
STATION: AKRON CANTON OH
MONTH: JUNE
YEAR: 2020
LATITUDE: 40 55 N
LONGITUDE: 81 26 W
[TEMPERATURE DATA] [PRECIPITATION DATA] SYMBOLS USED IN COLUMN 16
AVERAGE MONTHLY: 70.9 TOTAL FOR MONTH: 2.99 1 = FOG OR MIST
DPTR FM NORMAL: 3.0 DPTR FM NORMAL: -0.84 2 = FOG REDUCING VISIBILITY
HIGHEST: 90 ON 21, 9 GRTST 24HR 1.04 ON 21-22 TO 1/4 MILE OR LESS
LOWEST: 43 ON 1 3 = THUNDER
SNOW, ICE PELLETS, HAIL 4 = ICE PELLETS
TOTAL MONTH: 0.0 INCH 5 = HAIL
GRTST 24HR 0.0 6 = FREEZING RAIN OR DRIZZLE
GRTST DEPTH: 0 7 = DUSTSTORM OR SANDSTORM:
VSBY 1/2 MILE OR LESS
8 = SMOKE OR HAZE
[NO. OF DAYS WITH] [WEATHER - DAYS WITH] 9 = BLOWING SNOW
X = TORNADO
MAX 32 OR BELOW: 0 0.01 INCH OR MORE: 13
MAX 90 OR ABOVE: 2 0.10 INCH OR MORE: 7
MIN 32 OR BELOW: 0 0.50 INCH OR MORE: 3
MIN 0 OR BELOW: 0 1.00 INCH OR MORE: 0
[HDD (BASE 65) ]
TOTAL THIS MO. 15 CLEAR (SCALE 0-3) 7
DPTR FM NORMAL -34 PTCLDY (SCALE 4-7) 21
TOTAL FM JUL 1 5214 CLOUDY (SCALE 8-10) 2
DPTR FM NORMAL -938
[CDD (BASE 65) ]
TOTAL THIS MO. 198
DPTR FM NORMAL 63 [PRESSURE DATA]
TOTAL FM JAN 1 268 HIGHEST SLP 30.37 ON 16
DPTR FM NORMAL 91 LOWEST SLP 29.62 ON 10
[REMARKS]
#FINAL-06-20#