000
CXUS51 KCAR 080120
CF6CAR
PRELIMINARY LOCAL CLIMATOLOGICAL DATA (WS FORM: F-6)
STATION: CARIBOU ME
MONTH: DECEMBER
YEAR: 2021
LATITUDE: 46 52 N
LONGITUDE: 68 1 W
TEMPERATURE IN F: :PCPN: SNOW: WIND :SUNSHINE: SKY :PK WND
================================================================================
1 2 3 4 5 6A 6B 7 8 9 10 11 12 13 14 15 16 17 18
12Z AVG MX 2MIN
DY MAX MIN AVG DEP HDD CDD WTR SNW DPTH SPD SPD DIR MIN PSBL S-S WX SPD DR
================================================================================
1 30 8 19 -7 46 0 0.02 0.7 3 5.8 15 250 M M 3 1 22 240
2 39 15 27 2 38 0 0.15 0.2 3 6.5 20 160 M M 9 128 24 170
3 38 15 27 2 38 0 0.05 0.3 1 11.4 26 310 M M 9 128 39 310
4 20 6 13 -11 52 0 T T 1 5.0 12 240 M M 2 16 270
5 23 13 18 -6 47 0 T 0.2 1 3.4 14 250 M M 6 8 19 240
6 49 16 33 9 32 0 1.24 4.9 3 9.7 24 250 M M 10 126 39 230
7 40 17 29 6 36 0 T T 1 12.7 26 250 M M 4 39 240
8 17 7 12 -11 53 0 T T 1 5.5 12 290 M M 6 18 280
9 16 2 9 -13 56 0 0.00 0.0 T 7.8 14 330 M M 2 20 340
10 20 0 10 -12 55 0 0.02 0.6 T 4.1 13 170 M M 6 1 17 170
11 45 20 33 11 32 0 0.44 T 1 5.9 17 190 M M 10 1246 26 200
12 45 30 38 17 27 0 0.10 T T 14.2 30 250 M M 7 1 46 250
13 44 35 40 19 25 0 T 0.0 T 8.2 17 260 M M 9 26 270
14 40 15 28 8 37 0 T T T 13.0 29 310 M M 5 8 41 310
15 25 14 20 0 45 0 T T T 7.6 18 320 M M 3 27 300
16 38 22 30 10 35 0 0.26 2.0 2 7.9 15 170 M M 10 126 21 170
17 44 29 37 18 28 0 0.12 T T 12.3 26 330 M M 9 1 38 330
18 29 20 25 6 40 0 0.00 0.0 T 8.8 23 330 M M 3 32 340
19 22 14 18 -1 47 0 0.15 5.1 3 5.9 12 320 M M 10 18 16 320
20 18 8 13 -5 52 0 T T 6 6.0 14 330 M M 8 19 320
21 33 10 22 4 43 0 T 0.2 5 6.9 17 340 M M 7 8 29 300
22 25 11 18 0 47 0 0.68 6.6 3 7.6 15 60 M M 8 1268 19 60
23 21 0 11 -6 54 0 T T 9 11.5 25 300 M M 3 38 300
24 14 -8 3 -14 62 0 0.00 0.0 8 5.6 16 310 M M 0 23 300
25 22 2 12 -5 53 0 0.00 0.0 8 5.0 10 340 M M 0 17 310
26 28 4 16 0 49 0 0.00 0.0 8 4.9 17 330 M M 0 24 330
27 23 7 15 -1 50 0 T T 7 6.8 16 340 M M 5 22 310
28 21 11 16 0 49 0 0.13 2.3 7 2.4 14 330 M M 10 12 19 330
29 24 17 21 6 44 0 0.01 T 9 2.0 9 310 M M 10 1 13 310
30 29 23 26 11 39 0 T T 8 3.2 8 180 M M 10 1 10 190
31 32 27 30 15 35 0 T T 8 2.1 10 150 M M 10 1 14 170
================================================================================
SM 914 410 1346 0 3.37 23.1 219.7 M 194
================================================================================
AV 29.5 13.2 7.1 FASTST M M 6 MAX(MPH)
MISC ----> 30 250 46 250
================================================================================
NOTES:
# LAST OF SEVERAL OCCURRENCES
COLUMN 17 PEAK WIND IN M.P.H.
PRELIMINARY LOCAL CLIMATOLOGICAL DATA (WS FORM: F-6) , PAGE 2
STATION: CARIBOU ME
MONTH: DECEMBER
YEAR: 2021
LATITUDE: 46 52 N
LONGITUDE: 68 1 W
[TEMPERATURE DATA] [PRECIPITATION DATA] SYMBOLS USED IN COLUMN 16
AVERAGE MONTHLY: 21.4 TOTAL FOR MONTH: 3.37 1 = FOG OR MIST
DPTR FM NORMAL: 1.5 DPTR FM NORMAL: -0.23 2 = FOG REDUCING VISIBILITY
HIGHEST: 49 ON 6 GRTST 24HR 1.24 ON 6- 6 TO 1/4 MILE OR LESS
LOWEST: -8 ON 24 3 = THUNDER
SNOW, ICE PELLETS, HAIL 4 = ICE PELLETS
TOTAL MONTH: 23.1 INCHES 5 = HAIL
GRTST 24HR 6.6 ON 22-22 6 = FREEZING RAIN OR DRIZZLE
GRTST DEPTH: 9 ON 29,23 7 = DUSTSTORM OR SANDSTORM:
VSBY 1/2 MILE OR LESS
8 = SMOKE OR HAZE
[NO. OF DAYS WITH] [WEATHER - DAYS WITH] 9 = BLOWING SNOW
X = TORNADO
MAX 32 OR BELOW: 20 0.01 INCH OR MORE: 13
MAX 90 OR ABOVE: 0 0.10 INCH OR MORE: 9
MIN 32 OR BELOW: 30 0.50 INCH OR MORE: 2
MIN 0 OR BELOW: 3 1.00 INCH OR MORE: 1
[HDD (BASE 65) ]
TOTAL THIS MO. 1346 CLEAR (SCALE 0-3) 9
DPTR FM NORMAL -52 PTCLDY (SCALE 4-7) 10
TOTAL FM JUL 1 3026 CLOUDY (SCALE 8-10) 12
DPTR FM NORMAL -362
[CDD (BASE 65) ]
TOTAL THIS MO. 0
DPTR FM NORMAL 0 [PRESSURE DATA]
TOTAL FM JAN 1 351 HIGHEST SLP 30.66 ON 15
DPTR FM NORMAL 127 LOWEST SLP 29.14 ON 12
[REMARKS]
#FINAL-12-21#