000
CXUS51 KCAR 010600
CF6CAR
PRELIMINARY LOCAL CLIMATOLOGICAL DATA (WS FORM: F-6)
STATION: CARIBOU ME
MONTH: SEPTEMBER
YEAR: 2021
LATITUDE: 46 52 N
LONGITUDE: 68 1 W
TEMPERATURE IN F: :PCPN: SNOW: WIND :SUNSHINE: SKY :PK WND
================================================================================
1 2 3 4 5 6A 6B 7 8 9 10 11 12 13 14 15 16 17 18
12Z AVG MX 2MIN
DY MAX MIN AVG DEP HDD CDD WTR SNW DPTH SPD SPD DIR MIN PSBL S-S WX SPD DR
================================================================================
1 68 54 61 -1 4 0 0.00 0.0 0 4.1 13 250 M M 9 17 240
2 62 52 57 -5 8 0 0.12 0.0 0 7.1 16 360 M M 6 22 360
3 58 49 54 -7 11 0 0.03 0.0 0 9.4 18 340 M M 9 26 330
4 64 45 55 -6 10 0 0.00 0.0 0 8.3 20 360 M M 6 28 350
5 65 39 52 -9 13 0 0.10 0.0 0 6.5 16 160 M M 4 12 21 160
6 76 57 67 7 0 2 1.76 0.0 0 6.0 12 10 M M 8 13 17 180
7 70 52 61 1 4 0 T 0.0 0 7.6 16 250 M M 5 21 250
8 78 48 63 3 2 0 0.00 0.0 0 10.4 22 180 M M 1 1 31 210
9 66 59 63 4 2 0 0.57 0.0 0 4.7 12 170 M M 10 1 17 180
10 67 49 58 -1 7 0 0.75 0.0 0 5.4 15 330 M M 7 1 20 330
11 69 46 58 0 7 0 0.00 0.0 0 6.7 16 240 M M 2 22 250
12 74 50 62 4 3 0 0.24 0.0 0 7.5 22 240 M M 4 1 33 250
13 69 47 58 0 7 0 0.00 0.0 0 5.9 15 310 M M 4 21 310
14 62 47 55 -2 10 0 0.00 0.0 0 4.9 14 10 M M 2 17 20
15 63 50 57 0 8 0 0.17 0.0 0 9.8 22 180 M M 10 3 32 180
16 72 51 62 5 3 0 0.00 0.0 0 3.5 10 300 M M 1 14 300
17 73 45 59 3 6 0 0.00 0.0 0 5.8 15 180 M M 1 1 21 180
18 75 50 63 7 2 0 0.01 0.0 0 7.5 17 340 M M 3 24 310
19 67 44 56 1 9 0 0.00 0.0 0 6.9 14 360 M M 1 19 360
20 70 37 54 -1 11 0 0.00 0.0 0 3.2 12 230 M M 0 15 170
21 72 47 60 6 5 0 0.00 0.0 0 8.2 18 180 M M 0 24 180
22 73 54 64 10 1 0 T 0.0 0 6.4 17 180 M M 5 1 25 190
23 79 61 70 16 0 5 0.00 0.0 0 7.8 15 170 M M 5 22 180
24 74 59 67 14 0 2 0.49 0.0 0 11.5 23 150 M M 9 1 29 150
25 69 56 63 10 2 0 0.39 0.0 0 2.7 9 130 M M 8 1 14 290
26 66 49 58 6 7 0 1.22 0.0 0 6.0 21 250 M M 8 1 29 260
27 65 46 56 4 9 0 0.18 0.0 0 7.5 15 220 M M 5 1 22 250
28 61 41 51 -1 14 0 T 0.0 0 3.1 9 350 M M 5 12 13 350
29 59 36 48 -3 17 0 T 0.0 0 4.1 12 20 M M 4 12 15 10
30 53 48 51 0 14 0 0.10 0.0 0 7.3 13 330 M M 8 1 17 350
================================================================================
SM 2039 1468 196 9 6.13 0.0 195.8 M 150
================================================================================
AV 68.0 48.9 6.5 FASTST M M 5 MAX(MPH)
MISC ----> 23 150 33 250
================================================================================
NOTES:
# LAST OF SEVERAL OCCURRENCES
COLUMN 17 PEAK WIND IN M.P.H.
PRELIMINARY LOCAL CLIMATOLOGICAL DATA (WS FORM: F-6) , PAGE 2
STATION: CARIBOU ME
MONTH: SEPTEMBER
YEAR: 2021
LATITUDE: 46 52 N
LONGITUDE: 68 1 W
[TEMPERATURE DATA] [PRECIPITATION DATA] SYMBOLS USED IN COLUMN 16
AVERAGE MONTHLY: 58.5 TOTAL FOR MONTH: 6.13 1 = FOG OR MIST
DPTR FM NORMAL: 1.9 DPTR FM NORMAL: 2.69 2 = FOG REDUCING VISIBILITY
HIGHEST: 79 ON 23 GRTST 24HR 1.86 ON 5- 6 TO 1/4 MILE OR LESS
LOWEST: 36 ON 29 3 = THUNDER
SNOW, ICE PELLETS, HAIL 4 = ICE PELLETS
TOTAL MONTH: 0.0 INCH 5 = HAIL
GRTST 24HR 0.0 6 = FREEZING RAIN OR DRIZZLE
GRTST DEPTH: 0 7 = DUSTSTORM OR SANDSTORM:
VSBY 1/2 MILE OR LESS
8 = SMOKE OR HAZE
[NO. OF DAYS WITH] [WEATHER - DAYS WITH] 9 = BLOWING SNOW
X = TORNADO
MAX 32 OR BELOW: 0 0.01 INCH OR MORE: 14
MAX 90 OR ABOVE: 0 0.10 INCH OR MORE: 12
MIN 32 OR BELOW: 0 0.50 INCH OR MORE: 4
MIN 0 OR BELOW: 0 1.00 INCH OR MORE: 2
[HDD (BASE 65) ]
TOTAL THIS MO. 196 CLEAR (SCALE 0-3) 9
DPTR FM NORMAL -73 PTCLDY (SCALE 4-7) 14
TOTAL FM JUL 1 300 CLOUDY (SCALE 8-10) 7
DPTR FM NORMAL -81
[CDD (BASE 65) ]
TOTAL THIS MO. 9
DPTR FM NORMAL -8 [PRESSURE DATA]
TOTAL FM JAN 1 351 HIGHEST SLP 30.39 ON 21
DPTR FM NORMAL 127 LOWEST SLP 29.55 ON 26
[REMARKS]
#FINAL-09-21#