000
CXUS51 KCAR 010600
CF6CAR
PRELIMINARY LOCAL CLIMATOLOGICAL DATA (WS FORM: F-6)
STATION: CARIBOU ME
MONTH: AUGUST
YEAR: 2021
LATITUDE: 46 52 N
LONGITUDE: 68 1 W
TEMPERATURE IN F: :PCPN: SNOW: WIND :SUNSHINE: SKY :PK WND
================================================================================
1 2 3 4 5 6A 6B 7 8 9 10 11 12 13 14 15 16 17 18
12Z AVG MX 2MIN
DY MAX MIN AVG DEP HDD CDD WTR SNW DPTH SPD SPD DIR MIN PSBL S-S WX SPD DR
================================================================================
1 75 47 61 -6 4 0 0.00 0.0 0 5.5 15 240 M M 2 19 230
2 67 53 60 -7 5 0 0.26 0.0 0 2.3 7 250 M M 8 1 9 210
3 79 50 65 -2 0 0 0.00 0.0 0 8.3 22 240 M M 3 30 230
4 78 55 67 1 0 2 T 0.0 0 3.2 9 180 M M 3 11 170
5 75 62 69 3 0 4 0.11 0.0 0 5.5 13 170 M M 4 1 15 170
6 85 63 74 8 0 9 0.01 0.0 0 4.4 14 240 M M 5 12 18 230
7 81 63 72 6 0 7 0.01 0.0 0 4.4 13 250 M M 4 3 16 220
8 79 57 68 2 0 3 0.00 0.0 0 4.8 12 20 M M 2 16 10
9 75 57 66 0 0 1 0.00 0.0 0 5.8 13 160 M M 5 17 140
10 82 64 73 7 0 8 T 0.0 0 8.4 16 150 M M 4 19 140
11 76 69 73 7 0 8 0.01 0.0 0 8.6 14 150 M M 10 18 17 150
12 87 70 79 13 0 14 0.10 0.0 0 7.3 16 250 M M 7 13 25 230
13 92 70 81 15 0 16 0.00 0.0 0 5.2 13 180 M M 1 15 240
14 82 63 73 8 0 8 0.80 0.0 0 4.2 15 260 M M 2 123 26 240
15 74 51 63 -2 2 0 0.00 0.0 0 6.8 16 330 M M 3 24 310
16 80 48 64 -1 1 0 0.00 0.0 0 3.5 12 220 M M 0 15 220
17 87 54 71 6 0 6 0.00 0.0 0 5.2 12 220 M M 0 17 220
18 81 65 73 8 0 8 T 0.0 0 4.4 12 200 M M 5 15 180
19 91 66 79 14 0 14 0.00 0.0 0 3.1 12 240 M M 3 12 14 230
20 88 65 77 13 0 12 0.00 0.0 0 5.9 14 330 M M 2 20 330
21 84 62 73 9 0 8 0.00 0.0 0 3.4 9 130 M M 3 12 130
22 82 62 72 8 0 7 0.00 0.0 0 5.6 15 200 M M 3 21 150
23 74 65 70 6 0 5 0.21 0.0 0 4.8 10 170 M M 8 18 14 160
24 85 68 77 13 0 12 0.53 0.0 0 4.6 18 300 M M 7 1 26 300
25 88 62 75 11 0 10 0.00 0.0 0 2.2 12 210 M M 1 1 16 200
26 90 67 79 16 0 14 T 0.0 0 6.8 18 240 M M 3 3 25 240
27 70 48 59 -4 6 0 0.00 0.0 0 9.6 22 10 M M 3 29 10
28 72 44 58 -5 7 0 0.00 0.0 0 2.5 8 240 M M 0 1 12 250
29 69 45 57 -6 8 0 0.00 0.0 0 5.3 13 200 M M 5 18 140
30 71 57 64 2 1 0 0.42 0.0 0 7.1 13 180 M M 8 1 17 180
31 80 57 69 7 0 4 0.00 0.0 0 7.3 21 240 M M 3 1 28 250
================================================================================
SM 2479 1829 34 180 2.46 0.0 166.0 M 117
================================================================================
AV 80.0 59.0 5.4 FASTST M M 4 MAX(MPH)
MISC ----> # 22 240 30 230
================================================================================
NOTES:
# LAST OF SEVERAL OCCURRENCES
COLUMN 17 PEAK WIND IN M.P.H.
PRELIMINARY LOCAL CLIMATOLOGICAL DATA (WS FORM: F-6) , PAGE 2
STATION: CARIBOU ME
MONTH: AUGUST
YEAR: 2021
LATITUDE: 46 52 N
LONGITUDE: 68 1 W
[TEMPERATURE DATA] [PRECIPITATION DATA] SYMBOLS USED IN COLUMN 16
AVERAGE MONTHLY: 69.5 TOTAL FOR MONTH: 2.46 1 = FOG OR MIST
DPTR FM NORMAL: 4.6 DPTR FM NORMAL: -1.15 2 = FOG REDUCING VISIBILITY
HIGHEST: 92 ON 13 GRTST 24HR 0.80 ON 14-14 TO 1/4 MILE OR LESS
LOWEST: 44 ON 28 3 = THUNDER
SNOW, ICE PELLETS, HAIL 4 = ICE PELLETS
TOTAL MONTH: 0.0 INCH 5 = HAIL
GRTST 24HR 0.0 6 = FREEZING RAIN OR DRIZZLE
GRTST DEPTH: 0 7 = DUSTSTORM OR SANDSTORM:
VSBY 1/2 MILE OR LESS
8 = SMOKE OR HAZE
[NO. OF DAYS WITH] [WEATHER - DAYS WITH] 9 = BLOWING SNOW
X = TORNADO
MAX 32 OR BELOW: 0 0.01 INCH OR MORE: 10
MAX 90 OR ABOVE: 3 0.10 INCH OR MORE: 7
MIN 32 OR BELOW: 0 0.50 INCH OR MORE: 2
MIN 0 OR BELOW: 0 1.00 INCH OR MORE: 0
[HDD (BASE 65) ]
TOTAL THIS MO. 34 CLEAR (SCALE 0-3) 16
DPTR FM NORMAL -37 PTCLDY (SCALE 4-7) 12
TOTAL FM JUL 1 104 CLOUDY (SCALE 8-10) 3
DPTR FM NORMAL -9
[CDD (BASE 65) ]
TOTAL THIS MO. 180
DPTR FM NORMAL 112 [PRESSURE DATA]
TOTAL FM JAN 1 342 HIGHEST SLP 30.39 ON 28
DPTR FM NORMAL 135 LOWEST SLP 29.55 ON 31
[REMARKS]
#FINAL-08-21#