000
CXUS51 KCAR 010600
CF6CAR
PRELIMINARY LOCAL CLIMATOLOGICAL DATA (WS FORM: F-6)
STATION: CARIBOU ME
MONTH: MAY
YEAR: 2021
LATITUDE: 46 52 N
LONGITUDE: 68 1 W
TEMPERATURE IN F: :PCPN: SNOW: WIND :SUNSHINE: SKY :PK WND
================================================================================
1 2 3 4 5 6A 6B 7 8 9 10 11 12 13 14 15 16 17 18
12Z AVG MX 2MIN
DY MAX MIN AVG DEP HDD CDD WTR SNW DPTH SPD SPD DIR MIN PSBL S-S WX SPD DR
================================================================================
1 52 37 45 -1 20 0 T 0.0 0 12.1 25 320 M M 4 36 320
2 56 36 46 -1 19 0 T 0.0 0 11.3 23 250 M M 6 33 300
3 59 31 45 -2 20 0 0.00 0.0 0 8.2 17 310 M M 0 25 310
4 63 30 47 -1 18 0 0.00 0.0 0 2.8 10 60 M M 6 13 40
5 51 41 46 -2 19 0 0.47 0.0 0 7.0 15 100 M M 10 1 18 110
6 50 36 43 -6 22 0 0.42 T 0 9.0 17 310 M M 10 1 26 310
7 55 38 47 -2 18 0 0.00 0.0 0 5.9 12 360 M M 7 16 330
8 51 33 42 -8 23 0 T 0.0 0 9.2 17 50 M M 5 25 30
9 60 38 49 -1 16 0 0.00 0.0 0 9.2 22 310 M M 8 31 310
10 64 34 49 -1 16 0 T 0.0 0 3.3 16 360 M M 5 24 300
11 62 40 51 0 14 0 0.46 0.0 0 5.4 20 240 M M 8 1 24 250
12 55 37 46 -5 19 0 0.15 0.0 0 8.0 21 330 M M 8 26 340
13 65 32 49 -2 16 0 0.01 0.0 0 7.3 21 300 M M 3 1 34 330
14 66 41 54 2 11 0 0.00 0.0 0 7.4 20 360 M M 0 29 360
15 73 34 54 2 11 0 T 0.0 0 4.8 18 220 M M 3 29 210
16 72 45 59 7 6 0 T 0.0 0 5.5 17 240 M M 3 24 240
17 73 40 57 4 8 0 0.01 0.0 0 3.3 21 240 M M 4 123 26 230
18 71 49 60 7 5 0 0.06 0.0 0 7.8 21 320 M M 3 30 330
19 74 44 59 5 6 0 0.00 0.0 0 4.7 16 360 M M 0 21 10
20 80 47 64 10 1 0 0.00 0.0 0 8.4 17 150 M M 0 23 160
21 85 56 71 17 0 6 0.02 0.0 0 6.0 17 300 M M 6 3 23 300
22 82 61 72 18 0 7 0.12 0.0 0 6.5 14 310 M M 6 22 310
23 65 42 54 -1 11 0 0.53 0.0 0 11.8 28 10 M M 5 1 35 360
24 65 33 49 -6 16 0 0.00 0.0 0 5.6 13 230 M M 0 17 330
25 76 46 61 6 4 0 0.10 0.0 0 8.4 24 230 M M 5 1 34 220
26 86 63 75 19 0 10 0.35 0.0 0 9.2 23 250 M M 7 1 34 240
27 66 35 51 -5 14 0 0.00 0.0 0 12.9 23 330 M M 2 32 340
28 56 31 44 -12 21 0 0.00 0.0 0 8.1 20 330 M M 1 29 300
29 61 34 48 -8 17 0 0.00 0.0 0 4.9 12 90 M M 0 18 360
30 65 39 52 -5 13 0 0.09 0.0 0 7.2 16 150 M M 4 21 150
31 54 45 50 -7 15 0 0.72 0.0 0 6.3 14 360 M M 10 1 18 340
================================================================================
SM 2013 1248 399 23 3.51 T 227.5 M 139
================================================================================
AV 64.9 40.3 7.3 FASTST M M 4 MAX(MPH)
MISC ----> 28 10 36 320
================================================================================
NOTES:
# LAST OF SEVERAL OCCURRENCES
COLUMN 17 PEAK WIND IN M.P.H.
PRELIMINARY LOCAL CLIMATOLOGICAL DATA (WS FORM: F-6) , PAGE 2
STATION: CARIBOU ME
MONTH: MAY
YEAR: 2021
LATITUDE: 46 52 N
LONGITUDE: 68 1 W
[TEMPERATURE DATA] [PRECIPITATION DATA] SYMBOLS USED IN COLUMN 16
AVERAGE MONTHLY: 52.6 TOTAL FOR MONTH: 3.51 1 = FOG OR MIST
DPTR FM NORMAL: 0.4 DPTR FM NORMAL: 0.05 2 = FOG REDUCING VISIBILITY
HIGHEST: 86 ON 26 GRTST 24HR 0.79 ON 5- 6 TO 1/4 MILE OR LESS
LOWEST: 30 ON 4 3 = THUNDER
SNOW, ICE PELLETS, HAIL 4 = ICE PELLETS
TOTAL MONTH: T 5 = HAIL
GRTST 24HR T ON 6- 6 6 = FREEZING RAIN OR DRIZZLE
GRTST DEPTH: 0 7 = DUSTSTORM OR SANDSTORM:
VSBY 1/2 MILE OR LESS
8 = SMOKE OR HAZE
[NO. OF DAYS WITH] [WEATHER - DAYS WITH] 9 = BLOWING SNOW
X = TORNADO
MAX 32 OR BELOW: 0 0.01 INCH OR MORE: 14
MAX 90 OR ABOVE: 0 0.10 INCH OR MORE: 9
MIN 32 OR BELOW: 4 0.50 INCH OR MORE: 2
MIN 0 OR BELOW: 0 1.00 INCH OR MORE: 0
[HDD (BASE 65) ]
TOTAL THIS MO. 399 CLEAR (SCALE 0-3) 9
DPTR FM NORMAL -4 PTCLDY (SCALE 4-7) 18
TOTAL FM JUL 1 8008 CLOUDY (SCALE 8-10) 4
DPTR FM NORMAL -893
[CDD (BASE 65) ]
TOTAL THIS MO. 23
DPTR FM NORMAL 17 [PRESSURE DATA]
TOTAL FM JAN 1 23 HIGHEST SLP 30.48 ON 20
DPTR FM NORMAL 17 LOWEST SLP 29.28 ON 1
[REMARKS]
#FINAL-05-21#