000
CXUS53 KARX 041457
CF6CCY
PRELIMINARY LOCAL CLIMATOLOGICAL DATA (WS FORM: F-6)
STATION: CHARLES_CITY IA
MONTH: NOVEMBER
YEAR: 2021
LATITUDE: 43 4 N
LONGITUDE: 92 37 W
TEMPERATURE IN F: :PCPN: SNOW: WIND :SUNSHINE: SKY :PK WND
================================================================================
1 2 3 4 5 6A 6B 7 8 9 10 11 12 13 14 15 16 17 18
12Z AVG MX 2MIN
DY MAX MIN AVG DEP HDD CDD WTR SNW DPTH SPD SPD DIR MIN PSBL S-S WX SPD DR
================================================================================
1 45 28 37 -6 28 0 0.00 0.0 0 10.5 20 310 M M 4 31 300
2 43 25 34 -9 31 0 0.00 0.0 0 7.9 12 290 M M 2 18 300
3 43 21 32 -10 33 0 0.00 0.0 0 4.5 9 140 M M 7 8 12 150
4 52 34 43 1 22 0 M 0.0 0 8.3 12 220 M M 7 18 220
5 55 34 45 4 20 0 0.00 0.0 0 16.6 27 190 M M 3 36 180
6 66 36 51 10 14 0 0.00 0.0 0 9.0 14 180 M M 0 15 200
7 68 43 56 16 9 0 0.00 0.0 0 11.4 18 170 M M 0 25 170
8 64 37 51 11 14 0 0.00 0.0 0 9.2 20 20 M M 3 12 25 20
9 59 37 48 9 17 0 0.00 0.0 0 8.0 15 50 M M 2 13 30
10 52 36 44 6 21 0 M 0.0 0 13.1 20 110 M M 6 1 29 110
11 52 34 43 5 22 0 M M 0 18.7 25 280 M M 10 37 300
12 37 32 35 -2 30 0 M M M 17.1 22 310 M M 10 1 33 310
13 34 30 32 -5 33 0 M M 0 12.5 20 320 M M 9 24 300
14 37 28 33 -3 32 0 T T M 16.4 29 310 M M 10 38 300
15 41 28 35 0 30 0 0.00 0.0 0 7.9 14 130 M M 4 15 140
16 50 28 39 4 26 0 0.00 0.0 0 15.1 24 140 M M 3 36 140
17 45 28 37 3 28 0 0.00 0.0 0 14.7 23 280 M M 5 32 280
18 32 19 26 -8 39 0 M M 0 15.8 27 290 M M 5 35 300
19 37 18 28 -5 37 0 0.00 0.0 0 12.9 21 170 M M 6 27 170
20 50 32 41 9 24 0 0.00 0.0 0 7.9 15 160 M M 8 17 320
21 43 21 32 0 33 0 0.00 0.0 0 13.9 30 320 M M 3 44 320
22 34 14 24 -7 41 0 0.00 0.0 0 7.9 13 310 M M 3 16 290
23 52 25 39 9 26 0 0.00 0.0 0 16.0 25 180 M M 0 32 160
24 54 32 43 13 22 0 0.00 0.0 0 17.0 23 340 M M 5 32 340
25 30 10 20 -9 45 0 M M 0 15.2 22 330 M M 5 30 320
26 34 12 23 -6 42 0 0.00 0.0 0 9.7 17 170 M M 8 21 170
27 52 28 40 12 25 0 0.00 0.0 0 11.0 24 330 M M 3 32 330
28 39 19 29 1 36 0 0.00 0.0 0 9.2 15 320 M M 3 23 320
29 59 30 45 18 20 0 0.00 0.0 0 12.6 20 200 M M 4 24 180
30 50 28 39 13 26 0 M 0.0 0 8.3 18 340 M M 3 20 320
================================================================================
SM 1409 827 826 0 T T 358.3 M 141
================================================================================
AV 47.0 27.6 11.9 FASTST M M 5 MAX(MPH)
MISC ----> 30 320 44 320
================================================================================
NOTES:
# LAST OF SEVERAL OCCURRENCES
COLUMN 17 PEAK WIND IN M.P.H.
PRELIMINARY LOCAL CLIMATOLOGICAL DATA (WS FORM: F-6) , PAGE 2
STATION: CHARLES_CITY IA
MONTH: NOVEMBER
YEAR: 2021
LATITUDE: 43 4 N
LONGITUDE: 92 37 W
[TEMPERATURE DATA] [PRECIPITATION DATA] SYMBOLS USED IN COLUMN 16
AVERAGE MONTHLY: 37.3 TOTAL FOR MONTH: T 1 = FOG OR MIST
DPTR FM NORMAL: 2.3 DPTR FM NORMAL: -1.95 2 = FOG REDUCING VISIBILITY
HIGHEST: 68 ON 7 GRTST 24HR T ON 14-14 TO 1/4 MILE OR LESS
LOWEST: 10 ON 25 3 = THUNDER
SNOW, ICE PELLETS, HAIL 4 = ICE PELLETS
TOTAL MONTH: T 5 = HAIL
GRTST 24HR T ON 14-14 6 = FREEZING RAIN OR DRIZZLE
GRTST DEPTH: 0 7 = DUSTSTORM OR SANDSTORM:
VSBY 1/2 MILE OR LESS
8 = SMOKE OR HAZE
[NO. OF DAYS WITH] [WEATHER - DAYS WITH] 9 = BLOWING SNOW
X = TORNADO
MAX 32 OR BELOW: 2 0.01 INCH OR MORE: 0
MAX 90 OR ABOVE: 0 0.10 INCH OR MORE: 0
MIN 32 OR BELOW: 22 0.50 INCH OR MORE: 0
MIN 0 OR BELOW: 0 1.00 INCH OR MORE: 0
[HDD (BASE 65) ]
TOTAL THIS MO. 826 CLEAR (SCALE 0-3) 12
DPTR FM NORMAL -74 PTCLDY (SCALE 4-7) 14
TOTAL FM JUL 1 1227 CLOUDY (SCALE 8-10) 4
DPTR FM NORMAL -333
[CDD (BASE 65) ]
TOTAL THIS MO. 0
DPTR FM NORMAL 0 [PRESSURE DATA]
TOTAL FM JAN 1 838 HIGHEST SLP M ON M
DPTR FM NORMAL 172 LOWEST SLP M ON M
[REMARKS]
#FINAL-11-21#