000
CXUS53 KARX 010930
CF6CCY
PRELIMINARY LOCAL CLIMATOLOGICAL DATA (WS FORM: F-6)
STATION: CHARLES_CITY IA
MONTH: AUGUST
YEAR: 2020
LATITUDE: 43 4 N
LONGITUDE: 92 37 W
TEMPERATURE IN F: :PCPN: SNOW: WIND :SUNSHINE: SKY :PK WND
================================================================================
1 2 3 4 5 6A 6B 7 8 9 10 11 12 13 14 15 16 17 18
12Z AVG MX 2MIN
DY MAX MIN AVG DEP HDD CDD WTR SNW DPTH SPD SPD DIR MIN PSBL S-S WX SPD DR
================================================================================
1 81 57 69 -3 0 4 0.00 0.0 0 4.4 9 360 M M 3 M M
2 72 57 65 -6 0 0 0.00 0.0 0 11.6 22 350 M M 6 28 350
3 70 50 60 -11 5 0 0.00 0.0 0 8.1 13 20 M M 2 21 20
4 73 46 60 -11 5 0 0.00 0.0 0 3.3 6 30 M M 1 M M
5 73 50 62 -9 3 0 0.00 0.0 0 4.7 12 240 M M 4 16 99
6 79 61 70 -1 0 5 0.00 0.0 0 9.5 17 150 M M 6 8 25 150
7 82 63 73 2 0 8 0.00 0.0 0 12.0 22 180 M M 5 24 140
8 86 70 78 7 0 13 0.00 0.0 0 9.9 15 190 M M 7 23 180
9 84 70 77 6 0 12 0.11 0.0 0 9.5 20 80 M M 2 27 80
10 77 57 67 -4 0 2 0.33 0.0 0 7.7 16 320 M M 2 1 24 320
11 79 52 66 -5 0 1 0.00 0.0 0 2.7 8 140 M M 0 1 M M
12 81 57 69 -2 0 4 0.00 0.0 0 8.6 15 160 M M 2 20 150
13 84 66 75 4 0 10 0.00 0.0 0 8.9 13 180 M M 4 15 180
14 82 68 75 4 0 10 0.02 0.0 0 9.2 15 340 M M 4 21 160
15 75 57 66 -4 0 1 0.01 0.0 0 8.4 15 330 M M 0 22 340
16 82 57 70 0 0 5 0.02 0.0 0 5.6 10 290 M M 2 16 340
17 77 57 67 -3 0 2 0.00 0.0 0 8.5 18 320 M M 3 2 23 330
18 75 52 64 -6 1 0 0.00 0.0 0 3.8 7 30 M M 0 1 13 10
19 79 54 67 -3 0 2 0.00 0.0 0 6.8 12 200 M M 0 16 220
20 81 57 69 -1 0 4 0.00 0.0 0 9.6 14 200 M M 0 21 220
21 81 61 71 1 0 6 0.00 0.0 0 8.7 14 170 M M 2 17 200
22 77 64 71 1 0 6 0.17 0.0 0 7.4 16 20 M M 4 1 20 210
23 90 61 76 7 0 11 0.00 0.0 0 3.2 9 290 M M 3 12 M M
24 88 66 77 8 0 12 0.00 0.0 0 5.8 10 180 M M 1 12 14 190
25 90 66 78 9 0 13 0.00 0.0 0 6.9 12 200 M M 0 18 210
26 90 66 78 9 0 13 0.00 0.0 0 9.8 18 230 M M 0 28 230
27 91 68 80 11 0 15 0.00 0.0 0 8.1 13 220 M M 2 17 230
28 86 68 77 9 0 12 0.11 0.0 0 10.4 17 320 M M 1 24 280
29 75 54 65 -3 0 0 0.00 0.0 0 9.0 15 320 M M 0 21 320
30 75 50 63 -5 2 0 0.00 0.0 0 7.9 14 160 M M 1 22 160
31 73 50 62 -6 3 0 M 0.0 0 9.6 18 360 M M 3 1 27 330
================================================================================
SM 2488 1832 19 171 0.77 0.0 239.6 M 70
================================================================================
AV 80.3 59.1 7.7 FASTST M M 2 MAX(MPH)
MISC ----> # 22 350 # 28 350
================================================================================
NOTES:
# LAST OF SEVERAL OCCURRENCES
COLUMN 17 PEAK WIND IN M.P.H.
PRELIMINARY LOCAL CLIMATOLOGICAL DATA (WS FORM: F-6) , PAGE 2
STATION: CHARLES_CITY IA
MONTH: AUGUST
YEAR: 2020
LATITUDE: 43 4 N
LONGITUDE: 92 37 W
[TEMPERATURE DATA] [PRECIPITATION DATA] SYMBOLS USED IN COLUMN 16
AVERAGE MONTHLY: 69.7 TOTAL FOR MONTH: 0.77 1 = FOG OR MIST
DPTR FM NORMAL: -0.4 DPTR FM NORMAL: -3.38 2 = FOG REDUCING VISIBILITY
HIGHEST: 91 ON 27 GRTST 24HR 0.33 ON 10-10 TO 1/4 MILE OR LESS
LOWEST: 46 ON 4 3 = THUNDER
SNOW, ICE PELLETS, HAIL 4 = ICE PELLETS
TOTAL MONTH: 0.0 INCH 5 = HAIL
GRTST 24HR 0.0 6 = FREEZING RAIN OR DRIZZLE
GRTST DEPTH: 0 7 = DUSTSTORM OR SANDSTORM:
VSBY 1/2 MILE OR LESS
8 = SMOKE OR HAZE
[NO. OF DAYS WITH] [WEATHER - DAYS WITH] 9 = BLOWING SNOW
X = TORNADO
MAX 32 OR BELOW: 0 0.01 INCH OR MORE: 7
MAX 90 OR ABOVE: 4 0.10 INCH OR MORE: 4
MIN 32 OR BELOW: 0 0.50 INCH OR MORE: 0
MIN 0 OR BELOW: 0 1.00 INCH OR MORE: 0
[HDD (BASE 65) ]
TOTAL THIS MO. 19 CLEAR (SCALE 0-3) 22
DPTR FM NORMAL -1 PTCLDY (SCALE 4-7) 9
TOTAL FM JUL 1 20 CLOUDY (SCALE 8-10) 0
DPTR FM NORMAL -8
[CDD (BASE 65) ]
TOTAL THIS MO. 171
DPTR FM NORMAL -7 [PRESSURE DATA]
TOTAL FM JAN 1 683 HIGHEST SLP M ON M
DPTR FM NORMAL 85 LOWEST SLP M ON M
[REMARKS]
#FINAL-08-20#