000
CXUS56 KSLC 011227
CF6CDC
PRELIMINARY LOCAL CLIMATOLOGICAL DATA (WS FORM: F-6)
STATION: CEDAR CITY UT
MONTH: MAY
YEAR: 2020
LATITUDE: 37 42 N
LONGITUDE: 113 6 W
TEMPERATURE IN F: :PCPN: SNOW: WIND :SUNSHINE: SKY :PK WND
================================================================================
1 2 3 4 5 6A 6B 7 8 9 10 11 12 13 14 15 16 17 18
12Z AVG MX 2MIN
DY MAX MIN AVG DEP HDD CDD WTR SNW DPTH SPD SPD DIR MIN PSBL S-S WX SPD DR
================================================================================
1 80 46 63 12 2 0 0.00 0.0 0 11.1 29 210 M M 0 35 200
2 77 44 61 9 4 0 0.00 0.0 0 7.5 22 210 M M 0 29 220
3 76 44 60 8 5 0 0.00 0.0 0 11.0 26 210 M M 1 33 220
4 70 40 55 3 10 0 0.00 0.0 0 7.8 22 50 M M 0 29 50
5 77 35 56 4 9 0 0.00 0.0 0 4.0 12 310 M M 0 8 13 280
6 83 41 62 9 3 0 0.00 0.0 0 8.3 20 230 M M 0 28 200
7 70 36 53 0 12 0 0.00 0.0 0 8.4 17 350 M M 0 25 340
8 77 34 56 3 9 0 0.00 0.0 0 4.1 18 280 M M 0 25 270
9 80 39 60 6 5 0 0.00 0.0 0 3.4 12 290 M M 0 8 16 290
10 84 42 63 9 2 0 T M 0 9.5 31 200 M M 1 38 38 210
11 79 55 67 13 0 2 0.00 0.0 0 17.9 33 200 M M 1 8 42 210
12 74 49 62 7 3 0 0.00 0.0 0 18.9 39 210 M M 0 48 220
13 72 42 57 2 8 0 0.00 0.0 0 11.4 23 220 M M 0 30 200
14 74 45 60 5 5 0 0.00 0.0 0 8.7 21 220 M M 0 30 220
15 75 41 58 2 7 0 0.00 0.0 0 5.5 15 300 M M 1 20 290
16 78 42 60 4 5 0 0.00 0.0 0 5.6 15 220 M M 0 18 220
17 80 54 67 11 0 2 0.00 0.0 0 15.3 31 220 M M 0 40 200
18 79 60 70 14 0 5 0.00 0.0 0 21.9 36 190 M M 1 45 210
19 65 38 52 -5 13 0 T M 0 17.9 35 230 M M 2 44 210
20 59 32 46 -11 19 0 0.20 M 0 9.5 25 280 M M 4 3 31 280
21 71 32 52 -5 13 0 0.00 0.0 0 6.4 18 220 M M 0 24 220
22 74 42 58 0 7 0 0.00 0.0 0 16.8 37 200 M M 1 8 51 210
23 62 34 48 -10 17 0 0.00 0.0 0 9.6 17 30 M M 4 23 10
24 66 29 48 -10 17 0 0.00 0.0 0 8.5 21 350 M M 0 28 340
25 73 34 54 -4 11 0 0.00 0.0 0 6.9 16 10 M M 0 23 330
26 85 37 61 2 4 0 0.00 0.0 0 4.6 13 330 M M 0 17 340
27 89 51 70 11 0 5 0.00 0.0 0 7.0 15 340 M M 0 8 20 350
28 91 51 71 12 0 6 0.00 0.0 0 4.4 15 210 M M 0 8 18 210
29 93 53 73 13 0 8 0.00 0.0 0 8.4 24 220 M M 0 34 210
30 90 59 75 15 0 10 0.15 0.0 0 14.8 43 200 M M 1 3 54 200
31 87 57 72 12 0 7 0.00 0.0 0 11.7 32 190 M M 0 41 190
================================================================================
SM 2390 1338 190 45 0.35 0.0 306.8 M 17
================================================================================
AV 77.1 43.2 9.9 FASTST M M 1 MAX(MPH)
MISC ----> # 43 200 # 54 200
================================================================================
NOTES:
# LAST OF SEVERAL OCCURRENCES
COLUMN 17 PEAK WIND IN M.P.H.
PRELIMINARY LOCAL CLIMATOLOGICAL DATA (WS FORM: F-6) , PAGE 2
STATION: CEDAR CITY UT
MONTH: MAY
YEAR: 2020
LATITUDE: 37 42 N
LONGITUDE: 113 6 W
[TEMPERATURE DATA] [PRECIPITATION DATA] SYMBOLS USED IN COLUMN 16
AVERAGE MONTHLY: 60.1 TOTAL FOR MONTH: 0.35 1 = FOG OR MIST
DPTR FM NORMAL: 4.3 DPTR FM NORMAL: -0.42 2 = FOG REDUCING VISIBILITY
HIGHEST: 93 ON 29 GRTST 24HR 0.20 ON 20-20 TO 1/4 MILE OR LESS
LOWEST: 29 ON 24 3 = THUNDER
SNOW, ICE PELLETS, HAIL 4 = ICE PELLETS
TOTAL MONTH: 0.0 INCH 5 = HAIL
GRTST 24HR 0.0 6 = FREEZING RAIN OR DRIZZLE
GRTST DEPTH: 0 7 = DUSTSTORM OR SANDSTORM:
VSBY 1/2 MILE OR LESS
8 = SMOKE OR HAZE
[NO. OF DAYS WITH] [WEATHER - DAYS WITH] 9 = BLOWING SNOW
X = TORNADO
MAX 32 OR BELOW: 0 0.01 INCH OR MORE: 2
MAX 90 OR ABOVE: 3 0.10 INCH OR MORE: 2
MIN 32 OR BELOW: 3 0.50 INCH OR MORE: 0
MIN 0 OR BELOW: 0 1.00 INCH OR MORE: 0
[HDD (BASE 65) ]
TOTAL THIS MO. 190 CLEAR (SCALE 0-3) 29
DPTR FM NORMAL -103 PTCLDY (SCALE 4-7) 2
TOTAL FM JUL 1 5749 CLOUDY (SCALE 8-10) 0
DPTR FM NORMAL -430
[CDD (BASE 65) ]
TOTAL THIS MO. 45
DPTR FM NORMAL 37 [PRESSURE DATA]
TOTAL FM JAN 1 49 HIGHEST SLP 30.17 ON 5
DPTR FM NORMAL 41 LOWEST SLP 29.57 ON 22
[REMARKS]
#FINAL-05-20#