000
CXUS53 KEAX 010836
CF6CDJ
PRELIMINARY LOCAL CLIMATOLOGICAL DATA (WS FORM: F-6)
STATION: CHILLICOTHE
MONTH: FEBRUARY
YEAR: 2023
LATITUDE: 39 49 N
LONGITUDE: 93 35 W
TEMPERATURE IN F: :PCPN: SNOW: WIND :SUNSHINE: SKY :PK WND
================================================================================
1 2 3 4 5 6A 6B 7 8 9 10 11 12 13 14 15 16 17 18
12Z AVG MX 2MIN
DY MAX MIN AVG DEP HDD CDD WTR SNW DPTH SPD SPD DIR MIN PSBL S-S WX SPD DR
================================================================================
1 39 8 24 -4 41 0 0.00 M M 5.8 15 200 M M 0 20 210
2 50 11 31 2 34 0 0.00 M M 6.0 15 350 M M 0 26 10
3 29 5 17 -12 48 0 0.00 M M 5.7 12 140 M M 0 19 120
4 56 22 39 10 26 0 0.00 M M 9.0 24 200 M M 0 35 210
5 62 28 45 16 20 0 0.00 M M 3.8 13 290 M M 0 19 240
6 69 30 50 20 15 0 0.00 M M 10.9 24 170 M M 0 44 160
7 54 23 39 9 26 0 0.00 M M 4.2 13 310 M M 0 20 310
8 46 21 34 4 31 0 0.16 M M 4.5 13 40 M M 0 17 20
9 42 33 38 8 27 0 1.47 M M 9.3 16 330 M M 0 31 320
10 40 21 31 0 34 0 0.00 M M 4.6 13 330 M M 0 23 350
11 48 18 33 2 32 0 0.00 M M 2.6 9 210 M M 0 14 210
12 M M M M M M 0.00 M M 3.5 4 200 M M 0 M M
13 M M M M M M 0.00 M M M M M M M M M M
14 53 43 48 16 17 0 0.22 M M 9.5 23 190 M M 0 38 180
15 47 32 40 8 25 0 0.00 M M 8.1 16 40 M M 0 31 270
16 32 20 26 -6 39 0 0.07 M M 7.3 16 30 M M 0 27 330
17 41 12 27 -6 38 0 0.00 M M 4.6 13 190 M M 0 19 200
18 54 31 43 10 22 0 0.00 M M 11.2 22 190 M M 0 32 180
19 58 32 45 11 20 0 0.00 M M 5.3 14 200 M M 0 22 190
20 60 27 44 10 21 0 0.00 M M 4.6 15 270 M M 0 24 270
21 52 28 40 6 25 0 0.00 M M 6.0 16 120 M M 0 25 120
22 63 36 50 15 15 0 0.32 M M 6.8 16 200 M M 0 1 30 280
23 36 18 27 -8 38 0 0.00 M M 9.4 16 300 M M 0 28 270
24 33 13 23 -12 42 0 0.07 M M 6.3 15 30 M M 0 6 24 30
25 45 21 33 -3 32 0 0.00 M M 2.7 13 180 M M 0 17 180
26 55 27 41 5 24 0 0.03 M M 6.4 14 120 M M 0 3 23 130
27 60 40 50 13 15 0 0.31 M M 11.5 25 200 M M 0 3 40 150
28 56 29 43 6 22 0 0.00 M M 4.8 15 110 M M 0 24 120
================================================================================
SM 1280 629 729 0 2.65 M 174.4 M 0
================================================================================
AV 49.2 24.2 6.5 FASTST M M 0 MAX(MPH)
MISC ----> 25 200 44 160
================================================================================
NOTES:
# LAST OF SEVERAL OCCURRENCES
COLUMN 17 PEAK WIND IN M.P.H.
PRELIMINARY LOCAL CLIMATOLOGICAL DATA (WS FORM: F-6) , PAGE 2
STATION: CHILLICOTHE
MONTH: FEBRUARY
YEAR: 2023
LATITUDE: 39 49 N
LONGITUDE: 93 35 W
[TEMPERATURE DATA] [PRECIPITATION DATA] SYMBOLS USED IN COLUMN 16
AVERAGE MONTHLY: 36.7 TOTAL FOR MONTH: 2.65 1 = FOG OR MIST
DPTR FM NORMAL: 4.5 DPTR FM NORMAL: 1.05 2 = FOG REDUCING VISIBILITY
HIGHEST: 69 ON 6 GRTST 24HR 1.63 ON 8- 9 TO 1/4 MILE OR LESS
LOWEST: 5 ON 3 3 = THUNDER
SNOW, ICE PELLETS, HAIL 4 = ICE PELLETS
TOTAL MONTH: M 5 = HAIL
GRTST 24HR M ON M 6 = FREEZING RAIN OR DRIZZLE
GRTST DEPTH: M ON M 7 = DUSTSTORM OR SANDSTORM:
VSBY 1/2 MILE OR LESS
8 = SMOKE OR HAZE
[NO. OF DAYS WITH] [WEATHER - DAYS WITH] 9 = BLOWING SNOW
X = TORNADO
MAX 32 OR BELOW: 2 0.01 INCH OR MORE: 8
MAX 90 OR ABOVE: 0 0.10 INCH OR MORE: 5
MIN 32 OR BELOW: 22 0.50 INCH OR MORE: 1
MIN 0 OR BELOW: 0 1.00 INCH OR MORE: 1
[HDD (BASE 65) ]
TOTAL THIS MO. 729 CLEAR (SCALE 0-3) 27
DPTR FM NORMAL -188 PTCLDY (SCALE 4-7) 0
TOTAL FM JUL 1 3634 CLOUDY (SCALE 8-10) 1
DPTR FM NORMAL -525
[CDD (BASE 65) ]
TOTAL THIS MO. 0
DPTR FM NORMAL 0 [PRESSURE DATA]
TOTAL FM JAN 1 0 HIGHEST SLP 30.76 ON 3
DPTR FM NORMAL 0 LOWEST SLP 29.00 ON 27
[REMARKS]
#FINAL-02-23#