000
CXUS53 KEAX 010836
CF6CDJ
PRELIMINARY LOCAL CLIMATOLOGICAL DATA (WS FORM: F-6)
STATION: CHILLICOTHE
MONTH: DECEMBER
YEAR: 2022
LATITUDE: 39 49 N
LONGITUDE: 93 35 W
TEMPERATURE IN F: :PCPN: SNOW: WIND :SUNSHINE: SKY :PK WND
================================================================================
1 2 3 4 5 6A 6B 7 8 9 10 11 12 13 14 15 16 17 18
12Z AVG MX 2MIN
DY MAX MIN AVG DEP HDD CDD WTR SNW DPTH SPD SPD DIR MIN PSBL S-S WX SPD DR
================================================================================
1 47 17 32 -5 33 0 0.00 M M 6.7 17 170 M M 0 31 150
2 59 29 44 8 21 0 0.00 M M 14.2 29 200 M M 0 43 210
3 34 18 26 -10 39 0 0.00 M M 5.8 18 320 M M 0 31 300
4 46 19 33 -3 32 0 0.00 M M 3.2 12 200 M M 0 15 200
5 51 24 38 3 27 0 0.00 M M 2.2 8 350 M M 0 14 10
6 47 28 38 3 27 0 0.00 M M 2.7 9 30 M M 0 16 10
7 50 23 37 2 28 0 0.00 M M 0.4 5 350 M M 0 10 20
8 50 37 44 10 21 0 0.09 M M 6.7 16 130 M M 0 24 110
9 47 36 42 8 23 0 0.00 M M 4.1 15 290 M M 0 25 240
10 43 35 39 5 26 0 0.00 M M 3.7 9 310 M M 0 15 310
11 42 28 35 2 30 0 0.00 M M 3.3 8 120 M M 0 12 130
12 42 32 37 4 28 0 0.00 M M 9.5 17 120 M M 0 30 100
13 51 38 45 12 20 0 1.50 M M 9.5 21 120 M M 0 13 35 110
14 42 31 37 5 28 0 0.00 M M 5.7 14 200 M M 0 21 280
15 36 29 33 1 32 0 0.00 M M 8.4 17 280 M M 0 31 280
16 31 22 27 -5 38 0 0.00 M M 9.3 17 280 M M 0 33 250
17 28 18 23 -9 42 0 0.00 M M 8.2 20 310 M M 0 33 320
18 32 12 22 -9 43 0 0.00 M M 2.9 10 310 M M 0 17 300
19 39 22 31 0 34 0 0.01 M M 4.4 7 120 M M 0 M M
20 36 20 28 -3 37 0 0.00 M M 5.8 12 340 M M 0 20 330
21 32 19 26 -5 39 0 0.00 M M 5.9 14 140 M M 0 22 160
22 31 -6 13 -17 52 0 0.11 M M 12.2 22 320 M M 0 9 39 340
23 7 -5 1 -29 64 0 0.00 M M 12.2 22 300 M M 0 36 300
24 22 4 13 -17 52 0 0.00 M M 9.5 17 300 M M 0 30 320
25 23 4 14 -16 51 0 0.00 M M 6.3 14 190 M M 0 20 180
26 31 5 18 -12 47 0 0.00 M M 6.8 20 320 M M 0 34 310
27 35 4 20 -9 45 0 0.00 M M 7.9 18 180 M M 0 27 190
28 54 35 45 16 20 0 0.00 M M 10.8 24 190 M M 0 35 180
29 68 40 54 25 11 0 0.00 M M 11.2 26 200 M M 0 39 210
30 46 25 36 7 29 0 0.00 M M 2.2 12 310 M M 0 20 300
31 55 24 40 12 25 0 0.00 M M 3.7 9 160 M M 0 15 110
================================================================================
SM 1257 667 1044 0 1.71 M 205.4 M 0
================================================================================
AV 40.5 21.5 6.6 FASTST M M 0 MAX(MPH)
MISC ----> 29 200 43 210
================================================================================
NOTES:
# LAST OF SEVERAL OCCURRENCES
COLUMN 17 PEAK WIND IN M.P.H.
PRELIMINARY LOCAL CLIMATOLOGICAL DATA (WS FORM: F-6) , PAGE 2
STATION: CHILLICOTHE
MONTH: DECEMBER
YEAR: 2022
LATITUDE: 39 49 N
LONGITUDE: 93 35 W
[TEMPERATURE DATA] [PRECIPITATION DATA] SYMBOLS USED IN COLUMN 16
AVERAGE MONTHLY: 31.0 TOTAL FOR MONTH: 1.71 1 = FOG OR MIST
DPTR FM NORMAL: -1.1 DPTR FM NORMAL: 0.01 2 = FOG REDUCING VISIBILITY
HIGHEST: 68 ON 29 GRTST 24HR 1.50 ON 13-13 TO 1/4 MILE OR LESS
LOWEST: -6 ON 22 3 = THUNDER
SNOW, ICE PELLETS, HAIL 4 = ICE PELLETS
TOTAL MONTH: M 5 = HAIL
GRTST 24HR M ON M 6 = FREEZING RAIN OR DRIZZLE
GRTST DEPTH: M ON M 7 = DUSTSTORM OR SANDSTORM:
VSBY 1/2 MILE OR LESS
8 = SMOKE OR HAZE
[NO. OF DAYS WITH] [WEATHER - DAYS WITH] 9 = BLOWING SNOW
X = TORNADO
MAX 32 OR BELOW: 9 0.01 INCH OR MORE: 4
MAX 90 OR ABOVE: 0 0.10 INCH OR MORE: 2
MIN 32 OR BELOW: 25 0.50 INCH OR MORE: 1
MIN 0 OR BELOW: 2 1.00 INCH OR MORE: 1
[HDD (BASE 65) ]
TOTAL THIS MO. 1044 CLEAR (SCALE 0-3) 31
DPTR FM NORMAL 26 PTCLDY (SCALE 4-7) 0
TOTAL FM JUL 1 2069 CLOUDY (SCALE 8-10) 0
DPTR FM NORMAL -9
[CDD (BASE 65) ]
TOTAL THIS MO. 0
DPTR FM NORMAL 0 [PRESSURE DATA]
TOTAL FM JAN 1 1533 HIGHEST SLP 30.65 ON 3
DPTR FM NORMAL 281 LOWEST SLP 29.54 ON 28
[REMARKS]
#FINAL-12-22#