000
CXUS53 KEAX 010736
CF6CDJ
PRELIMINARY LOCAL CLIMATOLOGICAL DATA (WS FORM: F-6)
STATION: CHILLICOTHE
MONTH: JULY
YEAR: 2022
LATITUDE: 39 49 N
LONGITUDE: 93 35 W
TEMPERATURE IN F: :PCPN: SNOW: WIND :SUNSHINE: SKY :PK WND
================================================================================
1 2 3 4 5 6A 6B 7 8 9 10 11 12 13 14 15 16 17 18
12Z AVG MX 2MIN
DY MAX MIN AVG DEP HDD CDD WTR SNW DPTH SPD SPD DIR MIN PSBL S-S WX SPD DR
================================================================================
1 87 68 78 1 0 13 0.01 M M 5.1 14 40 M M 0 3 20 20
2 79 64 72 -5 0 7 T M M 2.8 10 120 M M 0 17 120
3 89 69 79 2 0 14 0.00 M M 3.7 10 170 M M 0 15 110
4 96 76 86 9 0 21 0.00 M M 8.1 17 190 M M 0 27 180
5 97 75 86 9 0 21 0.14 M M 6.6 17 350 M M 0 34 350
6 87 74 81 4 0 16 0.62 M M 2.9 13 40 M M 0 17 120
7 87 72 80 3 0 15 1.18 M M 3.9 12 310 M M 0 3 19 280
8 90 72 81 4 0 16 0.47 M M 3.5 12 360 M M 0 3 23 360
9 88 71 80 3 0 15 0.00 M M 5.0 14 40 M M 0 21 40
10 88 69 79 1 0 14 0.00 M M 4.1 13 180 M M 0 22 200
11 92 70 81 3 0 16 0.00 M M 4.0 12 360 M M 0 23 10
12 87 63 75 -3 0 10 0.00 M M 2.3 10 310 M M 0 17 40
13 90 63 77 -1 0 12 0.00 M M 0.7 7 180 M M 0 11 320
14 94 67 81 3 0 16 0.00 M M 3.2 10 150 M M 0 16 170
15 98 72 85 7 0 20 0.12 M M 5.8 17 200 M M 0 3 26 200
16 83 75 79 1 0 14 0.28 M M 2.7 9 40 M M 0 3 15 30
17 87 72 80 2 0 15 1.56 M M 2.5 10 40 M M 0 3 16 310
18 90 69 80 2 0 15 0.00 M M 0.7 7 180 M M 0 10 190
19 93 69 81 3 0 16 0.00 M M 4.2 14 200 M M 0 19 190
20 90 70 80 2 0 15 0.00 M M 3.1 12 310 M M 0 22 300
21 93 65 79 1 0 14 0.00 M M 1.2 10 200 M M 0 16 220
22 95 70 83 5 0 18 0.00 M M 4.4 13 200 M M 0 19 170
23 97 77 87 9 0 22 0.00 M M 6.6 16 180 M M 0 27 190
24 87 69 78 0 0 13 0.00 M M 3.3 10 350 M M 0 20 200
25 75 66 71 -7 0 6 0.13 M M 2.0 8 60 M M 0 13 70
26 76 65 71 -7 0 6 1.41 M M 2.0 10 80 M M 0 18 60
27 89 69 79 1 0 14 0.02 M M 2.2 14 180 M M 0 20 180
28 85 66 76 -2 0 11 0.00 M M 2.2 10 20 M M 0 16 360
29 83 59 71 -7 0 6 0.00 M M 0.6 7 300 M M 0 10 300
30 82 60 71 -7 0 6 0.00 M M 3.2 10 130 M M 0 16 130
31 86 69 78 0 0 13 0.02 M M 3.5 12 200 M M 0 15 200
================================================================================
SM 2740 2135 0 430 5.96 M 106.1 M 0
================================================================================
AV 88.4 68.9 3.4 FASTST M M 0 MAX(MPH)
MISC ----> # 17 190 34 350
================================================================================
NOTES:
# LAST OF SEVERAL OCCURRENCES
COLUMN 17 PEAK WIND IN M.P.H.
PRELIMINARY LOCAL CLIMATOLOGICAL DATA (WS FORM: F-6) , PAGE 2
STATION: CHILLICOTHE
MONTH: JULY
YEAR: 2022
LATITUDE: 39 49 N
LONGITUDE: 93 35 W
[TEMPERATURE DATA] [PRECIPITATION DATA] SYMBOLS USED IN COLUMN 16
AVERAGE MONTHLY: 78.6 TOTAL FOR MONTH: 5.96 1 = FOG OR MIST
DPTR FM NORMAL: 1.1 DPTR FM NORMAL: 1.86 2 = FOG REDUCING VISIBILITY
HIGHEST: 98 ON 15 GRTST 24HR 1.84 ON 16-17 TO 1/4 MILE OR LESS
LOWEST: 59 ON 29 3 = THUNDER
SNOW, ICE PELLETS, HAIL 4 = ICE PELLETS
TOTAL MONTH: M 5 = HAIL
GRTST 24HR M ON M 6 = FREEZING RAIN OR DRIZZLE
GRTST DEPTH: M ON M 7 = DUSTSTORM OR SANDSTORM:
VSBY 1/2 MILE OR LESS
8 = SMOKE OR HAZE
[NO. OF DAYS WITH] [WEATHER - DAYS WITH] 9 = BLOWING SNOW
X = TORNADO
MAX 32 OR BELOW: 0 0.01 INCH OR MORE: 12
MAX 90 OR ABOVE: 13 0.10 INCH OR MORE: 9
MIN 32 OR BELOW: 0 0.50 INCH OR MORE: 4
MIN 0 OR BELOW: 0 1.00 INCH OR MORE: 3
[HDD (BASE 65) ]
TOTAL THIS MO. 0 CLEAR (SCALE 0-3) 31
DPTR FM NORMAL -1 PTCLDY (SCALE 4-7) 0
TOTAL FM JUL 1 0 CLOUDY (SCALE 8-10) 0
DPTR FM NORMAL 0
[CDD (BASE 65) ]
TOTAL THIS MO. 430
DPTR FM NORMAL 40 [PRESSURE DATA]
TOTAL FM JAN 1 946 HIGHEST SLP M ON M
DPTR FM NORMAL 186 LOWEST SLP 29.67 ON 19
[REMARKS]
#FINAL-07-22#