000
CXUS55 KCYS 022216 CCA
CF6CDR
PRELIMINARY LOCAL CLIMATOLOGICAL DATA (WS FORM: F-6)...CORRECTED
STATION: CHADRON NEBRASKA AIRPORT
MONTH: FEBRUARY
YEAR: 2023
LATITUDE: 42 50 N
LONGITUDE: 103 6 W
TEMPERATURE IN F: :PCPN: SNOW: WIND :SUNSHINE: SKY :PK WND
================================================================================
1 2 3 4 5 6A 6B 7 8 9 10 11 12 13 14 15 16 17 18
12Z AVG MX 2MIN
DY MAX MIN AVG DEP HDD CDD WTR SNW DPTH SPD SPD DIR MIN PSBL S-S WX SPD DR
================================================================================
1 31 0 16 -10 49 0 0.00 M M 7.3 15 250 M M 0 20 250
2 41 11 26 0 39 0 0.00 M M 4.6 13 170 M M 1 19 300
3 44 8 26 0 39 0 0.00 M M 5.2 14 230 M M 0 16 220
4 43 20 32 6 33 0 0.00 M M 10.4 21 280 M M 0 28 290
5 44 17 31 5 34 0 0.00 M M 10.6 33 180 M M 0 45 180
6 40 29 35 9 30 0 0.00 M M 17.1 28 300 M M 4 39 300
7 44 22 33 7 32 0 0.00 M M 8.9 16 240 M M 0 22 270
8 47 23 35 9 30 0 0.16 M M 8.9 20 330 M M 4 1 27 320
9 34 16 25 -1 40 0 0.01 M M 12.7 29 10 M M 6 8 41 10
10 43 14 29 2 36 0 0.00 M M 10.1 18 240 M M 0 23 220
11 52 23 38 11 27 0 0.00 M M 5.9 13 240 M M 0 15 220
12 49 26 38 11 27 0 0.00 M M 8.1 16 270 M M 0 23 280
13 55 24 40 13 25 0 0.00 M M 9.0 20 240 M M 0 25 250
14 44 20 32 5 33 0 T M M 14.1 30 360 M M 6 1 40 300
15 22 15 19 -9 46 0 T M M 8.7 22 30 M M 7 28 20
16 37 12 25 -3 40 0 0.00 M M 10.5 18 300 M M 0 27 300
17 51 17 34 6 31 0 0.00 M M 9.0 23 290 M M 0 30 290
18 48 22 35 7 30 0 0.00 M M 5.4 16 310 M M 0 21 330
19 45 26 36 8 29 0 0.02 M M 7.9 25 260 M M 6 1 33 260
20 47 28 38 9 27 0 T M M 9.1 23 10 M M 5 1 31 10
21 55 5 30 1 35 0 0.08 M M 17.5 35 30 M M 5 1289 47 20
22 5 -7 -1 -30 66 0 0.28 M M 19.5 26 20 M M 10 18 37 30
23 0 -19 -9 -39 74 0 T M M 3.6 14 10 M M 4 18 17 20
24 18 -5 7 -23 58 0 T M M 8.7 20 190 M M 5 8 24 190
25 42 -4 19 -11 46 0 0.00 M M 5.2 14 220 M M 0 16 240
26 46 14 30 -1 35 0 0.00 M M 4.9 25 290 M M 1 34 300
27 47 27 37 6 28 0 0.00 M M 10.6 28 290 M M 3 39 310
28 50 28 39 7 26 0 0.00 M M 17.5 37 290 M M 2 1 56 280
================================================================================
SM 1124 412 1045 0 0.55 M 271.0 M 69
================================================================================
AV 40.1 14.7 9.7 FASTST M M 2 MAX(MPH)
MISC ----> 37 290 56 280
================================================================================
NOTES:
# LAST OF SEVERAL OCCURRENCES
COLUMN 17 PEAK WIND IN M.P.H.
PRELIMINARY LOCAL CLIMATOLOGICAL DATA (WS FORM: F-6) , PAGE 2
STATION: CHADRON NEBRASKA AIRPORT
MONTH: FEBRUARY
YEAR: 2023
LATITUDE: 42 50 N
LONGITUDE: 103 6 W
[TEMPERATURE DATA] [PRECIPITATION DATA] SYMBOLS USED IN COLUMN 16
AVERAGE MONTHLY: 27.4 TOTAL FOR MONTH: 0.55 1 = FOG OR MIST
DPTR FM NORMAL: -0.5 DPTR FM NORMAL: 0.26 2 = FOG REDUCING VISIBILITY
HIGHEST: 55 ON 21,13 GRTST 24HR 0.28 ON 22-22 TO 1/4 MILE OR LESS
LOWEST: -19 ON 23 3 = THUNDER
SNOW, ICE PELLETS, HAIL 4 = ICE PELLETS
TOTAL MONTH: M 5 = HAIL
GRTST 24HR M ON M 6 = FREEZING RAIN OR DRIZZLE
GRTST DEPTH: M ON M 7 = DUSTSTORM OR SANDSTORM:
VSBY 1/2 MILE OR LESS
8 = SMOKE OR HAZE
[NO. OF DAYS WITH] [WEATHER - DAYS WITH] 9 = BLOWING SNOW
X = TORNADO
MAX 32 OR BELOW: 5 0.01 INCH OR MORE: 5
MAX 90 OR ABOVE: 0 0.10 INCH OR MORE: 2
MIN 32 OR BELOW: 28 0.50 INCH OR MORE: 0
MIN 0 OR BELOW: 5 1.00 INCH OR MORE: 0
[HDD (BASE 65) ]
TOTAL THIS MO. 1045 CLEAR (SCALE 0-3) 17
DPTR FM NORMAL 6 PTCLDY (SCALE 4-7) 10
TOTAL FM JUL 1 5205 CLOUDY (SCALE 8-10) 1
DPTR FM NORMAL 144
[CDD (BASE 65) ]
TOTAL THIS MO. 0
DPTR FM NORMAL 0 [PRESSURE DATA]
TOTAL FM JAN 1 0 HIGHEST SLP 30.69 ON 23
DPTR FM NORMAL 0 LOWEST SLP 29.22 ON 14
[REMARKS]
#FINAL-02-23#
FEBRUARY 22...USED COOP BACKUP FOR PRECIPITATION
FEBRUARY 23...RECORD LOW TEMPERATURE -19F (PREVIOUS -13F IN 2022)
RECORD LOW MAXIMUM TEMPERATURE 0F (PREVIOUS 5F IN 2003)