000
CXUS55 KPAH 010700
CF6CGI
PRELIMINARY LOCAL CLIMATOLOGICAL DATA (WS FORM: F-6)
STATION: CAPE GIRARDEAU MO
MONTH: DECEMBER
YEAR: 2020
LATITUDE: 37 13 N
LONGITUDE: 89 35 W
TEMPERATURE IN F: :PCPN: SNOW: WIND :SUNSHINE: SKY :PK WND
================================================================================
1 2 3 4 5 6A 6B 7 8 9 10 11 12 13 14 15 16 17 18
12Z AVG MX 2MIN
DY MAX MIN AVG DEP HDD CDD WTR SNW DPTH SPD SPD DIR MIN PSBL S-S WX SPD DR
================================================================================
1 42 22 32 -8 33 0 0.00 M M 4.7 10 260 M M 0 15 240
2 50 21 36 -4 29 0 0.00 M M 2.4 8 200 M M 0 13 140
3 47 31 39 0 26 0 0.01 M M 4.1 12 350 M M 9 13 120
4 51 29 40 1 25 0 0.00 M M 4.0 15 250 M M 5 12 19 280
5 57 27 42 3 23 0 0.00 M M 1.1 7 100 M M 0 8 250
6 51 27 39 1 26 0 0.00 M M 5.7 18 10 M M 0 1 22 10
7 46 26 36 -2 29 0 0.00 M M 5.3 16 340 M M 6 18 22 350
8 51 23 37 -1 28 0 0.00 M M 3.4 9 160 M M 0 18 14 180
9 64 30 47 10 18 0 0.00 M M 3.9 12 240 M M 0 18 14 230
10 65 32 49 12 16 0 0.00 M M 5.3 13 200 M M 0 1 20 190
11 63 43 53 16 12 0 0.50 M M 8.9 24 200 M M 5 1 33 200
12 58 42 50 14 15 0 T M M 12.2 25 210 M M 8 37 200
13 43 37 40 4 25 0 0.18 M M 5.4 17 10 M M 8 1 22 10
14 42 27 35 -1 30 0 0.00 M M 11.0 24 360 M M 4 30 360
15 37 25 31 -5 34 0 0.00 M M 6.8 17 80 M M 5 28 70
16 37 24 31 -5 34 0 0.01 M M 6.7 16 330 M M 7 18 21 340
17 37 20 29 -6 36 0 0.00 M M 4.2 10 210 M M 0 18 15 240
18 46 26 36 1 29 0 0.00 M M 8.2 15 160 M M 0 18 23 160
19 43 36 40 5 25 0 0.04 M M 7.1 15 200 M M 10 1 21 190
20 48 36 42 7 23 0 0.00 M M 6.2 15 220 M M 8 12 23 190
21 63 35 49 15 16 0 0.00 M M 10.3 21 300 M M 4 1 28 310
22 54 30 42 8 23 0 0.00 M M 7.6 16 160 M M 0 23 160
23 57 36 47 13 18 0 0.43 M M 16.9 28 270 M M 7 1 42 170
24 35 17 26 -8 39 0 0.00 M M 11.7 22 320 M M 1 33 330
25 29 14 22 -12 43 0 0.00 M M 9.1 17 340 M M 0 24 330
26 48 19 34 0 31 0 0.00 M M 5.3 13 190 M M 0 16 180
27 56 33 45 11 20 0 0.00 M M 14.2 30 200 M M 3 40 210
28 47 26 37 3 28 0 0.00 M M 8.9 18 340 M M 1 23 350
29 44 27 36 3 29 0 0.00 M M 9.2 18 150 M M 6 25 140
30 52 35 44 11 21 0 1.24 M M 7.1 20 360 M M 10 1 26 360
31 36 31 34 1 31 0 0.03 M M 13.1 18 40 M M 6 1 26 50
================================================================================
SM 1499 887 815 0 2.44 M 230.0 M 113
================================================================================
AV 48.4 28.6 7.4 FASTST M M 4 MAX(MPH)
MISC ----> 30 200 42 170
================================================================================
NOTES:
# LAST OF SEVERAL OCCURRENCES
COLUMN 17 PEAK WIND IN M.P.H.
PRELIMINARY LOCAL CLIMATOLOGICAL DATA (WS FORM: F-6) , PAGE 2
STATION: CAPE GIRARDEAU MO
MONTH: DECEMBER
YEAR: 2020
LATITUDE: 37 13 N
LONGITUDE: 89 35 W
[TEMPERATURE DATA] [PRECIPITATION DATA] SYMBOLS USED IN COLUMN 16
AVERAGE MONTHLY: 38.5 TOTAL FOR MONTH: 2.44 1 = FOG OR MIST
DPTR FM NORMAL: 2.6 DPTR FM NORMAL: -1.81 2 = FOG REDUCING VISIBILITY
HIGHEST: 65 ON 10 GRTST 24HR 1.24 ON 30-30 TO 1/4 MILE OR LESS
LOWEST: 14 ON 25 3 = THUNDER
SNOW, ICE PELLETS, HAIL 4 = ICE PELLETS
TOTAL MONTH: M 5 = HAIL
GRTST 24HR M ON M 6 = FREEZING RAIN OR DRIZZLE
GRTST DEPTH: M ON M 7 = DUSTSTORM OR SANDSTORM:
VSBY 1/2 MILE OR LESS
8 = SMOKE OR HAZE
[NO. OF DAYS WITH] [WEATHER - DAYS WITH] 9 = BLOWING SNOW
X = TORNADO
MAX 32 OR BELOW: 1 0.01 INCH OR MORE: 8
MAX 90 OR ABOVE: 0 0.10 INCH OR MORE: 4
MIN 32 OR BELOW: 22 0.50 INCH OR MORE: 2
MIN 0 OR BELOW: 0 1.00 INCH OR MORE: 1
[HDD (BASE 65) ]
TOTAL THIS MO. 815 CLEAR (SCALE 0-3) 15
DPTR FM NORMAL -85 PTCLDY (SCALE 4-7) 11
TOTAL FM JUL 1 1593 CLOUDY (SCALE 8-10) 5
DPTR FM NORMAL -158
[CDD (BASE 65) ]
TOTAL THIS MO. 0
DPTR FM NORMAL 0 [PRESSURE DATA]
TOTAL FM JAN 1 1506 HIGHEST SLP M ON M
DPTR FM NORMAL 53 LOWEST SLP 29.65 ON 23
[REMARKS]
#FINAL-12-20#