000
CXUS51 KLWX 011217
CF6CHO
PRELIMINARY LOCAL CLIMATOLOGICAL DATA (WS FORM: F-6)
STATION: CHARLOTTESVILLE VA
MONTH: JUNE
YEAR: 2020
LATITUDE: 38 7 N
LONGITUDE: 78 27 W
TEMPERATURE IN F: :PCPN: SNOW: WIND :SUNSHINE: SKY :PK WND
================================================================================
1 2 3 4 5 6A 6B 7 8 9 10 11 12 13 14 15 16 17 18
12Z AVG MX 2MIN
DY MAX MIN AVG DEP HDD CDD WTR SNW DPTH SPD SPD DIR MIN PSBL S-S WX SPD DR
================================================================================
1 75 49 62 -6 3 0 0.00 M M 4.0 14 170 M M 0 19 180
2 86 52 69 1 0 4 T M M 5.7 16 180 M M 2 21 200
3 94 71 83 15 0 18 0.00 M M 6.8 17 210 M M 0 25 200
4 93 72 83 14 0 18 0.47 M M 3.9 35 200 M M 1 138 55 200
5 88 69 79 10 0 14 0.16 M M 4.5 14 190 M M 5 13 20 210
6 91 69 80 10 0 15 0.00 M M 2.0 10 210 M M 3 12 15 210
7 85 63 74 4 0 9 0.00 M M 3.8 14 30 M M 1 18 40
8 86 57 72 2 0 7 0.00 M M 3.2 13 40 M M 1 19 50
9 90 63 77 7 0 12 0.00 M M 5.1 14 190 M M 2 18 210
10 93 74 84 13 0 19 0.68 M M 10.7 23 170 M M 6 138 30 180
11 89 76 83 12 0 18 0.05 M M 6.4 17 190 M M 8 1 26 210
12 87 66 77 6 0 12 0.00 M M 4.1 10 20 M M 3 19 30
13 80 61 71 -1 0 6 0.01 M M 3.5 12 40 M M 3 1 15 40
14 75 62 69 -3 0 4 0.00 M M 6.6 13 40 M M 8 16 70
15 72 61 67 -5 0 2 T M M 4.7 16 60 M M 7 21 30
16 71 61 66 -6 0 1 0.21 M M 8.7 18 30 M M 8 1 28 60
17 71 60 66 -7 0 1 0.46 M M 11.7 20 30 M M 10 1 26 40
18 79 67 73 0 0 8 0.22 M M 5.5 10 150 M M 9 18 14 140
19 82 66 74 1 0 9 0.11 M M 3.5 15 170 M M 7 1 18 170
20 85 67 76 3 0 11 0.02 M M 3.2 14 30 M M 7 13 17 30
21 85 68 77 3 0 12 0.00 M M 2.3 8 100 M M 6 1 11 100
22 90 68 79 5 0 14 T M M 3.8 17 170 M M 3 13 20 160
23 90 67 79 5 0 14 0.02 M M 4.0 16 210 M M 5 123 22 200
24 87 69 78 4 0 13 0.00 M M 3.9 12 200 M M 3 15 210
25 87 65 76 2 0 11 0.00 M M 1.8 10 60 M M 2 13 360
26 90 62 76 2 0 11 0.00 M M 3.6 14 200 M M 1 18 200
27 92 71 82 7 0 17 0.00 M M 5.3 14 210 M M 2 20 210
28 90 74 82 7 0 17 0.03 M M 2.0 12 200 M M 4 16 200
29 92 72 82 7 0 17 0.00 M M 4.0 14 10 M M 4 20 340
30 92 67 80 5 0 15 T M M 3.5 10 60 M M 3 15 70
================================================================================
SM 2567 1969 3 329 2.44 M 141.8 M 124
================================================================================
AV 85.6 65.6 4.7 FASTST M M 4 MAX(MPH)
MISC ----> 35 200 55 200
================================================================================
NOTES:
# LAST OF SEVERAL OCCURRENCES
COLUMN 17 PEAK WIND IN M.P.H.
PRELIMINARY LOCAL CLIMATOLOGICAL DATA (WS FORM: F-6) , PAGE 2
STATION: CHARLOTTESVILLE VA
MONTH: JUNE
YEAR: 2020
LATITUDE: 38 7 N
LONGITUDE: 78 27 W
[TEMPERATURE DATA] [PRECIPITATION DATA] SYMBOLS USED IN COLUMN 16
AVERAGE MONTHLY: 75.6 TOTAL FOR MONTH: 2.44 1 = FOG OR MIST
DPTR FM NORMAL: 3.7 DPTR FM NORMAL: -1.29 2 = FOG REDUCING VISIBILITY
HIGHEST: 94 ON 3 GRTST 24HR 0.73 ON 10-11 TO 1/4 MILE OR LESS
LOWEST: 49 ON 1 3 = THUNDER
SNOW, ICE PELLETS, HAIL 4 = ICE PELLETS
TOTAL MONTH: M 5 = HAIL
GRTST 24HR M ON M 6 = FREEZING RAIN OR DRIZZLE
GRTST DEPTH: M ON M 7 = DUSTSTORM OR SANDSTORM:
VSBY 1/2 MILE OR LESS
8 = SMOKE OR HAZE
[NO. OF DAYS WITH] [WEATHER - DAYS WITH] 9 = BLOWING SNOW
X = TORNADO
MAX 32 OR BELOW: 0 0.01 INCH OR MORE: 12
MAX 90 OR ABOVE: 12 0.10 INCH OR MORE: 7
MIN 32 OR BELOW: 0 0.50 INCH OR MORE: 1
MIN 0 OR BELOW: 0 1.00 INCH OR MORE: 0
[HDD (BASE 65) ]
TOTAL THIS MO. 3 CLEAR (SCALE 0-3) 14
DPTR FM NORMAL -8 PTCLDY (SCALE 4-7) 12
TOTAL FM JUL 1 3369 CLOUDY (SCALE 8-10) 4
DPTR FM NORMAL -1072
[CDD (BASE 65) ]
TOTAL THIS MO. 329
DPTR FM NORMAL 110 [PRESSURE DATA]
TOTAL FM JAN 1 459 HIGHEST SLP 30.36 ON 15
DPTR FM NORMAL 154 LOWEST SLP 29.67 ON 23
[REMARKS]
#FINAL-06-20#