282
CXUS52 KCHS 012136
CF6CHS
PRELIMINARY LOCAL CLIMATOLOGICAL DATA (WS FORM: F-6)
STATION: NORTH CHARLESTON SC
MONTH: DECEMBER
YEAR: 2020
LATITUDE: 32 54 N
LONGITUDE: 80 2 W
TEMPERATURE IN F: :PCPN: SNOW: WIND :SUNSHINE: SKY :PK WND
================================================================================
1 2 3 4 5 6A 6B 7 8 9 10 11 12 13 14 15 16 17 18
12Z AVG MX 2MIN
DY MAX MIN AVG DEP HDD CDD WTR SNW DPTH SPD SPD DIR MIN PSBL S-S WX SPD DR
================================================================================
1 48 36 42 -12 23 0 0.00 0.0 0 11.4 21 280 M M 1 29 320
2 56 29 43 -11 22 0 0.00 0.0 0 5.5 12 330 M M 0 15 330
3 63 29 46 -8 19 0 0.00 0.0 0 3.5 8 10 M M 5 10 100
4 75 44 60 6 5 0 0.06 0.0 0 7.9 26 220 M M 7 1 34 220
5 64 40 52 -1 13 0 0.00 0.0 0 9.0 24 280 M M 2 32 280
6 64 38 51 -2 14 0 T 0.0 0 4.3 12 190 M M 4 16 210
7 62 41 52 -1 13 0 0.10 0.0 0 8.2 24 340 M M 8 1 30 340
8 51 33 42 -10 23 0 0.00 0.0 0 6.1 16 10 M M 2 20 350
9 57 30 44 -8 21 0 0.00 0.0 0 4.1 13 270 M M 3 16 240
10 65 40 53 1 12 0 0.00 0.0 0 4.9 13 110 M M 1 1 16 100
11 71 38 55 3 10 0 0.00 0.0 0 3.3 14 200 M M 3 1 17 190
12 73 48 61 9 4 0 T 0.0 0 4.8 15 200 M M 7 1 18 210
13 76 58 67 16 0 2 0.00 0.0 0 5.0 10 180 M M 8 1 13 250
14 73 47 60 9 5 0 0.01 0.0 0 13.5 30 220 M M 6 1 41 220
15 51 44 48 -3 17 0 T 0.0 0 12.7 20 40 M M 8 25 40
16 46 43 45 -6 20 0 0.18 0.0 0 8.9 20 350 M M 10 1 24 350
17 45 41 43 -7 22 0 T 0.0 0 8.4 15 330 M M 10 1 19 300
18 54 34 44 -6 21 0 0.00 0.0 0 6.5 15 20 M M 3 20 30
19 58 30 44 -6 21 0 0.00 0.0 0 5.8 13 60 M M 4 15 60
20 56 48 52 2 13 0 0.52 0.0 0 5.6 12 80 M M 9 1 14 80
21 62 48 55 5 10 0 0.17 0.0 0 8.6 15 330 M M 5 1 18 340
22 67 41 54 5 11 0 0.00 0.0 0 5.5 14 260 M M 0 18 270
23 67 35 51 2 14 0 T 0.0 0 7.7 17 90 M M 5 26 100
24 72 45 59 10 6 0 0.55 0.0 0 14.3 33 270 M M 9 18 49 270
25 45 29 37 -12 28 0 0.01 T 0 13.1 25 270 M M 3 35 270
26 46 23 35 -14 30 0 0.00 0.0 0 2.8 9 300 M M 0 12 310
27 57 28 43 -6 22 0 0.00 0.0 0 2.4 9 160 M M 0 11 130
28 68 33 51 2 14 0 0.00 0.0 0 3.1 13 260 M M 1 1 16 270
29 66 39 53 5 12 0 0.00 0.0 0 6.7 16 110 M M 2 19 110
30 64 48 56 8 9 0 T 0.0 0 6.9 14 60 M M 8 19 60
31 75 53 64 16 1 0 0.12 0.0 0 4.6 24 200 M M 8 12 30 200
================================================================================
SM 1897 1213 455 2 1.72 T 215.1 M 142
================================================================================
AV 61.2 39.1 6.9 FASTST M M 5 MAX(MPH)
MISC ----> 33 270 49 270
================================================================================
NOTES:
# LAST OF SEVERAL OCCURRENCES
COLUMN 17 PEAK WIND IN M.P.H.
PRELIMINARY LOCAL CLIMATOLOGICAL DATA (WS FORM: F-6) , PAGE 2
STATION: NORTH CHARLESTON SC
MONTH: DECEMBER
YEAR: 2020
LATITUDE: 32 54 N
LONGITUDE: 80 2 W
[TEMPERATURE DATA] [PRECIPITATION DATA] SYMBOLS USED IN COLUMN 16
AVERAGE MONTHLY: 50.2 TOTAL FOR MONTH: 1.72 1 = FOG OR MIST
DPTR FM NORMAL: -0.6 DPTR FM NORMAL: -1.39 2 = FOG REDUCING VISIBILITY
HIGHEST: 76 ON 13 GRTST 24HR 0.69 ON 20-21 TO 1/4 MILE OR LESS
LOWEST: 23 ON 26 3 = THUNDER
SNOW, ICE PELLETS, HAIL 4 = ICE PELLETS
TOTAL MONTH: T 5 = HAIL
GRTST 24HR T ON 25-25 6 = FREEZING RAIN OR DRIZZLE
GRTST DEPTH: 0 7 = DUSTSTORM OR SANDSTORM:
VSBY 1/2 MILE OR LESS
8 = SMOKE OR HAZE
[NO. OF DAYS WITH] [WEATHER - DAYS WITH] 9 = BLOWING SNOW
X = TORNADO
MAX 32 OR BELOW: 0 0.01 INCH OR MORE: 9
MAX 90 OR ABOVE: 0 0.10 INCH OR MORE: 6
MIN 32 OR BELOW: 7 0.50 INCH OR MORE: 2
MIN 0 OR BELOW: 0 1.00 INCH OR MORE: 0
[HDD (BASE 65) ]
TOTAL THIS MO. 455 CLEAR (SCALE 0-3) 12
DPTR FM NORMAL 9 PTCLDY (SCALE 4-7) 13
TOTAL FM JUL 1 576 CLOUDY (SCALE 8-10) 6
DPTR FM NORMAL -163
[CDD (BASE 65) ]
TOTAL THIS MO. 2
DPTR FM NORMAL -5 [PRESSURE DATA]
TOTAL FM JAN 1 2676 HIGHEST SLP 30.42 ON 29
DPTR FM NORMAL 372 LOWEST SLP 29.64 ON 24
[REMARKS]
#FINAL-12-20#