000
CXUS53 KDVN 011425
CLMCID
CLIMATE REPORT
NATIONAL WEATHER SERVICE QUAD CITIES IA IL
825 AM CST FRI MAR 01 2024
...................................
...THE CEDAR RAPIDS IA CLIMATE SUMMARY FOR THE MONTH OF FEBRUARY 2024...
CLIMATE NORMAL PERIOD 1991 TO 2020
CLIMATE RECORD PERIOD 1891 TO 2024
WEATHER OBSERVED NORMAL DEPART LAST YEAR`S
VALUE DATE(S) VALUE FROM VALUE
NORMAL
..............................................................
TEMPERATURE (F)
RECORD
HIGH 76 02/22/2024
LOW -27 02/14/1905
HIGHEST 76R 02/26 39 37
LOWEST 5 02/17 12 -7
AVG. MAXIMUM 50.4 32.6 17.8
AVG. MINIMUM 23.5 15.5 8.0
MEAN 37.0 24.1 12.9
DAYS MAX >= 90 0
DAYS MAX <= 32 3
DAYS MIN <= 32 26
DAYS MIN <= 0 0
PRECIPITATION (INCHES)
TOTALS 0.10 1.22 -1.12
DAILY AVG. 0.00
DAYS >= .01 2
DAYS >= .10 0
DAYS >= .50 0
DAYS >= 1.00 0
GREATEST
24 HR. TOTAL 0.10 02/14 TO 02/15
DEGREE DAYS
HEATING TOTAL 805 1146 -341
SINCE 7/1 4246 5301 -1055
COOLING TOTAL 0 0 0
SINCE 1/1 0 0 0
..............................................................
WIND (MPH)
AVERAGE WIND SPEED 11.1
HIGHEST WIND SPEED/DIRECTION 38/310 DATE 02/27
HIGHEST GUST SPEED/DIRECTION 52/300 DATE 02/27
SKY COVER
AVERAGE SKY COVER 0.21
NUMBER OF DAYS FAIR 22
NUMBER OF DAYS PC 7
NUMBER OF DAYS CLOUDY 0
AVERAGE RH (PERCENT) 64
WEATHER CONDITIONS. NUMBER OF DAYS WITH
THUNDERSTORM 0 HAIL 0
SLEET 0 FOG 10
FOG W/VIS <= 1/4 MILE 0 HAZE 7
- INDICATES NEGATIVE NUMBERS.
R INDICATES RECORD WAS SET OR TIED.
MM INDICATES DATA IS MISSING.
T INDICATES TRACE AMOUNT.
$$