000
CXUS51 KILN 010534
CF6CMH
PRELIMINARY LOCAL CLIMATOLOGICAL DATA (WS FORM: F-6)
STATION: COLUMBUS OH
MONTH: AUGUST
YEAR: 2022
LATITUDE: 40 0 N
LONGITUDE: 82 53 W
TEMPERATURE IN F: :PCPN: SNOW: WIND :SUNSHINE: SKY :PK WND
================================================================================
1 2 3 4 5 6A 6B 7 8 9 10 11 12 13 14 15 16 17 18
12Z AVG MX 2MIN
DY MAX MIN AVG DEP HDD CDD WTR SNW DPTH SPD SPD DIR MIN PSBL S-S WX SPD DR
================================================================================
1 86 66 76 1 0 11 0.00 0.0 0 9.8 23 240 M M 6 1 31 240
2 87 71 79 4 0 14 0.00 0.0 0 5.8 17 300 M M 5 24 310
3 92 67 80 5 0 15 T 0.0 0 7.2 18 190 M M 4 38 25 190
4 89 71 80 5 0 15 T 0.0 0 6.2 17 220 M M 6 3 20 220
5 81 69 75 0 0 10 0.72 0.0 0 5.2 17 180 M M 8 1 24 160
6 83 70 77 2 0 12 T 0.0 0 5.2 12 190 M M 7 15 210
7 89 73 81 6 0 16 0.49 0.0 0 6.2 30 260 M M 5 13 38 260
8 89 72 81 6 0 16 0.00 0.0 0 9.0 21 220 M M 5 3 26 210
9 85 72 79 4 0 14 0.01 0.0 0 7.2 16 220 M M 8 1 21 230
10 77 66 72 -3 0 7 0.01 0.0 0 4.5 10 340 M M 9 1 19 10
11 82 62 72 -3 0 7 0.00 0.0 0 5.4 16 360 M M 4 1 20 340
12 80 56 68 -6 0 3 0.00 0.0 0 6.7 15 40 M M 4 22 360
13 78 58 68 -6 0 3 T 0.0 0 4.0 10 110 M M 6 13 100
14 70 62 66 -8 0 1 0.11 0.0 0 7.2 15 100 M M 9 1 18 90
15 81 62 72 -2 0 7 T 0.0 0 6.9 18 20 M M 7 24 20
16 76 61 69 -5 0 4 0.00 0.0 0 6.4 12 50 M M 5 15 40
17 83 61 72 -2 0 7 0.36 0.0 0 3.8 12 320 M M 5 38 15 40
18 84 59 72 -2 0 7 0.00 0.0 0 2.6 8 220 M M 4 11 360
19 86 61 74 0 0 9 0.00 0.0 0 2.8 12 170 M M 2 15 210
20 85 64 75 1 0 10 0.44 0.0 0 6.5 28 310 M M 5 13 32 230
21 77 66 72 -2 0 7 0.48 0.0 0 5.4 18 350 M M 8 13 23 360
22 79 64 72 -2 0 7 0.00 0.0 0 6.5 16 290 M M 7 18 24 310
23 83 62 73 -1 0 8 0.00 0.0 0 4.3 15 290 M M 3 1 24 310
24 84 57 71 -2 0 6 0.00 0.0 0 1.6 9 30 M M 2 12 360
25 84 60 72 -1 0 7 0.00 0.0 0 4.2 15 240 M M 3 19 250
26 83 66 75 2 0 10 T 0.0 0 7.5 17 300 M M 6 138 20 330
27 84 64 74 1 0 9 0.00 0.0 0 3.9 12 90 M M 4 1 14 90
28 90 62 76 3 0 11 0.00 0.0 0 5.9 14 140 M M 1 21 150
29 91 71 81 9 0 16 0.58 0.0 0 8.3 30 240 M M 7 38 39 250
30 82 67 75 3 0 10 0.02 0.0 0 8.0 22 290 M M 7 1 26 310
31 81 59 70 -2 0 5 0.00 0.0 0 6.6 15 290 M M 2 22 270
================================================================================
SM 2581 2001 0 284 3.22 0.0 180.8 M 164
================================================================================
AV 83.3 64.5 5.8 FASTST M M 5 MAX(MPH)
MISC ----> # 30 260 39 250
================================================================================
NOTES:
# LAST OF SEVERAL OCCURRENCES
COLUMN 17 PEAK WIND IN M.P.H.
PRELIMINARY LOCAL CLIMATOLOGICAL DATA (WS FORM: F-6) , PAGE 2
STATION: COLUMBUS OH
MONTH: AUGUST
YEAR: 2022
LATITUDE: 40 0 N
LONGITUDE: 82 53 W
[TEMPERATURE DATA] [PRECIPITATION DATA] SYMBOLS USED IN COLUMN 16
AVERAGE MONTHLY: 73.9 TOTAL FOR MONTH: 3.22 1 = FOG OR MIST
DPTR FM NORMAL: -0.1 DPTR FM NORMAL: -0.52 2 = FOG REDUCING VISIBILITY
HIGHEST: 92 ON 3 GRTST 24HR 0.81 ON 20-21 TO 1/4 MILE OR LESS
LOWEST: 56 ON 12 3 = THUNDER
SNOW, ICE PELLETS, HAIL 4 = ICE PELLETS
TOTAL MONTH: 0.0 INCH 5 = HAIL
GRTST 24HR 0.0 6 = FREEZING RAIN OR DRIZZLE
GRTST DEPTH: 0 7 = DUSTSTORM OR SANDSTORM:
VSBY 1/2 MILE OR LESS
8 = SMOKE OR HAZE
[NO. OF DAYS WITH] [WEATHER - DAYS WITH] 9 = BLOWING SNOW
X = TORNADO
MAX 32 OR BELOW: 0 0.01 INCH OR MORE: 10
MAX 90 OR ABOVE: 3 0.10 INCH OR MORE: 7
MIN 32 OR BELOW: 0 0.50 INCH OR MORE: 2
MIN 0 OR BELOW: 0 1.00 INCH OR MORE: 0
[HDD (BASE 65) ]
TOTAL THIS MO. 0 CLEAR (SCALE 0-3) 6
DPTR FM NORMAL -3 PTCLDY (SCALE 4-7) 22
TOTAL FM JUL 1 0 CLOUDY (SCALE 8-10) 3
DPTR FM NORMAL 0
[CDD (BASE 65) ]
TOTAL THIS MO. 284
DPTR FM NORMAL 2 [PRESSURE DATA]
TOTAL FM JAN 1 1017 HIGHEST SLP M ON M
DPTR FM NORMAL 91 LOWEST SLP 29.85 ON 1
[REMARKS]
#FINAL-08-22#