000
CXUS53 KILX 011752
CLSCMI
CLIMATE REPORT
NATIONAL WEATHER SERVICE LINCOLN IL
1152 AM CST FRI DEC 01 2023
...................................
...THE CHAMPAIGN IL AIRPORT CLIMATE SUMMARY FOR THE SEASON, FROM
9/1/2023 TO 11/30/2023...
CLIMATE NORMAL PERIOD 1991 TO 2020
CLIMATE RECORD PERIOD 9999 TO 9999
WEATHER OBSERVED NORMAL DEPART LAST YEAR`S
VALUE DATE(S) VALUE FROM VALUE
NORMAL
..............................................................
TEMPERATURE (F)
RECORD
HIGH MM MM
LOW 9 11/20/2022
HIGHEST 91 09/04 MM MM 95
LOWEST 14 11/28 MM MM 9
AVG. MAXIMUM 67.8 66.0 1.8 66.0
AVG. MINIMUM 44.6 43.3 1.3 42.4
MEAN 56.2 54.6 1.6 54.2
DAYS MAX >= 90 1 3.9 -2.9 2
DAYS MAX <= 32 2 1.3 0.7 1
DAYS MIN <= 32 21 20.6 0.4 22
DAYS MIN <= 0 0 0.0 0.0 0
PRECIPITATION (INCHES)
RECORD
MAXIMUM 10.91 2021
MINIMUM 6.34 2022
TOTALS 8.35 8.98 -0.63 6.34
DAILY AVG. 0.09 0.07
DAYS >= .01 24 27.6 -3.6 22
DAYS >= .10 18 15.5 2.5 12
DAYS >= .50 7 6.3 0.7 4
DAYS >= 1.00 2 2.2 -0.2 3
GREATEST
24 HR. TOTAL 1.27 10/13 TO 10/13 1.39
DEGREE DAYS
HEATING TOTAL 948 1097 -149 1116
SINCE 7/1 948 1104 -156 MM
COOLING TOTAL 170 150 20 151
SINCE 1/1 1074 1054 20 MM
FREEZE DATES
RECORD
EARLIEST MM
LATEST MM
EARLIEST 10/30
LATEST 04/24
..............................................................
WIND (MPH)
AVERAGE WIND SPEED 9.0
HIGHEST WIND SPEED/DIRECTION 30/230 DATE 10/21
HIGHEST GUST SPEED/DIRECTION 44/310 DATE 10/21
SKY COVER
POSSIBLE SUNSHINE (PERCENT) MM
AVERAGE SKY COVER 0.34
NUMBER OF DAYS FAIR 51
NUMBER OF DAYS PC 24
NUMBER OF DAYS CLOUDY 16
AVERAGE RH (PERCENT) 69
WEATHER CONDITIONS. NUMBER OF DAYS WITH
THUNDERSTORM 7 MIXED PRECIP 0
HEAVY RAIN 11 RAIN 13
LIGHT RAIN 31 FREEZING RAIN 0
LT FREEZING RAIN 0 HAIL 0
HEAVY SNOW 0 SNOW 1
LIGHT SNOW 1 SLEET 0
FOG 41 FOG W/VIS <= 1/4 MILE 5
HAZE 17
- INDICATES NEGATIVE NUMBERS.
R INDICATES RECORD WAS SET OR TIED.
MM INDICATES DATA IS MISSING.
T INDICATES TRACE AMOUNT.
$$