000
CXUS53 KARX 010900
CF6CMY
PRELIMINARY LOCAL CLIMATOLOGICAL DATA (WS FORM: F-6)
STATION: SPARTA - FORT MCCOY WI
MONTH: JUNE
YEAR: 2021
LATITUDE: 43 58 N
LONGITUDE: 90 44 W
TEMPERATURE IN F: :PCPN: SNOW: WIND :SUNSHINE: SKY :PK WND
================================================================================
1 2 3 4 5 6A 6B 7 8 9 10 11 12 13 14 15 16 17 18
12Z AVG MX 2MIN
DY MAX MIN AVG DEP HDD CDD WTR SNW DPTH SPD SPD DIR MIN PSBL S-S WX SPD DR
================================================================================
1 79 40 60 M 5 0 M M M 3.9 9 200 M M 0 17 240
2 81 44 63 M 2 0 0.00 0.0 0 2.8 10 190 M M 0 M M
3 88 46 67 M 0 2 0.01 0.0 0 5.1 14 270 M M 0 22 270
4 93 60 77 M 0 12 0.00 0.0 0 6.2 10 230 M M 0 20 250
5 94 68 81 M 0 16 0.00 0.0 0 7.1 14 210 M M 0 24 210
6 89 69 79 M 0 14 0.00 0.0 0 8.2 14 200 M M 0 29 190
7 90 62 76 M 0 11 0.00 0.0 0 4.3 12 180 M M 0 21 230
8 94 61 78 M 0 13 0.00 0.0 0 2.5 9 280 M M 0 18 0
9 93 62 78 M 0 13 0.00 0.0 0 3.1 9 140 M M 0 M M
10 94 61 78 M 0 13 M 0.0 0 3.7 14 90 M M 0 35 90
11 93 60 77 M 0 12 M M M 3.0 10 100 M M 0 17 140
12 85 51 68 M 0 3 M M M 6.1 15 330 M M 0 20 330
13 89 44 67 M 0 2 0.00 0.0 0 3.8 15 340 M M 0 24 340
14 86 48 67 M 0 2 0.00 M M 5.6 16 330 M M 0 20 320
15 82 47 65 M 0 0 0.00 M M 3.4 10 20 M M 0 21 20
16 84 45 65 M 0 0 0.00 M M 2.6 8 160 M M 0 M M
17 89 51 70 M 0 5 M M M 5.0 13 180 M M 0 3 28 180
18 87 61 74 M 0 9 M 0.0 0 4.8 12 270 M M 0 1 20 280
19 80 53 67 M 0 2 0.00 0.0 0 4.4 10 340 M M 0 17 340
20 69 47 58 M 7 0 0.39 0.0 0 4.6 20 330 M M 0 35 330
21 66 41 54 M 11 0 0.00 0.0 0 10.2 20 340 M M 0 29 340
22 73 35 54 M 11 0 0.00 0.0 0 2.3 9 290 M M 0 M M
23 80 45 63 M 2 0 0.00 0.0 0 6.9 15 170 M M 0 20 170
24 85 63 74 M 0 9 0.80 0.0 0 7.6 15 30 M M 0 3 32 30
25 74 63 69 M 0 4 0.00 0.0 0 2.0 9 20 M M 0 1 M M
26 67 59 63 M 2 0 2.66 0.0 0 5.5 13 360 M M 0 18 0
27 79 56 68 M 0 3 0.06 0.0 0 3.8 9 360 M M 0 M M
28 82 55 69 M 0 4 0.93 M M 3.6 14 330 M M 0 21 330
29 79 58 69 M 0 4 0.57 0.0 0 1.1 9 190 M M 0 123 21 190
30 83 54 69 M 0 4 0.00 0.0 0 2.9 10 330 M M 0 12 M M
================================================================================
SM 2507 1609 40 157 5.42 0.0 136.1 M 0
================================================================================
AV 83.6 53.6 4.5 FASTST M M 0 MAX(MPH)
MISC ----> # 20 330 # 35 90
================================================================================
NOTES:
# LAST OF SEVERAL OCCURRENCES
COLUMN 17 PEAK WIND IN M.P.H.
PRELIMINARY LOCAL CLIMATOLOGICAL DATA (WS FORM: F-6) , PAGE 2
STATION: SPARTA - FORT MCCOY WI
MONTH: JUNE
YEAR: 2021
LATITUDE: 43 58 N
LONGITUDE: 90 44 W
[TEMPERATURE DATA] [PRECIPITATION DATA] SYMBOLS USED IN COLUMN 16
AVERAGE MONTHLY: 68.6 TOTAL FOR MONTH: 5.42 1 = FOG OR MIST
DPTR FM NORMAL: 0.0 DPTR FM NORMAL: M 2 = FOG REDUCING VISIBILITY
HIGHEST: 94 ON 10, 8 GRTST 24HR 2.66 ON 26-26 TO 1/4 MILE OR LESS
LOWEST: 35 ON 22 3 = THUNDER
SNOW, ICE PELLETS, HAIL 4 = ICE PELLETS
TOTAL MONTH: 0.0 INCH 5 = HAIL
GRTST 24HR 0.0 6 = FREEZING RAIN OR DRIZZLE
GRTST DEPTH: 0 7 = DUSTSTORM OR SANDSTORM:
VSBY 1/2 MILE OR LESS
8 = SMOKE OR HAZE
[NO. OF DAYS WITH] [WEATHER - DAYS WITH] 9 = BLOWING SNOW
X = TORNADO
MAX 32 OR BELOW: 0 0.01 INCH OR MORE: 7
MAX 90 OR ABOVE: 7 0.10 INCH OR MORE: 5
MIN 32 OR BELOW: 0 0.50 INCH OR MORE: 4
MIN 0 OR BELOW: 0 1.00 INCH OR MORE: 1
[HDD (BASE 65) ]
TOTAL THIS MO. 40 CLEAR (SCALE 0-3) 30
DPTR FM NORMAL M PTCLDY (SCALE 4-7) 0
TOTAL FM JUL 1 7908 CLOUDY (SCALE 8-10) 0
DPTR FM NORMAL M
[CDD (BASE 65) ]
TOTAL THIS MO. 157
DPTR FM NORMAL M [PRESSURE DATA]
TOTAL FM JAN 1 194 HIGHEST SLP M ON M
DPTR FM NORMAL M LOWEST SLP M ON M
[REMARKS]
#FINAL-06-21#