000
CXUS53 KTOP 011858
CLACNK
CLIMATE REPORT
NATIONAL WEATHER SERVICE TOPEKA KS
1258 PM CST SUN JAN 01 2023
...................................
...THE CONCORDIA KS CLIMATE SUMMARY FOR THE YEAR OF 2022...
CLIMATE NORMAL PERIOD 1991 TO 2020
CLIMATE RECORD PERIOD 1885 TO 2022
WEATHER OBSERVED NORMAL DEPART LAST YEAR`S
VALUE DATE(S) VALUE FROM VALUE DATE(S)
NORMAL
................................................................
TEMPERATURE (F)
RECORD
HIGH 116 08/12/1936
LOW -33 01/08/1886
HIGHEST 105 06/13 MM MM 105 06/17
07/23
08/13
LOWEST -9 12/22 MM MM -22 02/16
AVG. MAXIMUM 68.4 65.3 3.1 67.8
AVG. MINIMUM 43.0 42.9 0.1 45.2
MEAN 55.7 54.1 1.6 56.5
DAYS MAX >= 90 78 50.3 27.7 MM
DAYS MAX <= 32 23 28.4 -5.4 MM
DAYS MIN <= 32 128 121.2 6.8 MM
DAYS MIN <= 0 4 4.1 -0.1 MM
PRECIPITATION (INCHES)
RECORD
MAXIMUM 44.79 1993
MINIMUM 12.83 1956
TOTALS 21.66 28.38 -6.72 23.06
DAILY AVG. 0.06 0.08 -0.02 0.06
DAYS >= .01 72 89.9 -17.9 MM
DAYS >= .10 42 51.0 -9.0 MM
DAYS >= .50 18 18.4 -0.4 MM
DAYS >= 1.00 3 7.0 -4.0 MM
GREATEST
24 HR. TOTAL 2.02 0MM25 TO 05/26 1.69
SNOWFALL (INCHES)
RECORDS
TOTAL 57.4 1960
24 HR TOTAL 13.2 02/10/1965 TO 02/11/1965
SNOW DEPTH 25 03/16/1960
TOTALS MM 19.3 MM MM
SINCE 7/1 MM 6.7 MM MM
SNOWDEPTH AVG. MM MM
DAYS >= TRACE MM 12.3 MM MM
DAYS >= 1.0 MM 5.7 MM MM
GREATEST
SNOW DEPTH MM MM MM
24 HR TOTAL MM MM
DEGREE DAYS
HEATING TOTAL 5131 5314 -183 4621
SINCE 7/1 2015 2109 -94 MM
COOLING TOTAL 1864 1373 491 1669
SINCE 1/1 1864 1373 491 MM
................................................................
WIND (MPH)
AVERAGE WIND SPEED 11.2
RESULTANT WIND SPEED/DIRECTION 2/200
HIGHEST WIND SPEED/DIRECTION 51/290 DATE 04/29
HIGHEST GUST SPEED/DIRECTION 72/310 DATE 06/07
SKY COVER
AVERAGE SKY COVER 0.22
AVERAGE RH (PERCENT) 57
WEATHER CONDITIONS. NUMBER OF DAYS WITH
THUNDERSTORM 51 MIXED PRECIP 0
HEAVY RAIN 25 RAIN 28
LIGHT RAIN 88 FREEZING RAIN 0
LT FREEZING RAIN 1 HEAVY SNOW 1
SNOW 3 LIGHT SNOW 23
SLEET 0 FOG 88
FOG W/VIS <= 1/4 MILE 10 HAZE 55
- INDICATES NEGATIVE NUMBERS.
R INDICATES RECORD WAS SET OR TIED.
MM INDICATES DATA IS MISSING.
T INDICATES TRACE AMOUNT.
$$