000
CXUS54 KMAF 011110
CF6CNM
PRELIMINARY LOCAL CLIMATOLOGICAL DATA (WS FORM: F-6)
STATION: CARLSBAD
MONTH: MARCH
YEAR: 2022
LATITUDE: 32 20 N
LONGITUDE: 104 15 W
TEMPERATURE IN F: :PCPN: SNOW: WIND :SUNSHINE: SKY :PK WND
================================================================================
1 2 3 4 5 6A 6B 7 8 9 10 11 12 13 14 15 16 17 18
12Z AVG MX 2MIN
DY MAX MIN AVG DEP HDD CDD WTR SNW DPTH SPD SPD DIR MIN PSBL S-S WX SPD DR
================================================================================
1 M M M M M M 0.00 M M 6.3 13 340 M M 0 15 310
2 75 45 60 8 5 0 0.00 M M 6.7 13 200 M M 0 15 150
3 74 34 54 2 11 0 0.00 M M 7.0 16 160 M M 0 22 150
4 84 46 65 13 0 0 0.00 M M 11.7 31 250 M M 0 38 250
5 74 45 60 8 5 0 0.00 M M 14.3 35 270 M M 0 41 270
6 69 32 51 -2 14 0 0.00 M M 12.9 38 270 M M 0 47 260
7 48 24 36 -17 29 0 0.00 M M 6.9 16 140 M M 2 19 160
8 54 20 37 -16 28 0 0.00 M M 5.9 12 60 M M 0 13 180
9 68 24 46 -8 19 0 0.00 M M 10.1 24 230 M M 0 37 240
10 63 33 48 -6 17 0 0.00 M M 10.4 25 320 M M 0 29 320
11 37 19 28 -26 37 0 T M M 12.3 24 340 M M 3 12 28 350
12 64 17 41 -13 24 0 0.00 M M 9.8 22 150 M M 0 27 150
13 73 17 45 -10 20 0 0.00 M M 8.7 23 240 M M 0 29 260
14 68 42 55 0 10 0 0.00 M M 15.0 33 360 M M 0 41 10
15 75 32 54 -1 11 0 0.00 M M 8.6 17 160 M M 0 23 180
16 84 31 58 2 7 0 0.00 M M 7.3 22 240 M M 0 27 260
17 72 40 56 0 9 0 0.00 M M 21.6 48 350 M M 2 8 56 350
18 61 30 46 -10 19 0 0.00 M M 6.9 15 340 M M 0 21 210
19 73 30 52 -4 13 0 0.00 M M 5.9 12 180 M M 0 15 130
20 84 39 62 5 3 0 0.00 M M 15.0 37 130 M M 1 8 47 130
21 64 42 53 -4 12 0 0.10 M M 18.8 43 270 M M 3 51 260
22 50 32 41 -16 24 0 0.00 M M 12.5 30 340 M M 4 37 350
23 61 29 45 -13 20 0 0.00 M M 9.9 32 290 M M 1 41 280
24 77 28 53 -5 12 0 0.00 M M 6.1 16 260 M M 0 20 250
25 82 37 60 2 5 0 0.00 M M 4.6 12 240 M M 0 17 160
26 88 43 66 7 0 1 0.00 M M 8.0 16 340 M M 0 19 330
27 92 39 66 7 0 1 0.00 M M 7.1 20 210 M M 0 24 210
28 88 41 65 6 0 0 0.00 M M 8.7 23 260 M M 0 28 260
29 82 54 68 8 0 3 0.00 M M 23.3 51 260 M M 0 8 61 260
30 71 49 60 0 5 0 0.00 M M 16.7 37 260 M M 4 44 260
31 69 37 53 -7 12 0 0.00 M M 10.2 36 340 M M 0 42 330
================================================================================
SM 2124 1031 371 5 0.10 M 329.2 M 20
================================================================================
AV 70.8 34.4 10.6 FASTST M M 1 MAX(MPH)
MISC ----> 51 260 61 260
================================================================================
NOTES:
# LAST OF SEVERAL OCCURRENCES
COLUMN 17 PEAK WIND IN M.P.H.
PRELIMINARY LOCAL CLIMATOLOGICAL DATA (WS FORM: F-6) , PAGE 2
STATION: CARLSBAD
MONTH: MARCH
YEAR: 2022
LATITUDE: 32 20 N
LONGITUDE: 104 15 W
[TEMPERATURE DATA] [PRECIPITATION DATA] SYMBOLS USED IN COLUMN 16
AVERAGE MONTHLY: 52.6 TOTAL FOR MONTH: 0.10 1 = FOG OR MIST
DPTR FM NORMAL: -3.0 DPTR FM NORMAL: -0.44 2 = FOG REDUCING VISIBILITY
HIGHEST: 92 ON 27 GRTST 24HR 0.10 ON 21-21 TO 1/4 MILE OR LESS
LOWEST: 17 ON 13,12 3 = THUNDER
SNOW, ICE PELLETS, HAIL 4 = ICE PELLETS
TOTAL MONTH: M 5 = HAIL
GRTST 24HR M ON M 6 = FREEZING RAIN OR DRIZZLE
GRTST DEPTH: M ON M 7 = DUSTSTORM OR SANDSTORM:
VSBY 1/2 MILE OR LESS
8 = SMOKE OR HAZE
[NO. OF DAYS WITH] [WEATHER - DAYS WITH] 9 = BLOWING SNOW
X = TORNADO
MAX 32 OR BELOW: 0 0.01 INCH OR MORE: 1
MAX 90 OR ABOVE: 1 0.10 INCH OR MORE: 1
MIN 32 OR BELOW: 14 0.50 INCH OR MORE: 0
MIN 0 OR BELOW: 0 1.00 INCH OR MORE: 0
[HDD (BASE 65) ]
TOTAL THIS MO. 371 CLEAR (SCALE 0-3) 27
DPTR FM NORMAL 70 PTCLDY (SCALE 4-7) 4
TOTAL FM JUL 1 2445 CLOUDY (SCALE 8-10) 0
DPTR FM NORMAL -182
[CDD (BASE 65) ]
TOTAL THIS MO. 5
DPTR FM NORMAL -6 [PRESSURE DATA]
TOTAL FM JAN 1 5 HIGHEST SLP 30.42 ON 12
DPTR FM NORMAL -7 LOWEST SLP 29.39 ON 29
[REMARKS]
#FINAL-03-22#