000
CXUS56 KSGX 011145
CF6CNO
PRELIMINARY LOCAL CLIMATOLOGICAL DATA (WS FORM: F-6)
STATION: CHINO AIRPORT CA
MONTH: JANUARY
YEAR: 2023
LATITUDE: 33 58 N
LONGITUDE: 117 38 W
TEMPERATURE IN F: :PCPN: SNOW: WIND :SUNSHINE: SKY :PK WND
================================================================================
1 2 3 4 5 6A 6B 7 8 9 10 11 12 13 14 15 16 17 18
12Z AVG MX 2MIN
DY MAX MIN AVG DEP HDD CDD WTR SNW DPTH SPD SPD DIR MIN PSBL S-S WX SPD DR
================================================================================
1 61 43 52 -3 13 0 0.24 M M 9.1 25 230 M M 6 1 33 230
2 59 38 49 -6 16 0 0.05 M M 2.7 13 270 M M 6 12 15 240
3 58 49 54 -1 11 0 0.14 M M 2.8 10 30 M M 10 128 12 30
4 63 52 58 3 7 0 0.11 M M 2.9 13 260 M M 9 128 16 240
5 63 47 55 0 10 0 0.62 M M 5.4 20 230 M M 9 18 23 250
6 64 43 54 -1 11 0 0.00 M M 2.3 7 320 M M 5 128 10 120
7 68 41 55 0 10 0 0.00 M M 1.4 7 290 M M 4 9 80
8 67 41 54 -1 11 0 0.00 M M 2.1 8 230 M M 5 18 10 240
9 59 53 56 0 9 0 0.29 M M 4.0 18 330 M M 10 1 21 330
10 62 49 56 0 9 0 1.21 M M 7.7 31 270 M M 8 18 41 270
11 60 40 50 -6 15 0 0.00 M M 1.6 10 300 M M 5 128 12 280
12 70 44 57 1 8 0 0.00 M M 4.1 13 120 M M 3 18 16 120
13 67 41 54 -2 11 0 0.00 M M 2.7 10 250 M M 4 18 13 270
14 56 45 51 -5 14 0 1.83 M M 2.7 15 260 M M 7 18 20 260
15 58 48 53 -3 12 0 0.81 M M 6.4 16 240 M M 6 1 20 240
16 59 48 54 -2 11 0 0.78 M M 8.5 23 220 M M 7 1 27 220
17 57 38 48 -8 17 0 0.00 M M 2.8 9 240 M M 2 12 230
18 60 36 48 -8 17 0 0.00 M M 2.1 8 260 M M 3 1 12 280
19 59 35 47 -9 18 0 0.02 M M 3.2 15 230 M M 4 1 20 230
20 61 37 49 -7 16 0 0.00 M M 3.1 9 290 M M 3 12 14 260
21 64 34 49 -7 16 0 0.00 M M 2.0 9 350 M M 0 1 12 60
22 62 33 48 -8 17 0 0.00 M M 4.8 24 40 M M 1 18 37 40
23 63 37 50 -6 15 0 0.00 M M 8.1 23 70 M M 1 8 40 30
24 68 33 51 -5 14 0 0.00 M M 3.0 12 290 M M 0 16 310
25 72 34 53 -3 12 0 0.00 M M 7.6 24 80 M M 0 18 39 80
26 68 43 56 0 9 0 0.00 M M 13.1 32 80 M M 0 78 47 90
27 69 35 52 -4 13 0 0.00 M M 2.4 12 240 M M 0 14 240
28 63 35 49 -7 16 0 0.00 M M 2.3 12 240 M M 1 18 13 240
29 57 44 51 -5 14 0 0.02 M M 4.0 17 230 M M 9 18 23 220
30 60 44 52 -4 13 0 0.06 M M 7.0 18 30 M M 8 1 30 50
31 64 35 50 -6 15 0 0.00 M M 8.0 23 30 M M 0 178 38 60
================================================================================
SM 1941 1275 400 0 6.18 M 139.9 M 136
================================================================================
AV 62.6 41.1 4.5 FASTST M M 4 MAX(MPH)
MISC ----> 32 80 47 90
================================================================================
NOTES:
# LAST OF SEVERAL OCCURRENCES
COLUMN 17 PEAK WIND IN M.P.H.
PRELIMINARY LOCAL CLIMATOLOGICAL DATA (WS FORM: F-6) , PAGE 2
STATION: CHINO AIRPORT CA
MONTH: JANUARY
YEAR: 2023
LATITUDE: 33 58 N
LONGITUDE: 117 38 W
[TEMPERATURE DATA] [PRECIPITATION DATA] SYMBOLS USED IN COLUMN 16
AVERAGE MONTHLY: 51.9 TOTAL FOR MONTH: 6.18 1 = FOG OR MIST
DPTR FM NORMAL: -3.7 DPTR FM NORMAL: 4.01 2 = FOG REDUCING VISIBILITY
HIGHEST: 72 ON 25 GRTST 24HR 1.83 ON 14-14 TO 1/4 MILE OR LESS
LOWEST: 33 ON 24,22 3 = THUNDER
SNOW, ICE PELLETS, HAIL 4 = ICE PELLETS
TOTAL MONTH: M 5 = HAIL
GRTST 24HR M ON M 6 = FREEZING RAIN OR DRIZZLE
GRTST DEPTH: M ON M 7 = DUSTSTORM OR SANDSTORM:
VSBY 1/2 MILE OR LESS
8 = SMOKE OR HAZE
[NO. OF DAYS WITH] [WEATHER - DAYS WITH] 9 = BLOWING SNOW
X = TORNADO
MAX 32 OR BELOW: 0 0.01 INCH OR MORE: 13
MAX 90 OR ABOVE: 0 0.10 INCH OR MORE: 9
MIN 32 OR BELOW: 0 0.50 INCH OR MORE: 5
MIN 0 OR BELOW: 0 1.00 INCH OR MORE: 2
[HDD (BASE 65) ]
TOTAL THIS MO. 400 CLEAR (SCALE 0-3) 11
DPTR FM NORMAL 105 PTCLDY (SCALE 4-7) 15
TOTAL FM JUL 1 978 CLOUDY (SCALE 8-10) 5
DPTR FM NORMAL 176
[CDD (BASE 65) ]
TOTAL THIS MO. 0
DPTR FM NORMAL -4 [PRESSURE DATA]
TOTAL FM JAN 1 0 HIGHEST SLP 30.37 ON 26
DPTR FM NORMAL -4 LOWEST SLP 29.69 ON 16
[REMARKS]
#FINAL-01-23#