000
CXUS55 KRIW 011010
CF6COD
PRELIMINARY LOCAL CLIMATOLOGICAL DATA (WS FORM: F-6)
STATION: CODY WY
MONTH: JULY
YEAR: 2022
LATITUDE: 44 31 N
LONGITUDE: 109 1 W
TEMPERATURE IN F: :PCPN: SNOW: WIND :SUNSHINE: SKY :PK WND
================================================================================
1 2 3 4 5 6A 6B 7 8 9 10 11 12 13 14 15 16 17 18
12Z AVG MX 2MIN
DY MAX MIN AVG DEP HDD CDD WTR SNW DPTH SPD SPD DIR MIN PSBL S-S WX SPD DR
================================================================================
1 82 53 68 1 0 3 T M M 6.3 13 190 M M 1 21 99
2 84 51 68 1 0 3 T M M 5.8 24 300 M M 1 41 270
3 85 56 71 3 0 6 0.00 M M 8.2 23 360 M M 1 30 360
4 83 55 69 1 0 4 0.00 M M 6.9 14 350 M M 1 3 M M
5 79 55 67 -1 0 2 0.00 M M 10.1 17 350 M M 2 24 360
6 82 58 70 2 0 5 T M M 6.9 25 160 M M 1 47 160
7 86 56 71 2 0 6 T M M 7.2 15 10 M M 2 3 32 350
8 92 53 73 4 0 8 0.00 M M 6.3 17 120 M M 0 25 120
9 96 61 79 10 0 14 0.00 M M 6.0 14 360 M M 0 23 360
10 88 55 72 3 0 7 0.00 M M 8.7 24 10 M M 1 40 10
11 80 56 68 -2 0 3 0.00 M M 6.0 14 360 M M 1 M M
12 89 56 73 3 0 8 0.00 M M 5.0 13 20 M M 0 16 99
13 97 61 79 9 0 14 T M M 7.1 29 200 M M 1 3 39 180
14 88 57 73 3 0 8 0.04 M M 9.4 25 180 M M 0 13 33 180
15 92 61 77 7 0 12 T M M 9.4 18 10 M M 2 27 10
16 93 60 77 6 0 12 0.00 M M 6.1 12 110 M M 0 22 260
17 97 62 80 9 0 15 T M M 6.3 29 250 M M 1 3 47 220
18 92 66 79 8 0 14 T M M 11.2 23 220 M M 1 35 280
19 85 51 68 -3 0 3 0.00 M M 7.3 16 40 M M 0 17 320
20 90 56 73 2 0 8 0.00 M M 6.5 14 30 M M 0 M M
21 91 60 76 5 0 11 0.00 M M 4.6 13 20 M M 0 M M
22 96 55 76 5 0 11 0.00 M M 6.9 16 350 M M 0 25 280
23 81 60 71 0 0 6 0.00 M M 8.9 14 350 M M 0 23 330
24 88 57 73 2 0 8 0.00 M M 7.7 22 10 M M 1 41 10
25 83 54 69 -2 0 4 0.00 M M 7.2 15 20 M M 0 21 20
26 80 60 70 -1 0 5 0.00 M M 7.6 13 30 M M 3 18 40
27 83 61 72 1 0 7 0.00 M M 7.8 16 10 M M 3 21 10
28 83 59 71 0 0 6 0.00 M M 5.8 15 20 M M 0 16 10
29 91 61 76 5 0 11 T M M 6.7 16 360 M M 1 36 340
30 88 60 74 3 0 9 0.00 M M 6.4 12 10 M M 0 18 30
31 89 60 75 4 0 10 0.00 M M 6.0 13 30 M M 0 M M
================================================================================
SM 2713 1786 0 243 0.04 M 222.3 M 24
================================================================================
AV 87.5 57.6 7.2 FASTST M M 1 MAX(MPH)
MISC ----> # 29 200 # 47 160
================================================================================
NOTES:
# LAST OF SEVERAL OCCURRENCES
COLUMN 17 PEAK WIND IN M.P.H.
PRELIMINARY LOCAL CLIMATOLOGICAL DATA (WS FORM: F-6) , PAGE 2
STATION: CODY WY
MONTH: JULY
YEAR: 2022
LATITUDE: 44 31 N
LONGITUDE: 109 1 W
[TEMPERATURE DATA] [PRECIPITATION DATA] SYMBOLS USED IN COLUMN 16
AVERAGE MONTHLY: 72.6 TOTAL FOR MONTH: 0.04 1 = FOG OR MIST
DPTR FM NORMAL: 2.6 DPTR FM NORMAL: M 2 = FOG REDUCING VISIBILITY
HIGHEST: 97 ON 17,13 GRTST 24HR 0.04 ON 14-14 TO 1/4 MILE OR LESS
LOWEST: 51 ON 19, 2 3 = THUNDER
SNOW, ICE PELLETS, HAIL 4 = ICE PELLETS
TOTAL MONTH: M 5 = HAIL
GRTST 24HR M ON M 6 = FREEZING RAIN OR DRIZZLE
GRTST DEPTH: M ON M 7 = DUSTSTORM OR SANDSTORM:
VSBY 1/2 MILE OR LESS
8 = SMOKE OR HAZE
[NO. OF DAYS WITH] [WEATHER - DAYS WITH] 9 = BLOWING SNOW
X = TORNADO
MAX 32 OR BELOW: 0 0.01 INCH OR MORE: 1
MAX 90 OR ABOVE: 11 0.10 INCH OR MORE: 0
MIN 32 OR BELOW: 0 0.50 INCH OR MORE: 0
MIN 0 OR BELOW: 0 1.00 INCH OR MORE: 0
[HDD (BASE 65) ]
TOTAL THIS MO. 0 CLEAR (SCALE 0-3) 31
DPTR FM NORMAL 0 PTCLDY (SCALE 4-7) 0
TOTAL FM JUL 1 0 CLOUDY (SCALE 8-10) 0
DPTR FM NORMAL 0
[CDD (BASE 65) ]
TOTAL THIS MO. 243
DPTR FM NORMAL 89 [PRESSURE DATA]
TOTAL FM JAN 1 297 HIGHEST SLP M ON M
DPTR FM NORMAL 297 LOWEST SLP M ON M
[REMARKS]
#FINAL-07-22#