000
CXUS54 KCRP 011210
CF6COT
PRELIMINARY LOCAL CLIMATOLOGICAL DATA (WS FORM: F-6)
STATION: COTULLA
MONTH: SEPTEMBER
YEAR: 2022
LATITUDE: 28 27 N
LONGITUDE: 99 13 W
TEMPERATURE IN F: :PCPN: SNOW: WIND :SUNSHINE: SKY :PK WND
================================================================================
1 2 3 4 5 6A 6B 7 8 9 10 11 12 13 14 15 16 17 18
12Z AVG MX 2MIN
DY MAX MIN AVG DEP HDD CDD WTR SNW DPTH SPD SPD DIR MIN PSBL S-S WX SPD DR
================================================================================
1 95 78 87 1 0 22 0.00 0.0 0 5.9 13 80 M M 3 1 19 90
2 96 78 87 2 0 22 0.00 0.0 0 5.2 15 130 M M 4 1 20 120
3 94 77 86 1 0 21 0.59 0.0 0 6.3 23 130 M M 4 13 31 130
4 83 75 79 -6 0 14 0.04 0.0 0 3.2 9 90 M M 5 14 90
5 88 74 81 -4 0 16 0.00 0.0 0 3.5 21 160 M M 2 28 160
6 93 73 83 -1 0 18 T 0.0 0 3.4 15 150 M M 3 12 21 140
7 96 74 85 1 0 20 0.04 0.0 0 2.4 20 50 M M 2 31 60
8 98 75 87 3 0 22 0.00 0.0 0 3.6 10 190 M M 1 16 360
9 M M M M M M M 0.0 0 M M M M M 6 M M
10 M M M M M M M 0.0 0 M M M M M M M M
11 M M M M M M M 0.0 0 M M M M M M M M
12 96 73 85 2 0 20 0.00 0.0 0 4.6 12 60 M M 1 18 15 110
13 95 72 84 1 0 19 M 0.0 0 6.0 18 130 M M 1 18 26 140
14 94 73 84 1 0 19 0.00 0.0 0 7.0 15 110 M M 2 18 23 110
15 95 69 82 0 0 17 0.00 0.0 0 4.6 13 150 M M 1 17 150
16 97 74 86 4 0 21 0.00 0.0 0 8.3 16 150 M M 2 25 140
17 98 75 87 5 0 22 0.00 0.0 0 9.6 18 110 M M 1 25 120
18 98 74 86 4 0 21 0.00 0.0 0 9.3 18 130 M M 2 8 24 120
19 98 76 87 5 0 22 0.00 0.0 0 7.3 18 130 M M 2 27 130
20 99 76 88 7 0 23 T 0.0 0 6.7 18 150 M M 1 28 130
21 97 74 86 5 0 21 0.00 0.0 0 5.2 13 120 M M 1 17 130
22 98 70 84 3 0 19 0.00 0.0 0 5.0 13 120 M M 1 18 20 120
23 98 69 84 3 0 19 0.00 0.0 0 5.0 14 150 M M 1 20 140
24 96 70 83 3 0 18 0.00 0.0 0 5.8 14 120 M M 1 19 120
25 97 74 86 6 0 21 0.00 0.0 0 5.8 14 120 M M 1 18 110
26 99 71 85 5 0 20 0.00 0.0 0 5.6 16 50 M M 1 23 40
27 93 64 79 -1 0 14 0.00 0.0 0 7.3 16 60 M M 1 25 50
28 93 59 76 -4 0 11 0.00 0.0 0 5.8 15 90 M M 0 22 130
29 93 60 77 -3 0 12 0.00 0.0 0 3.2 10 320 M M 0 14 320
30 96 62 79 0 0 14 0.00 0.0 M 4.7 13 130 M M 0 17 130
================================================================================
SM 2573 1939 0 508 0.67 0.0 150.3 M 50
================================================================================
AV 95.3 71.8 5.6 FASTST M M 2 MAX(MPH)
MISC ----> 23 130 # 31 130
================================================================================
NOTES:
# LAST OF SEVERAL OCCURRENCES
COLUMN 17 PEAK WIND IN M.P.H.
PRELIMINARY LOCAL CLIMATOLOGICAL DATA (WS FORM: F-6) , PAGE 2
STATION: COTULLA
MONTH: SEPTEMBER
YEAR: 2022
LATITUDE: 28 27 N
LONGITUDE: 99 13 W
[TEMPERATURE DATA] [PRECIPITATION DATA] SYMBOLS USED IN COLUMN 16
AVERAGE MONTHLY: 83.6 TOTAL FOR MONTH: 0.67 1 = FOG OR MIST
DPTR FM NORMAL: 1.2 DPTR FM NORMAL: -2.31 2 = FOG REDUCING VISIBILITY
HIGHEST: 99 ON 26,20 GRTST 24HR 1.14 ON 31- 1 TO 1/4 MILE OR LESS
LOWEST: 59 ON 28 3 = THUNDER
SNOW, ICE PELLETS, HAIL 4 = ICE PELLETS
TOTAL MONTH: 0.0 INCH 5 = HAIL
GRTST 24HR 0.0 6 = FREEZING RAIN OR DRIZZLE
GRTST DEPTH: 0 7 = DUSTSTORM OR SANDSTORM:
VSBY 1/2 MILE OR LESS
8 = SMOKE OR HAZE
[NO. OF DAYS WITH] [WEATHER - DAYS WITH] 9 = BLOWING SNOW
X = TORNADO
MAX 32 OR BELOW: 0 0.01 INCH OR MORE: 3
MAX 90 OR ABOVE: 25 0.10 INCH OR MORE: 1
MIN 32 OR BELOW: 0 0.50 INCH OR MORE: 1
MIN 0 OR BELOW: 0 1.00 INCH OR MORE: 0
[HDD (BASE 65) ]
TOTAL THIS MO. 0 CLEAR (SCALE 0-3) 24
DPTR FM NORMAL 0 PTCLDY (SCALE 4-7) 4
TOTAL FM JUL 1 0 CLOUDY (SCALE 8-10) 2
DPTR FM NORMAL 0
[CDD (BASE 65) ]
TOTAL THIS MO. 508
DPTR FM NORMAL -13 [PRESSURE DATA]
TOTAL FM JAN 1 4254 HIGHEST SLP 30.25 ON 28
DPTR FM NORMAL 745 LOWEST SLP 29.67 ON 9
[REMARKS]
#FINAL-09-22#