000
CXUS55 KRIW 011010
CF6CPR
PRELIMINARY LOCAL CLIMATOLOGICAL DATA (WS FORM: F-6)
STATION: CASPER WY
MONTH: SEPTEMBER
YEAR: 2022
LATITUDE: 42 55 N
LONGITUDE: 106 28 W
TEMPERATURE IN F: :PCPN: SNOW: WIND :SUNSHINE: SKY :PK WND
================================================================================
1 2 3 4 5 6A 6B 7 8 9 10 11 12 13 14 15 16 17 18
12Z AVG MX 2MIN
DY MAX MIN AVG DEP HDD CDD WTR SNW DPTH SPD SPD DIR MIN PSBL S-S WX SPD DR
================================================================================
1 96 48 72 7 0 7 0.00 0.0 0 7.7 23 300 M M 0 31 300
2 90 53 72 8 0 7 0.00 0.0 0 7.5 18 30 M M 0 24 40
3 92 50 71 7 0 6 0.00 0.0 0 5.9 14 90 M M 0 18 80
4 100 52 76 12 0 11 0.00 0.0 0 9.2 23 290 M M 0 32 290
5 97 50 74 11 0 9 0.00 0.0 0 8.2 18 270 M M 0 8 25 260
6 96 53 75 12 0 10 0.00 0.0 0 7.9 15 220 M M 0 19 230
7 96 52 74 11 0 9 0.00 0.0 0 6.7 17 200 M M 0 25 200
8 88 53 71 9 0 6 0.05 0.0 0 12.7 39 10 M M 3 38 51 20
9 54 42 48 -14 17 0 0.33 0.0 0 13.1 22 20 M M 10 1 27 20
10 63 38 51 -11 14 0 0.00 0.0 0 5.0 12 110 M M 5 16 110
11 83 36 60 -1 5 0 0.00 0.0 0 7.3 17 220 M M 0 23 220
12 84 44 64 3 1 0 0.00 0.0 0 7.9 16 230 M M 0 19 240
13 85 35 60 0 5 0 0.02 0.0 0 6.6 46 180 M M 1 18 64 180
14 79 54 67 7 0 2 0.03 0.0 0 12.6 28 210 M M 4 3 37 200
15 55 43 49 -10 16 0 0.19 0.0 0 5.1 14 40 M M 8 12 17 50
16 68 42 55 -4 10 0 T 0.0 0 11.3 26 230 M M 5 12 35 240
17 74 41 58 0 7 0 T 0.0 0 8.1 31 280 M M 1 3 40 280
18 80 45 63 5 2 0 0.00 0.0 0 9.1 18 210 M M 1 24 210
19 85 47 66 8 0 1 T 0.0 0 13.6 30 230 M M 0 36 230
20 81 41 61 4 4 0 0.04 0.0 0 8.2 20 360 M M 2 13 29 360
21 65 45 55 -2 10 0 0.00 0.0 0 10.0 22 80 M M 6 29 90
22 73 45 59 3 6 0 0.09 0.0 0 13.3 35 250 M M 2 13 46 240
23 75 42 59 3 6 0 T 0.0 0 15.6 28 270 M M 0 38 290
24 76 39 58 3 7 0 0.00 0.0 0 11.5 23 290 M M 0 32 280
25 74 32 53 -2 12 0 0.00 0.0 0 4.6 10 340 M M 0 16 310
26 79 37 58 4 7 0 0.00 0.0 0 6.9 13 250 M M 0 16 240
27 81 34 58 4 7 0 0.00 0.0 0 5.1 18 170 M M 0 24 180
28 83 45 64 11 1 0 0.00 0.0 0 11.5 25 230 M M 0 35 230
29 81 49 65 12 0 0 T 0.0 0 13.7 30 230 M M 2 3 39 220
30 65 50 58 6 7 0 0.06 0.0 0 10.1 26 220 M M 5 1 35 210
================================================================================
SM 2398 1337 144 68 0.81 0.0 276.0 M 55
================================================================================
AV 79.9 44.6 9.2 FASTST M M 2 MAX(MPH)
MISC ----> 46 180 64 180
================================================================================
NOTES:
# LAST OF SEVERAL OCCURRENCES
COLUMN 17 PEAK WIND IN M.P.H.
PRELIMINARY LOCAL CLIMATOLOGICAL DATA (WS FORM: F-6) , PAGE 2
STATION: CASPER WY
MONTH: SEPTEMBER
YEAR: 2022
LATITUDE: 42 55 N
LONGITUDE: 106 28 W
[TEMPERATURE DATA] [PRECIPITATION DATA] SYMBOLS USED IN COLUMN 16
AVERAGE MONTHLY: 62.3 TOTAL FOR MONTH: 0.81 1 = FOG OR MIST
DPTR FM NORMAL: 3.3 DPTR FM NORMAL: -0.14 2 = FOG REDUCING VISIBILITY
HIGHEST: 100 ON 4 GRTST 24HR 0.33 ON 9- 9 TO 1/4 MILE OR LESS
LOWEST: 32 ON 25 3 = THUNDER
SNOW, ICE PELLETS, HAIL 4 = ICE PELLETS
TOTAL MONTH: 0.0 INCH 5 = HAIL
GRTST 24HR 0.0 6 = FREEZING RAIN OR DRIZZLE
GRTST DEPTH: 0 7 = DUSTSTORM OR SANDSTORM:
VSBY 1/2 MILE OR LESS
8 = SMOKE OR HAZE
[NO. OF DAYS WITH] [WEATHER - DAYS WITH] 9 = BLOWING SNOW
X = TORNADO
MAX 32 OR BELOW: 0 0.01 INCH OR MORE: 8
MAX 90 OR ABOVE: 7 0.10 INCH OR MORE: 2
MIN 32 OR BELOW: 1 0.50 INCH OR MORE: 0
MIN 0 OR BELOW: 0 1.00 INCH OR MORE: 0
[HDD (BASE 65) ]
TOTAL THIS MO. 144 CLEAR (SCALE 0-3) 23
DPTR FM NORMAL -70 PTCLDY (SCALE 4-7) 5
TOTAL FM JUL 1 146 CLOUDY (SCALE 8-10) 2
DPTR FM NORMAL -112
[CDD (BASE 65) ]
TOTAL THIS MO. 68
DPTR FM NORMAL 38 [PRESSURE DATA]
TOTAL FM JAN 1 544 HIGHEST SLP 30.36 ON 25
DPTR FM NORMAL 102 LOWEST SLP 29.64 ON 8
[REMARKS]
#FINAL-09-22#