000
CXUS53 KLSX 011500
CF6CPS
PRELIMINARY LOCAL CLIMATOLOGICAL DATA (WS FORM: F-6)
STATION: CAHOKIA/ST. LOUIS
MONTH: DECEMBER
YEAR: 2022
LATITUDE: 38 34 N
LONGITUDE: 90 9 W
TEMPERATURE IN F: :PCPN: SNOW: WIND :SUNSHINE: SKY :PK WND
================================================================================
1 2 3 4 5 6A 6B 7 8 9 10 11 12 13 14 15 16 17 18
12Z AVG MX 2MIN
DY MAX MIN AVG DEP HDD CDD WTR SNW DPTH SPD SPD DIR MIN PSBL S-S WX SPD DR
================================================================================
1 43 19 31 -9 34 0 0.00 0.0 0 7.0 16 170 M M 3 24 180
2 56 39 48 8 17 0 0.00 0.0 0 11.9 23 190 M M 9 37 200
3 59 27 43 3 22 0 T 0.0 0 9.7 30 320 M M 2 8 42 300
4 42 26 34 -5 31 0 0.00 0.0 0 3.9 10 160 M M 0 13 190
5 50 32 41 2 24 0 0.00 0.0 0 5.3 12 140 M M 6 1 16 160
6 48 41 45 6 20 0 0.01 0.0 0 2.9 8 340 M M 10 12 10 120
7 55 42 49 11 16 0 T 0.0 0 2.4 8 100 M M 8 18 10 100
8 46 43 45 7 20 0 0.17 0.0 0 6.1 12 90 M M 10 1 16 90
9 56 36 46 8 19 0 0.10 0.0 0 7.3 20 330 M M 6 1 24 320
10 43 31 37 -1 28 0 T 0.0 0 1.5 8 160 M M 7 128 11 160
11 41 36 39 1 26 0 0.00 0.0 0 5.4 10 350 M M 10 18 14 40
12 43 32 38 1 27 0 0.00 0.0 0 5.3 10 120 M M 7 18 16 140
13 54 33 44 7 21 0 0.44 0.0 0 11.2 22 130 M M 8 1 30 130
14 57 37 47 10 18 0 1.09 0.0 0 6.1 23 280 M M 9 1 31 280
15 38 35 37 1 28 0 0.00 0.0 0 8.5 17 270 M M 10 27 250
16 36 30 33 -3 32 0 0.00 0.0 0 9.9 22 250 M M 6 35 250
17 33 26 30 -6 35 0 0.00 0.0 0 12.9 20 300 M M 8 28 260
18 34 20 27 -9 38 0 0.00 0.0 0 5.9 16 290 M M 0 22 290
19 40 21 31 -5 34 0 0.00 0.0 0 4.7 12 140 M M 4 15 150
20 45 26 36 1 29 0 0.00 0.0 0 5.0 17 360 M M 3 22 350
21 39 24 32 -3 33 0 0.00 0.0 0 4.4 12 30 M M 6 18 14 30
22 36 -5 16 -19 49 0 M M 0 15.1 35 300 M M 10 12689 45 310
23 8 -5 2 -33 63 0 0.00 0.0 M 17.7 28 300 M M 7 38 290
24 21 8 15 -19 50 0 0.00 0.0 M 13.7 22 280 M M 0 34 280
25 26 9 18 -16 47 0 0.03 M M 7.9 16 290 M M 1 18 24 300
26 33 20 27 -7 38 0 T M M 9.1 18 320 M M 10 18 24 320
27 32 13 23 -11 42 0 0.00 0.0 M 7.1 16 160 M M 2 22 160
28 57 27 42 8 23 0 0.00 0.0 M 12.0 23 170 M M 0 34 190
29 63 49 56 22 9 0 0.00 0.0 M 10.5 18 180 M M 6 30 180
30 61 34 48 15 17 0 1.03 0.0 M 5.3 15 320 M M 9 13 19 320
31 50 33 42 9 23 0 0.00 0.0 M 4.8 15 150 M M 4 18 23 160
================================================================================
SM 1345 839 913 0 2.87 0.0 240.5 M 181
================================================================================
AV 43.4 27.1 7.8 FASTST M M 6 MAX(MPH)
MISC ----> 35 300 45 310
================================================================================
NOTES:
# LAST OF SEVERAL OCCURRENCES
COLUMN 17 PEAK WIND IN M.P.H.
PRELIMINARY LOCAL CLIMATOLOGICAL DATA (WS FORM: F-6) , PAGE 2
STATION: CAHOKIA/ST. LOUIS
MONTH: DECEMBER
YEAR: 2022
LATITUDE: 38 34 N
LONGITUDE: 90 9 W
[TEMPERATURE DATA] [PRECIPITATION DATA] SYMBOLS USED IN COLUMN 16
AVERAGE MONTHLY: 35.2 TOTAL FOR MONTH: 2.87 1 = FOG OR MIST
DPTR FM NORMAL: -1.2 DPTR FM NORMAL: 0.55 2 = FOG REDUCING VISIBILITY
HIGHEST: 63 ON 29 GRTST 24HR 1.10 ON 13-14 TO 1/4 MILE OR LESS
LOWEST: -5 ON 23,22 3 = THUNDER
SNOW, ICE PELLETS, HAIL 4 = ICE PELLETS
TOTAL MONTH: 0.0 INCH 5 = HAIL
GRTST 24HR 0.0 6 = FREEZING RAIN OR DRIZZLE
GRTST DEPTH: 0 7 = DUSTSTORM OR SANDSTORM:
VSBY 1/2 MILE OR LESS
8 = SMOKE OR HAZE
[NO. OF DAYS WITH] [WEATHER - DAYS WITH] 9 = BLOWING SNOW
X = TORNADO
MAX 32 OR BELOW: 4 0.01 INCH OR MORE: 7
MAX 90 OR ABOVE: 0 0.10 INCH OR MORE: 5
MIN 32 OR BELOW: 19 0.50 INCH OR MORE: 2
MIN 0 OR BELOW: 2 1.00 INCH OR MORE: 2
[HDD (BASE 65) ]
TOTAL THIS MO. 913 CLEAR (SCALE 0-3) 8
DPTR FM NORMAL 28 PTCLDY (SCALE 4-7) 14
TOTAL FM JUL 1 1882 CLOUDY (SCALE 8-10) 9
DPTR FM NORMAL 106
[CDD (BASE 65) ]
TOTAL THIS MO. 0
DPTR FM NORMAL 0 [PRESSURE DATA]
TOTAL FM JAN 1 1569 HIGHEST SLP 30.56 ON 1
DPTR FM NORMAL 94 LOWEST SLP 29.58 ON 14
[REMARKS]
#FINAL-12-22#