000
CXUS56 KLOX 011155
CF6CQT
PRELIMINARY LOCAL CLIMATOLOGICAL DATA (WS FORM: F-6)
STATION: DOWNTOWN LOS ANGELES (USC) CA
MONTH: APRIL
YEAR: 2022
LATITUDE: 34 1 N
LONGITUDE: 118 17 W
TEMPERATURE IN F: :PCPN: SNOW: WIND :SUNSHINE: SKY :PK WND
================================================================================
1 2 3 4 5 6A 6B 7 8 9 10 11 12 13 14 15 16 17 18
12Z AVG MX 2MIN
DY MAX MIN AVG DEP HDD CDD WTR SNW DPTH SPD SPD DIR MIN PSBL S-S WX SPD DR
================================================================================
1 67 52 60 -2 5 0 0.00 M M 1.3 9 260 M M 2 17 260
2 65 54 60 -2 5 0 0.00 M M 2.1 9 270 M M 9 15 260
3 65 54 60 -3 5 0 0.00 M M 2.6 9 270 M M 9 15 270
4 69 54 62 -1 3 0 0.00 M M 1.1 8 270 M M 4 8 14 270
5 78 54 66 3 0 1 0.00 M M 1.2 7 260 M M 0 8 12 260
6 88 57 73 10 0 8 0.00 M M 1.0 7 280 M M 0 18 12 270
7 95 60 78 15 0 13 0.00 M M 0.9 8 270 M M 0 14 270
8 95 64 80 17 0 15 0.00 M M 1.6 10 270 M M 0 18 270
9 81 62 72 9 0 7 0.00 M M 1.6 9 260 M M 1 13 260
10 69 59 64 1 1 0 0.00 M M 1.3 8 270 M M 10 8 14 270
11 66 55 61 -2 4 0 0.00 M M 1.5 10 270 M M 9 8 18 260
12 68 51 60 -3 5 0 0.00 M M 6.7 13 260 M M 1 22 340
13 68 52 60 -3 5 0 0.00 M M 2.4 10 330 M M 0 22 330
14 68 51 60 -4 5 0 0.00 M M 1.6 10 270 M M 0 17 270
15 70 54 62 -2 3 0 0.00 M M 2.2 12 270 M M 0 8 17 260
16 67 53 60 -4 5 0 0.00 M M 3.1 12 260 M M 3 23 260
17 67 53 60 -4 5 0 0.00 M M 1.1 9 270 M M 2 1 15 260
18 74 53 64 0 1 0 0.00 M M 1.5 12 260 M M 0 17 270
19 71 57 64 0 1 0 0.00 M M 1.7 12 260 M M 0 21 270
20 69 55 62 -2 3 0 0.00 M M 2.8 10 260 M M 4 8 17 260
21 67 53 60 -4 5 0 0.28 M M 4.2 12 260 M M 2 18 22 260
22 65 54 60 -4 5 0 0.05 M M 3.6 15 270 M M 3 1 26 270
23 72 53 63 -1 2 0 0.00 M M 2.3 10 260 M M 1 18 260
24 84 55 70 6 0 5 0.00 M M 1.8 12 260 M M 0 8 20 260
25 89 59 74 10 0 9 0.00 M M 1.8 10 260 M M 0 17 260
26 81 59 70 6 0 5 0.00 M M 1.7 10 80 M M 0 18 90
27 72 56 64 -1 1 0 0.00 M M 2.7 10 260 M M 5 8 17 270
28 66 55 61 -4 4 0 0.00 M M 1.8 9 260 M M 6 8 17 260
29 70 53 62 -3 3 0 0.00 M M 2.0 9 260 M M 2 8 14 260
30 75 54 65 0 0 0 0.00 M M 1.7 9 270 M M 0 16 270
================================================================================
SM 2201 1655 76 63 0.33 M 62.9 M 73
================================================================================
AV 73.4 55.2 2.1 FASTST M M 2 MAX(MPH)
MISC ----> 15 270 26 270
================================================================================
NOTES:
# LAST OF SEVERAL OCCURRENCES
COLUMN 17 PEAK WIND IN M.P.H.
PRELIMINARY LOCAL CLIMATOLOGICAL DATA (WS FORM: F-6) , PAGE 2
STATION: DOWNTOWN LOS ANGELES (USC) CA
MONTH: APRIL
YEAR: 2022
LATITUDE: 34 1 N
LONGITUDE: 118 17 W
[TEMPERATURE DATA] [PRECIPITATION DATA] SYMBOLS USED IN COLUMN 16
AVERAGE MONTHLY: 64.3 TOTAL FOR MONTH: 0.33 1 = FOG OR MIST
DPTR FM NORMAL: 0.7 DPTR FM NORMAL: -0.36 2 = FOG REDUCING VISIBILITY
HIGHEST: 95 ON 8, 7 GRTST 24HR 0.33 ON 21-22 TO 1/4 MILE OR LESS
LOWEST: 51 ON 14,12 3 = THUNDER
SNOW, ICE PELLETS, HAIL 4 = ICE PELLETS
TOTAL MONTH: M 5 = HAIL
GRTST 24HR M ON M 6 = FREEZING RAIN OR DRIZZLE
GRTST DEPTH: M ON M 7 = DUSTSTORM OR SANDSTORM:
VSBY 1/2 MILE OR LESS
8 = SMOKE OR HAZE
[NO. OF DAYS WITH] [WEATHER - DAYS WITH] 9 = BLOWING SNOW
X = TORNADO
MAX 32 OR BELOW: 0 0.01 INCH OR MORE: 2
MAX 90 OR ABOVE: 2 0.10 INCH OR MORE: 1
MIN 32 OR BELOW: 0 0.50 INCH OR MORE: 0
MIN 0 OR BELOW: 0 1.00 INCH OR MORE: 0
[HDD (BASE 65) ]
TOTAL THIS MO. 76 CLEAR (SCALE 0-3) 21
DPTR FM NORMAL -11 PTCLDY (SCALE 4-7) 5
TOTAL FM JUL 1 996 CLOUDY (SCALE 8-10) 4
DPTR FM NORMAL 32
[CDD (BASE 65) ]
TOTAL THIS MO. 63
DPTR FM NORMAL 18 [PRESSURE DATA]
TOTAL FM JAN 1 98 HIGHEST SLP M ON M
DPTR FM NORMAL 11 LOWEST SLP 29.73 ON 9
[REMARKS]
#FINAL-04-22#