000
CXUS52 KILM 011000
CF6CRE
PRELIMINARY LOCAL CLIMATOLOGICAL DATA (WS FORM: F-6)
STATION: N.MYRTLE BEACH SOUTH CAROLINA
MONTH: MAY
YEAR: 2023
LATITUDE: 33 49 N
LONGITUDE: 78 43 W
TEMPERATURE IN F: :PCPN: SNOW: WIND :SUNSHINE: SKY :PK WND
================================================================================
1 2 3 4 5 6A 6B 7 8 9 10 11 12 13 14 15 16 17 18
12Z AVG MX 2MIN
DY MAX MIN AVG DEP HDD CDD WTR SNW DPTH SPD SPD DIR MIN PSBL S-S WX SPD DR
================================================================================
1 73 50 62 -5 3 0 0.00 M M 10.3 28 240 M M 1 39 240
2 74 51 63 -4 2 0 0.00 M M 10.2 24 240 M M 0 36 230
3 72 49 61 -6 4 0 0.00 M M 8.1 18 320 M M 0 29 300
4 71 45 58 -10 7 0 0.00 M M 6.3 17 200 M M 0 22 200
5 71 49 60 -8 5 0 0.00 M M 3.9 10 180 M M 0 14 130
6 75 53 64 -4 1 0 0.00 M M 6.7 16 190 M M 0 1 19 180
7 76 57 67 -1 0 2 0.00 M M 12.0 25 220 M M 0 34 210
8 80 65 73 5 0 8 0.02 M M 12.4 22 210 M M 2 28 210
9 87 67 77 8 0 12 T M M 9.3 23 220 M M 0 13 28 220
10 77 60 69 0 0 4 0.00 M M 10.7 20 100 M M 1 1 24 110
11 76 59 68 -1 0 3 0.00 M M 8.3 15 110 M M 2 8 19 100
12 76 68 72 3 0 7 0.00 M M 7.9 13 160 M M 0 18 140
13 77 62 70 0 0 5 0.00 M M 8.3 14 190 M M 0 18 180
14 79 69 74 4 0 9 0.13 M M 7.5 15 240 M M 7 13 18 240
15 77 62 70 0 0 5 0.00 M M 10.2 17 110 M M 2 23 90
16 79 70 75 5 0 10 0.00 M M 11.7 21 210 M M 2 27 220
17 87 69 78 7 0 13 0.93 M M 7.3 14 130 M M 4 13 20 110
18 72 64 68 -3 0 3 0.13 M M 12.5 22 60 M M 10 1 28 90
19 77 63 70 -1 0 5 0.19 M M 9.8 16 20 M M 9 1 22 20
20 79 64 72 1 0 7 T M M 5.8 15 190 M M 7 1 17 200
21 79 64 72 0 0 7 0.07 M M 4.2 13 50 M M 7 1 16 90
22 81 61 71 -1 0 6 0.00 M M 10.1 20 60 M M 1 24 70
23 79 59 69 -3 0 4 0.00 M M 10.9 18 110 M M 2 28 90
24 80 56 68 -4 0 3 0.00 M M 6.9 15 120 M M 1 20 30
25 80 61 71 -2 0 6 T M M 12.9 23 30 M M 7 31 40
26 63 56 60 -13 5 0 0.20 M M 14.9 23 20 M M 9 1 31 20
27 65 55 60 -13 5 0 0.88 M M 20.6 28 50 M M 10 1 39 20
28 74 63 69 -4 0 4 0.56 M M 10.0 17 40 M M 10 1 23 230
29 75 62 69 -5 0 4 0.00 M M 5.8 13 190 M M 7 1 19 320
30 79 59 69 -5 0 4 0.00 M M 5.2 16 100 M M 3 1 20 100
31 79 65 72 -2 0 7 0.00 M M 6.7 15 40 M M 7 18 40
================================================================================
SM 2369 1857 32 138 3.11 M 287.4 M 111
================================================================================
AV 76.4 59.9 9.3 FASTST M M 4 MAX(MPH)
MISC ----> # 28 240 # 39 240
================================================================================
NOTES:
# LAST OF SEVERAL OCCURRENCES
COLUMN 17 PEAK WIND IN M.P.H.
PRELIMINARY LOCAL CLIMATOLOGICAL DATA (WS FORM: F-6) , PAGE 2
STATION: N.MYRTLE BEACH SOUTH CAROLINA
MONTH: MAY
YEAR: 2023
LATITUDE: 33 49 N
LONGITUDE: 78 43 W
[TEMPERATURE DATA] [PRECIPITATION DATA] SYMBOLS USED IN COLUMN 16
AVERAGE MONTHLY: 68.2 TOTAL FOR MONTH: 3.11 1 = FOG OR MIST
DPTR FM NORMAL: -2.2 DPTR FM NORMAL: 0.15 2 = FOG REDUCING VISIBILITY
HIGHEST: 87 ON 17, 9 GRTST 24HR 1.14 ON 27-28 TO 1/4 MILE OR LESS
LOWEST: 45 ON 4 3 = THUNDER
SNOW, ICE PELLETS, HAIL 4 = ICE PELLETS
TOTAL MONTH: M 5 = HAIL
GRTST 24HR M ON M 6 = FREEZING RAIN OR DRIZZLE
GRTST DEPTH: M ON M 7 = DUSTSTORM OR SANDSTORM:
VSBY 1/2 MILE OR LESS
8 = SMOKE OR HAZE
[NO. OF DAYS WITH] [WEATHER - DAYS WITH] 9 = BLOWING SNOW
X = TORNADO
MAX 32 OR BELOW: 0 0.01 INCH OR MORE: 9
MAX 90 OR ABOVE: 0 0.10 INCH OR MORE: 7
MIN 32 OR BELOW: 0 0.50 INCH OR MORE: 3
MIN 0 OR BELOW: 0 1.00 INCH OR MORE: 0
[HDD (BASE 65) ]
TOTAL THIS MO. 32 CLEAR (SCALE 0-3) 19
DPTR FM NORMAL 12 PTCLDY (SCALE 4-7) 7
TOTAL FM JUL 1 1953 CLOUDY (SCALE 8-10) 5
DPTR FM NORMAL -388
[CDD (BASE 65) ]
TOTAL THIS MO. 138
DPTR FM NORMAL -50 [PRESSURE DATA]
TOTAL FM JAN 1 243 HIGHEST SLP 30.28 ON 6
DPTR FM NORMAL -5 LOWEST SLP 29.55 ON 2
[REMARKS]
#FINAL-05-23#