000
CXUS52 KILM 011916
CF6CRE
PRELIMINARY LOCAL CLIMATOLOGICAL DATA (WS FORM: F-6)
STATION: N.MYRTLE BEACH SOUTH CAROLINA
MONTH: FEBRUARY
YEAR: 2022
LATITUDE: 33 49 N
LONGITUDE: 78 43 W
TEMPERATURE IN F: :PCPN: SNOW: WIND :SUNSHINE: SKY :PK WND
================================================================================
1 2 3 4 5 6A 6B 7 8 9 10 11 12 13 14 15 16 17 18
12Z AVG MX 2MIN
DY MAX MIN AVG DEP HDD CDD WTR SNW DPTH SPD SPD DIR MIN PSBL S-S WX SPD DR
================================================================================
1 53 32 43 -4 22 0 0.00 M M 6.5 15 40 M M 0 19 60
2 63 34 49 2 16 0 0.00 M M 7.3 13 90 M M 2 19 90
3 69 49 59 12 6 0 0.02 M M 9.3 17 150 M M 3 1 25 150
4 66 58 62 15 3 0 0.33 M M 14.0 25 220 M M 9 1 31 220
5 62 36 49 2 16 0 0.04 M M 11.0 24 40 M M 3 30 20
6 51 34 43 -4 22 0 T M M 10.6 17 50 M M 8 22 50
7 47 42 45 -2 20 0 0.10 M M 9.4 18 40 M M 10 1 24 30
8 53 33 43 -5 22 0 0.00 M M 3.4 10 360 M M 5 1 16 290
9 58 32 45 -3 20 0 0.00 M M 3.8 10 170 M M 0 1 13 190
10 63 34 49 1 16 0 0.00 M M 5.3 13 220 M M 0 15 220
11 62 38 50 2 15 0 0.00 M M 5.0 13 190 M M 0 16 210
12 69 43 56 8 9 0 0.00 M M 5.5 13 280 M M 2 19 270
13 57 41 49 1 16 0 0.07 M M 4.3 12 10 M M 8 1 17 350
14 50 31 41 -8 24 0 0.00 M M 4.6 17 200 M M 0 1 22 210
15 53 32 43 -6 22 0 0.00 M M 9.3 16 110 M M 0 1 20 40
16 64 43 54 5 11 0 0.00 M M 8.3 18 90 M M 4 25 100
17 71 50 61 12 4 0 T M M 9.4 22 180 M M 5 1 28 200
18 75 52 64 14 1 0 0.21 M M 15.6 30 220 M M 6 1 40 220
19 61 38 50 0 15 0 0.00 M M 6.9 16 280 M M 0 22 280
20 55 33 44 -6 21 0 0.00 M M 8.3 15 110 M M 0 19 40
21 67 42 55 5 10 0 T M M 6.0 14 200 M M 7 18 190
22 71 57 64 14 1 0 T M M 8.5 15 200 M M 7 24 200
23 72 57 65 14 0 0 0.00 M M 9.3 17 200 M M 4 12 23 220
24 72 53 63 12 2 0 0.00 M M 6.1 15 100 M M 7 128 21 100
25 68 56 62 11 3 0 0.00 M M 9.5 23 220 M M 4 128 27 210
26 61 45 53 2 12 0 0.00 M M 8.5 17 60 M M 5 1 21 60
27 56 41 49 -2 16 0 0.66 M M 4.6 9 10 M M 8 1 12 360
28 58 40 49 -3 16 0 0.00 M M 9.1 21 40 M M 1 1 26 50
================================================================================
SM 1727 1176 361 0 1.43 M 219.4 M 108
================================================================================
AV 61.7 42.0 7.8 FASTST M M 4 MAX(MPH)
MISC ----> 30 220 40 220
================================================================================
NOTES:
# LAST OF SEVERAL OCCURRENCES
COLUMN 17 PEAK WIND IN M.P.H.
PRELIMINARY LOCAL CLIMATOLOGICAL DATA (WS FORM: F-6) , PAGE 2
STATION: N.MYRTLE BEACH SOUTH CAROLINA
MONTH: FEBRUARY
YEAR: 2022
LATITUDE: 33 49 N
LONGITUDE: 78 43 W
[TEMPERATURE DATA] [PRECIPITATION DATA] SYMBOLS USED IN COLUMN 16
AVERAGE MONTHLY: 51.8 TOTAL FOR MONTH: 1.43 1 = FOG OR MIST
DPTR FM NORMAL: 2.9 DPTR FM NORMAL: -1.75 2 = FOG REDUCING VISIBILITY
HIGHEST: 75 ON 18 GRTST 24HR 0.66 ON 27-27 TO 1/4 MILE OR LESS
LOWEST: 31 ON 14 3 = THUNDER
SNOW, ICE PELLETS, HAIL 4 = ICE PELLETS
TOTAL MONTH: M 5 = HAIL
GRTST 24HR M ON M 6 = FREEZING RAIN OR DRIZZLE
GRTST DEPTH: M ON M 7 = DUSTSTORM OR SANDSTORM:
VSBY 1/2 MILE OR LESS
8 = SMOKE OR HAZE
[NO. OF DAYS WITH] [WEATHER - DAYS WITH] 9 = BLOWING SNOW
X = TORNADO
MAX 32 OR BELOW: 0 0.01 INCH OR MORE: 7
MAX 90 OR ABOVE: 0 0.10 INCH OR MORE: 4
MIN 32 OR BELOW: 4 0.50 INCH OR MORE: 1
MIN 0 OR BELOW: 0 1.00 INCH OR MORE: 0
[HDD (BASE 65) ]
TOTAL THIS MO. 361 CLEAR (SCALE 0-3) 11
DPTR FM NORMAL -91 PTCLDY (SCALE 4-7) 15
TOTAL FM JUL 1 1708 CLOUDY (SCALE 8-10) 2
DPTR FM NORMAL -173
[CDD (BASE 65) ]
TOTAL THIS MO. 0
DPTR FM NORMAL -1 [PRESSURE DATA]
TOTAL FM JAN 1 0 HIGHEST SLP 30.65 ON 15
DPTR FM NORMAL 0 LOWEST SLP 29.86 ON 18
[REMARKS]
#FINAL-02-22#