000
CXUS52 KILM 011000
CF6CRE
PRELIMINARY LOCAL CLIMATOLOGICAL DATA (WS FORM: F-6)
STATION: N.MYRTLE BEACH SOUTH CAROLINA
MONTH: FEBRUARY
YEAR: 2020
LATITUDE: 33 49 N
LONGITUDE: 78 43 W
TEMPERATURE IN F: :PCPN: SNOW: WIND :SUNSHINE: SKY :PK WND
================================================================================
1 2 3 4 5 6A 6B 7 8 9 10 11 12 13 14 15 16 17 18
12Z AVG MX 2MIN
DY MAX MIN AVG DEP HDD CDD WTR SNW DPTH SPD SPD DIR MIN PSBL S-S WX SPD DR
================================================================================
1 49 43 46 0 19 0 0.04 M M 6.2 14 30 M M 9 1 22 330
2 61 40 51 5 14 0 0.00 M M 10.0 24 220 M M 0 29 210
3 64 49 57 11 8 0 0.00 M M 8.9 16 220 M M 0 23 270
4 66 48 57 11 8 0 0.03 M M 11.4 22 220 M M 0 26 210
5 66 55 61 15 4 0 0.00 M M 9.0 17 220 M M 1 21 220
6 69 58 64 17 1 0 1.81 M M 15.4 30 210 M M 9 138 42 230
7 67 42 55 8 10 0 0.34 M M 16.1 46 210 M M 2 1 61 210
8 48 33 41 -6 24 0 0.00 M M 2.7 10 190 M M 4 13 130
9 57 34 46 -1 19 0 0.00 M M 4.6 12 130 M M 0 1 15 140
10 68 39 54 7 11 0 0.00 M M 5.8 14 170 M M 2 1 20 180
11 71 62 67 20 0 2 0.00 M M 14.8 24 220 M M 5 12 31 210
12 70 59 65 18 0 0 0.00 M M 5.8 17 100 M M 8 12 22 110
13 71 60 66 18 0 1 0.12 M M 14.6 31 210 M M 9 12 39 210
14 64 42 53 5 12 0 T M M 8.6 17 40 M M 3 25 30
15 52 36 44 -4 21 0 0.00 M M 9.7 20 30 M M 0 26 40
16 60 39 50 2 15 0 0.15 M M 4.8 8 360 M M 9 1 11 350
17 61 49 55 7 10 0 0.02 M M 4.9 12 360 M M 8 1 16 20
18 64 49 57 9 8 0 0.21 M M 3.6 10 210 M M 7 1 12 210
19 64 49 57 8 8 0 0.86 M M 7.7 23 30 M M 10 1 30 40
20 49 38 44 -5 21 0 1.19 M M 14.0 25 20 M M 10 1 36 20
21 43 31 37 -12 28 0 0.02 M M 14.1 25 20 M M 4 1 35 20
22 52 27 40 -9 25 0 0.00 M M 4.6 12 40 M M 0 16 40
23 56 30 43 -6 22 0 0.00 M M 2.0 9 160 M M 1 12 13 190
24 59 48 54 4 11 0 0.02 M M 3.6 10 110 M M 9 1 14 110
25 69 56 63 13 2 0 0.36 M M 7.2 21 200 M M 7 1 30 210
26 65 57 61 11 4 0 0.63 M M 8.0 23 220 M M 10 12 28 230
27 58 39 49 -1 16 0 0.00 M M 8.1 23 270 M M 1 31 280
28 57 34 46 -4 19 0 0.00 M M 6.7 20 250 M M 0 26 240
29 56 35 46 -5 19 0 0.00 M M 5.9 16 300 M M 1 25 280
================================================================================
SM 1756 1281 359 3 5.80 M 238.8 M 129
================================================================================
AV 60.6 44.2 8.2 FASTST M M 4 MAX(MPH)
MISC ----> # 46 210 # 61 210
================================================================================
NOTES:
# LAST OF SEVERAL OCCURRENCES
COLUMN 17 PEAK WIND IN M.P.H.
PRELIMINARY LOCAL CLIMATOLOGICAL DATA (WS FORM: F-6) , PAGE 2
STATION: N.MYRTLE BEACH SOUTH CAROLINA
MONTH: FEBRUARY
YEAR: 2020
LATITUDE: 33 49 N
LONGITUDE: 78 43 W
[TEMPERATURE DATA] [PRECIPITATION DATA] SYMBOLS USED IN COLUMN 16
AVERAGE MONTHLY: 52.4 TOTAL FOR MONTH: 5.80 1 = FOG OR MIST
DPTR FM NORMAL: 4.4 DPTR FM NORMAL: 2.38 2 = FOG REDUCING VISIBILITY
HIGHEST: 71 ON 13,11 GRTST 24HR 1.81 ON 6- 6 TO 1/4 MILE OR LESS
LOWEST: 27 ON 22 3 = THUNDER
SNOW, ICE PELLETS, HAIL 4 = ICE PELLETS
TOTAL MONTH: M 5 = HAIL
GRTST 24HR M ON M 6 = FREEZING RAIN OR DRIZZLE
GRTST DEPTH: M ON M 7 = DUSTSTORM OR SANDSTORM:
VSBY 1/2 MILE OR LESS
8 = SMOKE OR HAZE
[NO. OF DAYS WITH] [WEATHER - DAYS WITH] 9 = BLOWING SNOW
X = TORNADO
MAX 32 OR BELOW: 0 0.01 INCH OR MORE: 14
MAX 90 OR ABOVE: 0 0.10 INCH OR MORE: 9
MIN 32 OR BELOW: 3 0.50 INCH OR MORE: 4
MIN 0 OR BELOW: 0 1.00 INCH OR MORE: 2
[HDD (BASE 65) ]
TOTAL THIS MO. 359 CLEAR (SCALE 0-3) 14
DPTR FM NORMAL -117 PTCLDY (SCALE 4-7) 6
TOTAL FM JUL 1 1438 CLOUDY (SCALE 8-10) 9
DPTR FM NORMAL -520
[CDD (BASE 65) ]
TOTAL THIS MO. 3
DPTR FM NORMAL 3 [PRESSURE DATA]
TOTAL FM JAN 1 15 HIGHEST SLP 30.55 ON 15
DPTR FM NORMAL 15 LOWEST SLP 29.73 ON 26
[REMARKS]
#FINAL-02-20#