000
CXUS52 KJAX 011828
CF6CRG
PRELIMINARY LOCAL CLIMATOLOGICAL DATA (WS FORM: F-6)
STATION: CRAIG EXEC ARPT
MONTH: JUNE
YEAR: 2020
LATITUDE: 30 19 N
LONGITUDE: 81 31 W
TEMPERATURE IN F: :PCPN: SNOW: WIND :SUNSHINE: SKY :PK WND
================================================================================
1 2 3 4 5 6A 6B 7 8 9 10 11 12 13 14 15 16 17 18
12Z AVG MX 2MIN
DY MAX MIN AVG DEP HDD CDD WTR SNW DPTH SPD SPD DIR MIN PSBL S-S WX SPD DR
================================================================================
1 82 73 78 0 0 13 T 0.0 0 12.4 23 70 M M 5 1 31 60
2 81 66 74 -4 0 9 0.00 0.0 0 7.9 16 90 M M 2 24 80
3 81 63 72 -6 0 7 0.00 0.0 0 3.6 12 150 M M 1 17 100
4 80 71 76 -2 0 11 0.35 0.0 0 6.8 17 140 M M 6 1 23 150
5 82 71 77 -1 0 12 0.01 0.0 0 7.2 15 240 M M 5 21 300
6 80 72 76 -3 0 11 0.66 0.0 0 4.3 12 150 M M 7 1 14 200
7 74 71 73 -6 0 8 4.84 0.0 0 6.2 20 50 M M 8 13 25 50
8 86 71 79 0 0 14 0.17 0.0 0 4.6 17 350 M M 5 13 20 340
9 84 70 77 -2 0 12 0.10 0.0 0 2.9 15 160 M M 5 123 24 180
10 85 72 79 0 0 14 0.03 0.0 0 3.6 16 230 M M 5 123 21 230
11 83 69 76 -3 0 11 T 0.0 0 5.0 23 180 M M 3 1 26 170
12 85 70 78 -1 0 13 0.14 0.0 0 7.4 23 90 M M 7 13 30 100
13 83 70 77 -3 0 12 0.02 0.0 0 7.9 15 50 M M 3 20 30
14 81 69 75 -5 0 10 0.07 0.0 0 8.0 20 50 M M 3 1 24 60
15 82 68 75 -5 0 10 0.00 0.0 0 8.7 17 60 M M 3 23 40
16 79 64 72 -8 0 7 0.00 0.0 0 8.0 13 40 M M 2 18 340
17 80 63 72 -8 0 7 0.01 0.0 0 5.2 14 140 M M 4 1 18 140
18 88 69 79 -1 0 14 0.00 0.0 0 5.7 16 140 M M 3 20 140
19 86 70 78 -2 0 13 T 0.0 0 5.8 17 100 M M 2 3 21 110
20 89 69 79 -1 0 14 0.30 0.0 0 3.8 21 350 M M 2 13 34 340
21 93 73 83 3 0 18 0.00 0.0 0 4.7 14 150 M M 0 18 140
22 93 69 81 1 0 16 0.00 0.0 0 7.1 16 230 M M 2 3 20 220
23 95 77 86 6 0 21 0.05 0.0 0 9.4 32 250 M M 2 3 43 250
24 95 73 84 4 0 19 0.26 0.0 0 7.9 23 330 M M 2 13 30 330
25 93 73 83 3 0 18 0.01 0.0 0 4.2 12 190 M M 1 3 15 200
26 92 74 83 3 0 18 0.00 0.0 0 4.1 12 110 M M 0 14 100
27 93 73 83 2 0 18 0.75 0.0 0 4.2 29 220 M M 2 138 33 230
28 96 73 85 4 0 20 0.00 0.0 0 6.1 15 240 M M 0 20 260
29 96 79 88 7 0 23 0.00 0.0 0 8.0 16 300 M M 2 8 20 240
30 96 76 86 5 0 21 0.04 0.0 0 7.2 31 320 M M 1 3 43 310
================================================================================
SM 2593 2121 0 414 7.81 0.0 187.9 M 93
================================================================================
AV 86.4 70.7 6.3 FASTST M M 3 MAX(MPH)
MISC ----> 32 250 # 43 250
================================================================================
NOTES:
# LAST OF SEVERAL OCCURRENCES
COLUMN 17 PEAK WIND IN M.P.H.
PRELIMINARY LOCAL CLIMATOLOGICAL DATA (WS FORM: F-6) , PAGE 2
STATION: CRAIG EXEC ARPT
MONTH: JUNE
YEAR: 2020
LATITUDE: 30 19 N
LONGITUDE: 81 31 W
[TEMPERATURE DATA] [PRECIPITATION DATA] SYMBOLS USED IN COLUMN 16
AVERAGE MONTHLY: 78.6 TOTAL FOR MONTH: 7.81 1 = FOG OR MIST
DPTR FM NORMAL: -0.9 DPTR FM NORMAL: 1.96 2 = FOG REDUCING VISIBILITY
HIGHEST: 96 ON 30,29 GRTST 24HR 4.84 ON 7- 7 TO 1/4 MILE OR LESS
LOWEST: 63 ON 17, 3 3 = THUNDER
SNOW, ICE PELLETS, HAIL 4 = ICE PELLETS
TOTAL MONTH: 0.0 INCH 5 = HAIL
GRTST 24HR 0.0 6 = FREEZING RAIN OR DRIZZLE
GRTST DEPTH: 0 7 = DUSTSTORM OR SANDSTORM:
VSBY 1/2 MILE OR LESS
8 = SMOKE OR HAZE
[NO. OF DAYS WITH] [WEATHER - DAYS WITH] 9 = BLOWING SNOW
X = TORNADO
MAX 32 OR BELOW: 0 0.01 INCH OR MORE: 17
MAX 90 OR ABOVE: 10 0.10 INCH OR MORE: 9
MIN 32 OR BELOW: 0 0.50 INCH OR MORE: 3
MIN 0 OR BELOW: 0 1.00 INCH OR MORE: 1
[HDD (BASE 65) ]
TOTAL THIS MO. 0 CLEAR (SCALE 0-3) 17
DPTR FM NORMAL 0 PTCLDY (SCALE 4-7) 13
TOTAL FM JUL 1 729 CLOUDY (SCALE 8-10) 0
DPTR FM NORMAL -483
[CDD (BASE 65) ]
TOTAL THIS MO. 414
DPTR FM NORMAL -22 [PRESSURE DATA]
TOTAL FM JAN 1 1233 HIGHEST SLP 30.22 ON 26
DPTR FM NORMAL 335 LOWEST SLP 29.91 ON 30
[REMARKS]
#FINAL-06-20#