000
CXUS54 KCRP 011210
CF6CRP
PRELIMINARY LOCAL CLIMATOLOGICAL DATA (WS FORM: F-6)
STATION: CORPUS CHRISTI
MONTH: AUGUST
YEAR: 2021
LATITUDE: 27 46 N
LONGITUDE: 97 30 W
TEMPERATURE IN F: :PCPN: SNOW: WIND :SUNSHINE: SKY :PK WND
================================================================================
1 2 3 4 5 6A 6B 7 8 9 10 11 12 13 14 15 16 17 18
12Z AVG MX 2MIN
DY MAX MIN AVG DEP HDD CDD WTR SNW DPTH SPD SPD DIR MIN PSBL S-S WX SPD DR
================================================================================
1 95 74 85 -1 0 20 0.00 0.0 0 9.5 21 150 M M 2 1 26 140
2 95 75 85 -1 0 20 0.67 0.0 0 6.8 29 130 M M 4 13 33 130
3 92 75 84 -2 0 19 T 0.0 0 4.0 15 160 M M 8 3 20 160
4 95 77 86 0 0 21 0.18 0.0 0 5.3 16 100 M M 9 3 19 100
5 91 77 84 -2 0 19 0.05 0.0 0 5.3 20 10 M M 8 138 24 30
6 92 74 83 -3 0 18 0.07 0.0 0 4.9 21 200 M M 7 13 28 190
7 93 75 84 -2 0 19 0.00 0.0 0 10.4 20 150 M M 4 1 27 140
8 92 77 85 -1 0 20 0.00 0.0 0 12.3 24 150 M M 3 34 150
9 92 79 86 0 0 21 0.00 0.0 0 14.0 24 150 M M 2 33 160
10 93 79 86 0 0 21 0.00 0.0 0 11.1 22 150 M M 3 8 32 130
11 94 77 86 0 0 21 0.00 0.0 0 9.6 18 150 M M 4 8 23 140
12 95 75 85 -1 0 20 0.00 0.0 0 8.7 21 130 M M 4 25 130
13 95 76 86 0 0 21 0.00 0.0 0 7.7 18 140 M M 4 26 120
14 93 75 84 -2 0 19 0.00 0.0 0 5.3 14 100 M M 6 3 17 60
15 95 74 85 -1 0 20 T 0.0 0 6.6 18 90 M M 5 3 23 90
16 92 74 83 -3 0 18 T 0.0 0 6.9 15 120 M M 6 3 19 110
17 98 74 86 0 0 21 0.00 0.0 0 10.2 22 140 M M 7 29 140
18 98 80 89 3 0 24 T 0.0 0 15.1 29 150 M M 6 18 33 140
19 97 77 87 1 0 22 0.00 0.0 0 13.8 24 140 M M 3 29 120
20 98 75 87 1 0 22 0.00 0.0 0 12.0 24 140 M M 4 34 140
21 98 78 88 3 0 23 0.01 0.0 0 11.6 23 120 M M 4 29 140
22 97 74 86 1 0 21 0.00 0.0 0 8.2 20 140 M M 3 25 120
23 97 73 85 0 0 20 0.00 0.0 0 8.3 20 140 M M 3 28 130
24 97 75 86 1 0 21 0.00 0.0 0 8.4 18 140 M M 3 25 120
25 97 75 86 1 0 21 0.08 0.0 0 6.8 18 130 M M 3 25 100
26 97 73 85 0 0 20 0.00 0.0 0 6.5 20 110 M M 5 23 110
27 90 75 83 -2 0 18 0.43 0.0 0 6.6 16 20 M M 6 13 20 10
28 93 74 84 -1 0 19 0.00 0.0 0 7.9 18 100 M M 6 24 90
29 94 75 85 0 0 20 0.00 0.0 0 5.2 15 100 M M 6 3 20 90
30 98 73 86 2 0 21 0.00 0.0 0 8.0 18 150 M M 3 22 150
31 97 74 86 2 0 21 0.00 0.0 0 10.5 22 140 M M 2 8 26 120
================================================================================
SM 2940 2338 0 631 1.49 0.0 267.5 M 143
================================================================================
AV 94.8 75.4 8.6 FASTST M M 5 MAX(MPH)
MISC ----> # 29 130 # 34 150
================================================================================
NOTES:
# LAST OF SEVERAL OCCURRENCES
COLUMN 17 PEAK WIND IN M.P.H.
PRELIMINARY LOCAL CLIMATOLOGICAL DATA (WS FORM: F-6) , PAGE 2
STATION: CORPUS CHRISTI
MONTH: AUGUST
YEAR: 2021
LATITUDE: 27 46 N
LONGITUDE: 97 30 W
[TEMPERATURE DATA] [PRECIPITATION DATA] SYMBOLS USED IN COLUMN 16
AVERAGE MONTHLY: 85.1 TOTAL FOR MONTH: 1.49 1 = FOG OR MIST
DPTR FM NORMAL: -0.3 DPTR FM NORMAL: -1.26 2 = FOG REDUCING VISIBILITY
HIGHEST: 98 ON 30,21 GRTST 24HR 0.67 ON 2- 2 TO 1/4 MILE OR LESS
LOWEST: 73 ON 30,26 3 = THUNDER
SNOW, ICE PELLETS, HAIL 4 = ICE PELLETS
TOTAL MONTH: 0.0 INCH 5 = HAIL
GRTST 24HR 0.0 6 = FREEZING RAIN OR DRIZZLE
GRTST DEPTH: 0 7 = DUSTSTORM OR SANDSTORM:
VSBY 1/2 MILE OR LESS
8 = SMOKE OR HAZE
[NO. OF DAYS WITH] [WEATHER - DAYS WITH] 9 = BLOWING SNOW
X = TORNADO
MAX 32 OR BELOW: 0 0.01 INCH OR MORE: 7
MAX 90 OR ABOVE: 31 0.10 INCH OR MORE: 3
MIN 32 OR BELOW: 0 0.50 INCH OR MORE: 1
MIN 0 OR BELOW: 0 1.00 INCH OR MORE: 0
[HDD (BASE 65) ]
TOTAL THIS MO. 0 CLEAR (SCALE 0-3) 6
DPTR FM NORMAL 0 PTCLDY (SCALE 4-7) 23
TOTAL FM JUL 1 0 CLOUDY (SCALE 8-10) 2
DPTR FM NORMAL 0
[CDD (BASE 65) ]
TOTAL THIS MO. 631
DPTR FM NORMAL -1 [PRESSURE DATA]
TOTAL FM JAN 1 2651 HIGHEST SLP 30.11 ON 14
DPTR FM NORMAL -70 LOWEST SLP 29.71 ON 31
[REMARKS]
#FINAL-08-21#