000
CXUS54 KFWD 220502
CF6CRS
PRELIMINARY LOCAL CLIMATOLOGICAL DATA (WS FORM: F-6)
STATION: CORSICANA
MONTH: JULY
YEAR: 2022
LATITUDE: 32 1 N
LONGITUDE: 96 24 W
TEMPERATURE IN F: :PCPN: SNOW: WIND :SUNSHINE: SKY :PK WND
================================================================================
1 2 3 4 5 6A 6B 7 8 9 10 11 12 13 14 15 16 17 18
12Z AVG MX 2MIN
DY MAX MIN AVG DEP HDD CDD WTR SNW DPTH SPD SPD DIR MIN PSBL S-S WX SPD DR
================================================================================
1 95 73 84 1 0 19 0.00 M M 7.6 17 140 M M 3 23 120
2 96 74 85 2 0 20 0.57 M M 7.8 18 90 M M 2 3 33 110
3 100 79 90 7 0 25 0.00 M M 10.8 17 220 M M 1 24 180
4 99 77 88 5 0 23 0.00 M M 10.0 21 150 M M 1 28 170
5 100 76 88 4 0 23 0.00 M M 9.8 17 190 M M 0 25 160
6 101 78 90 6 0 25 0.00 M M 10.6 18 220 M M 0 25 200
7 101 79 90 6 0 25 0.00 M M 9.7 18 220 M M 0 26 200
8 103 79 91 7 0 26 0.00 M M 9.7 18 200 M M 0 27 160
9 106 80 93 9 0 28 0.00 M M 7.2 15 300 M M 1 25 230
10 105 78 92 8 0 27 0.00 M M 7.9 17 100 M M 0 25 90
11 104 79 92 8 0 27 0.00 M M 6.1 14 100 M M 0 18 50
12 105 78 92 8 0 27 0.00 M M 7.2 15 30 M M 0 23 30
13 105 78 92 8 0 27 0.00 M M 5.4 18 150 M M 0 24 140
14 93 72 83 -1 0 18 0.23 M M 9.2 25 100 M M 1 3 36 110
15 97 74 86 2 0 21 0.00 M M 7.3 17 120 M M 0 23 150
16 98 75 87 2 0 22 0.00 M M 8.2 15 160 M M 0 22 160
17 M M M M M M M M M 8.4 9 190 M M 0 M M
18 M M M M M M M M M M M M M M M M M
19 M M M M M M M M M M M M M M M M M
20 M M M M M M M M M M M M M M M M M
21 102 79 91 6 0 26 0.00 M M 9.6 20 200 M M 1 27 190
22 99 78 89 4 0 24 0.00 M M 10.4 37 150 M M 1 8 48 140
23 101 76 89 4 0 24 0.00 M M 11.1 18 210 M M 2 26 180
24 102 79 91 6 0 26 0.00 M M 11.4 20 160 M M 1 29 190
25 102 79 91 6 0 26 0.00 M M 10.9 17 150 M M 0 24 200
26 103 78 91 5 0 26 0.00 M M 11.4 18 180 M M 0 26 170
27 102 79 91 5 0 26 0.00 M M 11.8 22 160 M M 0 30 160
28 101 78 90 4 0 25 0.00 M M 10.8 21 160 M M 1 29 170
29 101 78 90 4 0 25 0.00 M M 10.4 18 200 M M 1 24 220
30 102 79 91 5 0 26 0.00 M M 11.8 22 160 M M 1 31 200
31 101 81 91 5 0 26 0.00 M M 10.7 20 220 M M 0 27 170
================================================================================
SM 2724 2093 0 663 0.80 M 263.2 M 17
================================================================================
AV100.9 77.5 9.4 FASTST M M 1 MAX(MPH)
MISC ----> 37 150 48 140
================================================================================
NOTES:
# LAST OF SEVERAL OCCURRENCES
COLUMN 17 PEAK WIND IN M.P.H.
PRELIMINARY LOCAL CLIMATOLOGICAL DATA (WS FORM: F-6) , PAGE 2
STATION: CORSICANA
MONTH: JULY
YEAR: 2022
LATITUDE: 32 1 N
LONGITUDE: 96 24 W
[TEMPERATURE DATA] [PRECIPITATION DATA] SYMBOLS USED IN COLUMN 16
AVERAGE MONTHLY: 89.2 TOTAL FOR MONTH: 0.80 1 = FOG OR MIST
DPTR FM NORMAL: 4.6 DPTR FM NORMAL: -1.48 2 = FOG REDUCING VISIBILITY
HIGHEST: 106 ON 9 GRTST 24HR 0.57 ON 2- 2 TO 1/4 MILE OR LESS
LOWEST: 72 ON 14 3 = THUNDER
SNOW, ICE PELLETS, HAIL 4 = ICE PELLETS
TOTAL MONTH: M 5 = HAIL
GRTST 24HR M ON M 6 = FREEZING RAIN OR DRIZZLE
GRTST DEPTH: M ON M 7 = DUSTSTORM OR SANDSTORM:
VSBY 1/2 MILE OR LESS
8 = SMOKE OR HAZE
[NO. OF DAYS WITH] [WEATHER - DAYS WITH] 9 = BLOWING SNOW
X = TORNADO
MAX 32 OR BELOW: 0 0.01 INCH OR MORE: 2
MAX 90 OR ABOVE: 27 0.10 INCH OR MORE: 2
MIN 32 OR BELOW: 0 0.50 INCH OR MORE: 1
MIN 0 OR BELOW: 0 1.00 INCH OR MORE: 0
[HDD (BASE 65) ]
TOTAL THIS MO. 0 CLEAR (SCALE 0-3) 28
DPTR FM NORMAL 0 PTCLDY (SCALE 4-7) 0
TOTAL FM JUL 1 0 CLOUDY (SCALE 8-10) 3
DPTR FM NORMAL 0
[CDD (BASE 65) ]
TOTAL THIS MO. 663
DPTR FM NORMAL 57 [PRESSURE DATA]
TOTAL FM JAN 1 1874 HIGHEST SLP 30.14 ON 14
DPTR FM NORMAL 333 LOWEST SLP 29.75 ON 11
[REMARKS]
#FINAL-07-22#