000
CXUS54 KFWD 010731
CF6CRS
PRELIMINARY LOCAL CLIMATOLOGICAL DATA (WS FORM: F-6)
STATION: CORSICANA
MONTH: AUGUST
YEAR: 2021
LATITUDE: 32 1 N
LONGITUDE: 96 24 W
TEMPERATURE IN F: :PCPN: SNOW: WIND :SUNSHINE: SKY :PK WND
================================================================================
1 2 3 4 5 6A 6B 7 8 9 10 11 12 13 14 15 16 17 18
12Z AVG MX 2MIN
DY MAX MIN AVG DEP HDD CDD WTR SNW DPTH SPD SPD DIR MIN PSBL S-S WX SPD DR
================================================================================
1 96 77 87 1 0 22 0.03 M M 7.0 20 210 M M 1 3 25 210
2 86 75 81 -5 0 16 0.52 M M 5.3 13 320 M M 7 13 19 320
3 90 75 83 -3 0 18 0.00 M M 5.2 10 30 M M 3 128 14 350
4 90 73 82 -4 0 17 0.00 M M 5.6 10 80 M M 1 18 17 80
5 89 72 81 -5 0 16 0.00 M M 6.4 14 160 M M 0 18 17 160
6 91 72 82 -4 0 17 0.00 M M 7.0 14 130 M M 2 18 19 170
7 93 74 84 -2 0 19 0.00 M M 9.9 20 170 M M 3 26 170
8 95 78 87 1 0 22 0.00 M M 12.2 22 170 M M 3 28 160
9 94 78 86 0 0 21 0.00 M M 12.8 22 190 M M 2 29 180
10 95 77 86 0 0 21 0.00 M M 11.0 18 160 M M 2 25 160
11 96 76 86 0 0 21 0.00 M M 10.3 17 180 M M 2 24 180
12 95 77 86 0 0 21 0.00 M M 8.7 16 200 M M 2 21 180
13 95 75 85 -1 0 20 0.00 M M 6.4 13 150 M M 0 18 170
14 93 73 83 -2 0 18 0.07 M M 5.3 28 340 M M 1 3 38 350
15 87 72 80 -5 0 15 0.06 M M 3.0 8 170 M M 3 1 13 320
16 94 72 83 -2 0 18 0.00 M M 3.6 12 140 M M 1 18 15 160
17 93 73 83 -2 0 18 0.49 M M 9.2 22 320 M M 4 13 30 330
18 84 73 79 -6 0 14 0.46 M M 7.4 22 140 M M 5 13 29 130
19 95 76 86 1 0 21 0.00 M M 10.6 17 160 M M 5 1 25 190
20 95 77 86 1 0 21 0.00 M M 11.0 20 180 M M 2 26 180
21 95 75 85 0 0 20 0.00 M M 8.7 17 210 M M 3 26 220
22 94 75 85 1 0 20 0.00 M M 7.5 15 210 M M 0 21 210
23 95 73 84 0 0 19 0.00 M M 7.3 14 170 M M 0 19 170
24 96 73 85 1 0 20 0.00 M M 7.0 15 180 M M 0 19 140
25 97 74 86 2 0 21 0.00 M M 3.9 10 120 M M 0 14 140
26 97 78 88 4 0 23 0.00 M M 6.0 14 120 M M 0 21 110
27 92 74 83 -1 0 18 0.00 M M 7.6 16 120 M M 3 23 110
28 92 74 83 0 0 18 T M M 6.9 16 110 M M 2 23 100
29 92 76 84 1 0 19 0.00 M M 5.5 10 350 M M 6 3 18 40
30 95 74 85 2 0 20 0.00 M M 5.3 13 350 M M 1 19 350
31 97 73 85 2 0 20 0.00 M M 5.1 10 160 M M 0 14 90
================================================================================
SM 2888 2314 0 594 1.63 M 228.7 M 64
================================================================================
AV 93.2 74.6 7.4 FASTST M M 2 MAX(MPH)
MISC ----> 28 340 38 350
================================================================================
NOTES:
# LAST OF SEVERAL OCCURRENCES
COLUMN 17 PEAK WIND IN M.P.H.
PRELIMINARY LOCAL CLIMATOLOGICAL DATA (WS FORM: F-6) , PAGE 2
STATION: CORSICANA
MONTH: AUGUST
YEAR: 2021
LATITUDE: 32 1 N
LONGITUDE: 96 24 W
[TEMPERATURE DATA] [PRECIPITATION DATA] SYMBOLS USED IN COLUMN 16
AVERAGE MONTHLY: 83.9 TOTAL FOR MONTH: 1.63 1 = FOG OR MIST
DPTR FM NORMAL: -0.9 DPTR FM NORMAL: -0.65 2 = FOG REDUCING VISIBILITY
HIGHEST: 97 ON 31,26 GRTST 24HR 0.94 ON 17-18 TO 1/4 MILE OR LESS
LOWEST: 72 ON 16,15 3 = THUNDER
SNOW, ICE PELLETS, HAIL 4 = ICE PELLETS
TOTAL MONTH: M 5 = HAIL
GRTST 24HR M ON M 6 = FREEZING RAIN OR DRIZZLE
GRTST DEPTH: M ON M 7 = DUSTSTORM OR SANDSTORM:
VSBY 1/2 MILE OR LESS
8 = SMOKE OR HAZE
[NO. OF DAYS WITH] [WEATHER - DAYS WITH] 9 = BLOWING SNOW
X = TORNADO
MAX 32 OR BELOW: 0 0.01 INCH OR MORE: 6
MAX 90 OR ABOVE: 27 0.10 INCH OR MORE: 3
MIN 32 OR BELOW: 0 0.50 INCH OR MORE: 1
MIN 0 OR BELOW: 0 1.00 INCH OR MORE: 0
[HDD (BASE 65) ]
TOTAL THIS MO. 0 CLEAR (SCALE 0-3) 24
DPTR FM NORMAL 0 PTCLDY (SCALE 4-7) 7
TOTAL FM JUL 1 0 CLOUDY (SCALE 8-10) 0
DPTR FM NORMAL 0
[CDD (BASE 65) ]
TOTAL THIS MO. 594
DPTR FM NORMAL -21 [PRESSURE DATA]
TOTAL FM JAN 1 1992 HIGHEST SLP M ON M
DPTR FM NORMAL -164 LOWEST SLP 29.70 ON 31
[REMARKS]
#FINAL-08-21#