000
CXUS51 KRLX 011130
CF6CRW
PRELIMINARY LOCAL CLIMATOLOGICAL DATA (WS FORM: F-6)
STATION: CHARLESTON WV
MONTH: APRIL
YEAR: 2020
LATITUDE: 38 22 N
LONGITUDE: 81 36 W
TEMPERATURE IN F: :PCPN: SNOW: WIND :SUNSHINE: SKY :PK WND
================================================================================
1 2 3 4 5 6A 6B 7 8 9 10 11 12 13 14 15 16 17 18
12Z AVG MX 2MIN
DY MAX MIN AVG DEP HDD CDD WTR SNW DPTH SPD SPD DIR MIN PSBL S-S WX SPD DR
================================================================================
1 47 41 44 -8 21 0 0.04 0.0 0 4.3 9 250 M M 9 1 13 280
2 61 39 50 -2 15 0 0.00 0.0 0 6.1 16 320 M M 6 23 280
3 68 35 52 0 13 0 0.00 0.0 0 5.4 17 320 M M 0 23 320
4 73 38 56 4 9 0 0.00 0.0 0 2.8 14 330 M M 2 19 10
5 75 49 62 9 3 0 T 0.0 0 2.8 14 10 M M 8 19 360
6 70 50 60 7 5 0 0.05 0.0 0 2.5 12 120 M M 6 15 240
7 79 51 65 11 0 0 0.02 0.0 0 5.1 22 230 M M 6 3 29 230
8 71 55 63 9 2 0 0.82 0.0 0 7.1 22 30 M M 7 135 32 20
9 61 37 49 -5 16 0 0.20 0.0 0 15.6 33 280 M M 7 3 41 260
10 48 35 42 -13 23 0 T 0.0 0 9.1 21 300 M M 7 33 280
11 64 30 47 -8 18 0 0.00 0.0 0 3.3 14 310 M M 6 20 220
12 70 47 59 4 6 0 0.57 0.0 0 7.0 21 180 M M 9 31 170
13 69 44 57 1 8 0 0.33 0.0 0 9.3 36 200 M M 8 52 190
14 48 32 40 -16 25 0 0.11 0.1 0 3.4 16 320 M M 9 1 22 320
15 54 32 43 -13 22 0 T 0.0 0 6.1 21 320 M M 6 1 29 330
16 54 31 43 -13 22 0 0.00 0.0 0 6.7 20 320 M M 3 29 300
17 67 35 51 -6 14 0 0.12 0.0 0 5.1 25 220 M M 6 33 230
18 50 34 42 -15 23 0 0.44 0.0 0 6.8 21 310 M M 8 1 29 320
19 66 29 48 -9 17 0 T 0.0 0 1.8 13 180 M M 5 1 17 30
20 67 48 58 0 7 0 0.00 0.0 0 4.5 17 320 M M 6 24 310
21 64 42 53 -5 12 0 T 0.0 0 12.7 31 250 M M 4 56 250
22 63 30 47 -11 18 0 0.00 0.0 0 2.4 12 260 M M 2 16 240
23 58 46 52 -6 13 0 0.90 0.0 0 4.0 14 180 M M 9 1 16 170
24 60 50 55 -4 10 0 0.07 0.0 0 3.5 13 300 M M 10 1 17 290
25 65 49 57 -2 8 0 0.47 0.0 0 5.0 18 110 M M 9 1 25 100
26 57 46 52 -7 13 0 0.50 0.0 0 10.9 20 230 M M 9 1 29 240
27 60 43 52 -7 13 0 0.00 0.0 0 3.1 14 330 M M 6 21 340
28 72 44 58 -2 7 0 0.02 0.0 0 5.9 17 240 M M 7 24 240
29 82 52 67 7 0 2 1.17 0.0 0 9.4 29 190 M M 7 1 39 130
30 59 47 53 -7 12 0 0.08 0.0 0 7.0 22 240 M M 9 1 29 240
================================================================================
SM 1902 1241 375 2 5.91 0.1 178.7 M 196
================================================================================
AV 63.4 41.4 6.0 FASTST M M 7 MAX(MPH)
MISC ----> # 36 200 # 56 250
================================================================================
NOTES:
# LAST OF SEVERAL OCCURRENCES
COLUMN 17 PEAK WIND IN M.P.H.
PRELIMINARY LOCAL CLIMATOLOGICAL DATA (WS FORM: F-6) , PAGE 2
STATION: CHARLESTON WV
MONTH: APRIL
YEAR: 2020
LATITUDE: 38 22 N
LONGITUDE: 81 36 W
[TEMPERATURE DATA] [PRECIPITATION DATA] SYMBOLS USED IN COLUMN 16
AVERAGE MONTHLY: 52.4 TOTAL FOR MONTH: 5.91 1 = FOG OR MIST
DPTR FM NORMAL: -3.7 DPTR FM NORMAL: 2.67 2 = FOG REDUCING VISIBILITY
HIGHEST: 82 ON 29 GRTST 24HR 1.17 ON 29-29 TO 1/4 MILE OR LESS
LOWEST: 29 ON 19 3 = THUNDER
SNOW, ICE PELLETS, HAIL 4 = ICE PELLETS
TOTAL MONTH: 0.1 INCH 5 = HAIL
GRTST 24HR 0.1 ON 14-14 6 = FREEZING RAIN OR DRIZZLE
GRTST DEPTH: 0 7 = DUSTSTORM OR SANDSTORM:
VSBY 1/2 MILE OR LESS
8 = SMOKE OR HAZE
[NO. OF DAYS WITH] [WEATHER - DAYS WITH] 9 = BLOWING SNOW
X = TORNADO
MAX 32 OR BELOW: 0 0.01 INCH OR MORE: 17
MAX 90 OR ABOVE: 0 0.10 INCH OR MORE: 11
MIN 32 OR BELOW: 6 0.50 INCH OR MORE: 5
MIN 0 OR BELOW: 0 1.00 INCH OR MORE: 1
[HDD (BASE 65) ]
TOTAL THIS MO. 375 CLEAR (SCALE 0-3) 4
DPTR FM NORMAL 81 PTCLDY (SCALE 4-7) 16
TOTAL FM JUL 1 3836 CLOUDY (SCALE 8-10) 10
DPTR FM NORMAL -512
[CDD (BASE 65) ]
TOTAL THIS MO. 2
DPTR FM NORMAL -25 [PRESSURE DATA]
TOTAL FM JAN 1 23 HIGHEST SLP 30.34 ON 16
DPTR FM NORMAL -9 LOWEST SLP 29.32 ON 13
[REMARKS]
#FINAL-04-20#