000
CXUS52 KFFC 011010
CF6CSG
PRELIMINARY LOCAL CLIMATOLOGICAL DATA (WS FORM: F-6)
STATION: COLUMBUS
MONTH: AUGUST
YEAR: 2021
LATITUDE: 32 31 N
LONGITUDE: 84 56 W
TEMPERATURE IN F: :PCPN: SNOW: WIND :SUNSHINE: SKY :PK WND
================================================================================
1 2 3 4 5 6A 6B 7 8 9 10 11 12 13 14 15 16 17 18
12Z AVG MX 2MIN
DY MAX MIN AVG DEP HDD CDD WTR SNW DPTH SPD SPD DIR MIN PSBL S-S WX SPD DR
================================================================================
1 94 74 84 1 0 19 0.05 0.0 M 6.5 20 350 M M 2 3 26 340
2 93 73 83 0 0 18 0.20 0.0 M 3.7 15 340 M M 5 13 19 320
3 87 72 80 -3 0 15 0.00 0.0 M 3.7 13 60 M M 5 18 50
4 87 70 79 -4 0 14 0.00 0.0 M 5.3 12 100 M M 3 16 70
5 88 71 80 -3 0 15 0.00 0.0 M 6.4 13 120 M M 3 19 110
6 88 68 78 -5 0 13 0.00 0.0 M 4.6 12 80 M M 1 18 80
7 88 72 80 -3 0 15 0.20 0.0 M 3.5 17 260 M M 4 1 23 270
8 92 72 82 -1 0 17 0.00 0.0 M 2.6 12 250 M M 1 18 260
9 93 73 83 0 0 18 0.00 0.0 M 2.4 12 80 M M 2 3 16 90
10 92 72 82 -1 0 17 1.42 0.0 M 3.4 23 170 M M 2 13 30 180
11 92 71 82 -1 0 17 0.23 0.0 M 2.5 29 290 M M 2 3 38 310
12 92 72 82 -1 0 17 T 0.0 M 4.7 23 220 M M 1 31 210
13 93 71 82 -1 0 17 0.00 0.0 M 2.2 8 270 M M 1 13 260
14 95 74 85 2 0 20 0.00 0.0 M 4.4 20 130 M M 0 27 130
15 88 72 80 -3 0 15 0.00 0.0 M 6.1 16 150 M M 4 20 150
16 84 73 79 -3 0 14 0.85 0.0 M 8.7 20 70 M M 5 1 29 70
17 87 73 80 -2 0 15 1.43 0.0 M 9.2 22 150 M M 8 1 34 170
18 93 72 83 1 0 18 0.00 0.0 M 2.6 13 180 M M 2 17 170
19 93 75 84 2 0 19 0.00 0.0 M 3.6 13 360 M M 1 19 350
20 91 76 84 2 0 19 0.13 0.0 M 5.4 14 240 M M 4 13 21 240
21 89 74 82 0 0 17 0.34 0.0 M 5.8 24 310 M M 6 13 31 310
22 93 74 84 2 0 19 0.03 0.0 M 6.7 15 300 M M 6 1 21 300
23 95 75 85 3 0 20 0.02 0.0 M 3.4 12 40 M M 2 17 40
24 95 75 85 3 0 20 0.00 0.0 M 4.1 17 160 M M 1 3 21 160
25 90 73 82 0 0 17 0.71 0.0 M 3.5 29 160 M M 2 138 40 170
26 90 71 81 -1 0 16 T 0.0 M 4.6 12 120 M M 3 17 130
27 92 74 83 1 0 18 0.02 0.0 M 6.0 22 90 M M 3 3 33 110
28 86 73 80 -1 0 15 0.19 0.0 M 6.7 22 110 M M 4 13 30 130
29 87 75 81 0 0 16 0.71 0.0 M 7.0 15 110 M M 5 138 21 130
30 85 73 79 -2 0 14 T 0.0 M 6.7 18 210 M M 4 1 25 210
31 81 73 77 -4 0 12 0.72 0.0 M 12.5 25 200 M M 8 18 35 190
================================================================================
SM 2793 2256 0 516 7.25 0.0 158.5 M 100
================================================================================
AV 90.1 72.8 5.1 FASTST M M 3 MAX(MPH)
MISC ----> # 29 290 40 170
================================================================================
NOTES:
# LAST OF SEVERAL OCCURRENCES
COLUMN 17 PEAK WIND IN M.P.H.
PRELIMINARY LOCAL CLIMATOLOGICAL DATA (WS FORM: F-6) , PAGE 2
STATION: COLUMBUS
MONTH: AUGUST
YEAR: 2021
LATITUDE: 32 31 N
LONGITUDE: 84 56 W
[TEMPERATURE DATA] [PRECIPITATION DATA] SYMBOLS USED IN COLUMN 16
AVERAGE MONTHLY: 81.4 TOTAL FOR MONTH: 7.25 1 = FOG OR MIST
DPTR FM NORMAL: -1.0 DPTR FM NORMAL: 2.57 2 = FOG REDUCING VISIBILITY
HIGHEST: 95 ON 24,23 GRTST 24HR 2.28 ON 16-17 TO 1/4 MILE OR LESS
LOWEST: 68 ON 6 3 = THUNDER
SNOW, ICE PELLETS, HAIL 4 = ICE PELLETS
TOTAL MONTH: 0.0 INCH 5 = HAIL
GRTST 24HR 0.0 6 = FREEZING RAIN OR DRIZZLE
GRTST DEPTH: M ON M 7 = DUSTSTORM OR SANDSTORM:
VSBY 1/2 MILE OR LESS
8 = SMOKE OR HAZE
[NO. OF DAYS WITH] [WEATHER - DAYS WITH] 9 = BLOWING SNOW
X = TORNADO
MAX 32 OR BELOW: 0 0.01 INCH OR MORE: 16
MAX 90 OR ABOVE: 18 0.10 INCH OR MORE: 12
MIN 32 OR BELOW: 0 0.50 INCH OR MORE: 6
MIN 0 OR BELOW: 0 1.00 INCH OR MORE: 2
[HDD (BASE 65) ]
TOTAL THIS MO. 0 CLEAR (SCALE 0-3) 16
DPTR FM NORMAL 0 PTCLDY (SCALE 4-7) 13
TOTAL FM JUL 1 0 CLOUDY (SCALE 8-10) 2
DPTR FM NORMAL 0
[CDD (BASE 65) ]
TOTAL THIS MO. 516
DPTR FM NORMAL -23 [PRESSURE DATA]
TOTAL FM JAN 1 1753 HIGHEST SLP 30.21 ON 10
DPTR FM NORMAL -235 LOWEST SLP 29.65 ON 31
[REMARKS]
#FINAL-08-21#