000
CXUS56 KTFX 101551
CF6CTB
PRELIMINARY LOCAL CLIMATOLOGICAL DATA (WS FORM: F-6)
STATION: CUT BANK MT
MONTH: JULY
YEAR: 2023
LATITUDE: 48 37 N
LONGITUDE: 112 23 W
TEMPERATURE IN F: :PCPN: SNOW: WIND :SUNSHINE: SKY :PK WND
================================================================================
1 2 3 4 5 6A 6B 7 8 9 10 11 12 13 14 15 16 17 18
12Z AVG MX 2MIN
DY MAX MIN AVG DEP HDD CDD WTR SNW DPTH SPD SPD DIR MIN PSBL S-S WX SPD DR
================================================================================
1 89 59 74 13 0 9 0.00 M M 17.8 33 250 M M M 51 220
2 77 48 63 2 2 0 0.00 M M 11.6 25 20 M M 2 38 20
3 70 45 58 -4 7 0 0.00 M M 8.6 28 10 M M 6 36 10
4 69 46 58 -4 7 0 0.00 M M 5.6 16 360 M M 7 20 190
5 78 46 62 0 3 0 0.00 M M 5.4 15 160 M M 2 20 160
6 80 45 63 0 2 0 0.00 M M 9.2 23 340 M M 2 3 30 350
7 78 49 64 1 1 0 0.39 M M 9.1 20 20 M M 3 3 27 10
8 82 45 64 1 1 0 0.00 M M 4.4 12 190 M M 0 16 170
9 90 51 71 7 0 6 0.00 M M 6.7 23 360 M M 0 30 10
10 88 53 71 7 0 6 0.00 M M 8.1 26 340 M M 1 3 33 330
11 76 50 63 -1 2 0 T M M 13.9 31 260 M M 4 42 240
12 83 52 68 4 0 3 0.00 M M 12.1 26 340 M M 1 3 33 350
13 80 48 64 -1 1 0 0.08 M M 9.3 33 290 M M 2 3 52 260
14 79 49 64 -1 1 0 0.00 M M 7.3 17 10 M M 1 8 24 330
15 86 49 68 3 0 3 0.00 M M 6.4 20 350 M M 2 8 28 340
16 89 51 70 5 0 5 0.00 M M 7.9 16 360 M M 0 8 23 180
17 89 52 71 5 0 6 T M M 14.4 43 240 M M 0 38 53 240
18 81 45 63 -3 2 0 0.00 M M 10.9 24 300 M M 0 33 290
19 80 45 63 -3 2 0 0.00 M M 6.8 15 100 M M 0 25 50
20 87 50 69 3 0 4 0.00 M M 7.5 16 150 M M 0 30 130
21 93 55 74 8 0 9 0.00 M M 6.2 17 260 M M 0 24 260
22 95 50 73 7 0 8 0.00 M M 12.3 31 260 M M 0 42 270
23 96 57 77 10 0 12 0.00 M M 11.3 22 250 M M 0 29 250
24 99 57 78 11 0 13 T M M 10.8 32 230 M M 0 3 47 250
25 82 62 72 5 0 7 0.00 M M 24.4 41 240 M M 0 56 240
26 82 53 68 1 0 3 0.00 M M 15.5 31 240 M M 0 41 230
27 79 45 62 -5 3 0 0.00 M M 10.9 22 50 M M 1 28 60
28 76 51 64 -3 1 0 0.00 M M 10.4 21 40 M M 7 26 50
29 87 45 66 -1 0 1 0.00 M M 8.5 24 10 M M 1 32 10
30 90 54 72 5 0 7 T M M 9.8 24 170 M M 0 3 34 140
31 93 53 73 6 0 8 0.00 M M 7.8 18 200 M M 0 28 240
================================================================================
SM 2603 1560 35 110 0.47 M 310.9 M 42
================================================================================
AV 84.0 50.3 10.0 FASTST M M 1 MAX(MPH)
MISC ----> 43 240 56 240
================================================================================
NOTES:
# LAST OF SEVERAL OCCURRENCES
COLUMN 17 PEAK WIND IN M.P.H.
PRELIMINARY LOCAL CLIMATOLOGICAL DATA (WS FORM: F-6) , PAGE 2
STATION: CUT BANK MT
MONTH: JULY
YEAR: 2023
LATITUDE: 48 37 N
LONGITUDE: 112 23 W
[TEMPERATURE DATA] [PRECIPITATION DATA] SYMBOLS USED IN COLUMN 16
AVERAGE MONTHLY: 67.1 TOTAL FOR MONTH: 0.47 1 = FOG OR MIST
DPTR FM NORMAL: 2.2 DPTR FM NORMAL: -0.82 2 = FOG REDUCING VISIBILITY
HIGHEST: 99 ON 24 GRTST 24HR 0.39 ON 7- 7 TO 1/4 MILE OR LESS
LOWEST: 45 ON 29,27 3 = THUNDER
SNOW, ICE PELLETS, HAIL 4 = ICE PELLETS
TOTAL MONTH: M 5 = HAIL
GRTST 24HR M ON M 6 = FREEZING RAIN OR DRIZZLE
GRTST DEPTH: 0 7 = DUSTSTORM OR SANDSTORM:
VSBY 1/2 MILE OR LESS
8 = SMOKE OR HAZE
[NO. OF DAYS WITH] [WEATHER - DAYS WITH] 9 = BLOWING SNOW
X = TORNADO
MAX 32 OR BELOW: 0 0.01 INCH OR MORE: 2
MAX 90 OR ABOVE: 7 0.10 INCH OR MORE: 1
MIN 32 OR BELOW: 0 0.50 INCH OR MORE: 0
MIN 0 OR BELOW: 0 1.00 INCH OR MORE: 0
[HDD (BASE 65) ]
TOTAL THIS MO. 35 CLEAR (SCALE 0-3) 26
DPTR FM NORMAL -44 PTCLDY (SCALE 4-7) 4
TOTAL FM JUL 1 35 CLOUDY (SCALE 8-10) 1
DPTR FM NORMAL -43
[CDD (BASE 65) ]
TOTAL THIS MO. 110
DPTR FM NORMAL 34 [PRESSURE DATA]
TOTAL FM JAN 1 126 HIGHEST SLP 30.29 ON 4
DPTR FM NORMAL 38 LOWEST SLP 29.67 ON 17
[REMARKS]
#FINAL-07-23#