000
CXUS52 KCHS 012352
CF6CXM
PRELIMINARY LOCAL CLIMATOLOGICAL DATA (WS FORM: F-6)
STATION: DOWNTOWN CHARLESTON SC
MONTH: OCTOBER
YEAR: 2022
LATITUDE: 32 46 N
LONGITUDE: 79 56 W
TEMPERATURE IN F: :PCPN: SNOW: WIND :SUNSHINE: SKY :PK WND
================================================================================
1 2 3 4 5 6A 6B 7 8 9 10 11 12 13 14 15 16 17 18
12Z AVG MX 2MIN
DY MAX MIN AVG DEP HDD CDD WTR SNW DPTH SPD SPD DIR MIN PSBL S-S WX SPD DR
================================================================================
1 75 58 67 -7 0 2 0.00 M M 5.4 12 180 M M M 18 180
2 72 63 68 -6 0 3 0.00 M M 8.1 12 360 M M M 17 10
3 64 60 62 -12 3 0 0.00 M M 11.9 18 360 M M M 22 360
4 72 53 63 -10 2 0 0.00 M M 8.8 20 20 M M M 24 20
5 76 57 67 -6 0 2 0.00 M M 4.5 11 280 M M M 14 320
6 76 62 69 -4 0 4 0.00 M M 3.5 10 170 M M M 14 180
7 79 64 72 0 0 7 0.00 M M 3.4 11 180 M M M 12 180
8 80 67 74 2 0 9 0.00 M M 4.7 11 100 M M M 12 100
9 72 63 68 -4 0 3 0.00 M M 9.8 17 60 M M M 21 70
10 77 67 72 1 0 7 0.00 M M 8.5 14 50 M M M 21 70
11 73 67 70 -1 0 5 0.00 M M 12.4 20 60 M M M 24 50
12 79 69 74 3 0 9 0.02 M M 6.6 12 90 M M M 16 90
13 78 68 73 3 0 8 0.47 M M 4.6 11 80 M M M 17 310
14 75 63 69 -1 0 4 0.00 M M 4.5 29 360 M M M 14 310
15 77 62 70 0 0 5 0.00 M M 2.6 8 190 M M M 9 170
16 80 63 72 2 0 7 0.00 M M 4.5 12 170 M M M 13 180
17 79 70 75 6 0 10 0.00 M M 7.5 12 210 M M M 20 230
18 73 53 63 -6 2 0 0.00 M M 7.4 14 360 M M M 19 350
19 62 46 54 -14 11 0 0.00 M M 7.2 20 360 M M M 24 360
20 66 52 59 -9 6 0 0.00 M M 3.6 10 170 M M M 13 130
21 69 54 62 -6 3 0 0.00 M M 4.2 9 130 M M M 11 50
22 74 55 65 -3 0 0 0.00 M M 7.3 12 20 M M M 15 360
23 74 60 67 0 0 2 0.00 M M 6.5 12 10 M M M 17 350
24 73 58 66 -1 0 1 0.00 M M 5.1 9 20 M M M 12 20
25 71 57 64 -2 1 0 0.00 M M 4.0 9 120 M M M 10 120
26 76 65 71 5 0 6 0.00 M M 5.2 14 210 M M M 18 220
27 69 62 66 0 0 1 0.00 M M 10.2 15 10 M M M 18 30
28 66 61 64 -2 1 0 0.00 M M 12.2 18 10 M M M 21 360
29 65 60 63 -2 2 0 0.00 M M 11.3 15 10 M M M 19 10
30 64 62 63 -2 2 0 0.06 M M 9.2 13 20 M M M 18 60
31 77 64 71 7 0 6 0.00 M M 5.2 12 180 M M M 15 190
================================================================================
SM 2263 1885 33 101 0.55 M 209.9 M M
================================================================================
AV 73.0 60.8 6.8 FASTST M M M MAX(MPH)
MISC ----> 29 360 # 24 20
================================================================================
NOTES:
# LAST OF SEVERAL OCCURRENCES
COLUMN 17 PEAK WIND IN M.P.H.
PRELIMINARY LOCAL CLIMATOLOGICAL DATA (WS FORM: F-6) , PAGE 2
STATION: DOWNTOWN CHARLESTON SC
MONTH: OCTOBER
YEAR: 2022
LATITUDE: 32 46 N
LONGITUDE: 79 56 W
[TEMPERATURE DATA] [PRECIPITATION DATA] SYMBOLS USED IN COLUMN 16
AVERAGE MONTHLY: 66.9 TOTAL FOR MONTH: 0.55 1 = FOG OR MIST
DPTR FM NORMAL: -2.5 DPTR FM NORMAL: -3.52 2 = FOG REDUCING VISIBILITY
HIGHEST: 80 ON 16, 8 GRTST 24HR 0.47 ON 13-13 TO 1/4 MILE OR LESS
LOWEST: 46 ON 19 3 = THUNDER
SNOW, ICE PELLETS, HAIL 4 = ICE PELLETS
TOTAL MONTH: M 5 = HAIL
GRTST 24HR M ON M 6 = FREEZING RAIN OR DRIZZLE
GRTST DEPTH: M ON M 7 = DUSTSTORM OR SANDSTORM:
VSBY 1/2 MILE OR LESS
8 = SMOKE OR HAZE
[NO. OF DAYS WITH] [WEATHER - DAYS WITH] 9 = BLOWING SNOW
X = TORNADO
MAX 32 OR BELOW: 0 0.01 INCH OR MORE: 3
MAX 90 OR ABOVE: 0 0.10 INCH OR MORE: 1
MIN 32 OR BELOW: 0 0.50 INCH OR MORE: 0
MIN 0 OR BELOW: 0 1.00 INCH OR MORE: 0
[HDD (BASE 65) ]
TOTAL THIS MO. 33 CLEAR (SCALE 0-3) 0
DPTR FM NORMAL 0 PTCLDY (SCALE 4-7) 0
TOTAL FM JUL 1 35 CLOUDY (SCALE 8-10) 31
DPTR FM NORMAL 3
[CDD (BASE 65) ]
TOTAL THIS MO. 101
DPTR FM NORMAL -68 [PRESSURE DATA]
TOTAL FM JAN 1 2514 HIGHEST SLP M ON M
DPTR FM NORMAL 107 LOWEST SLP 29.55 ON 18
[REMARKS]
#FINAL-10-22#