000
CXUS54 KHGX 011410
CF6CXO
PRELIMINARY LOCAL CLIMATOLOGICAL DATA (WS FORM: F-6)
STATION: CONROE
MONTH: JULY
YEAR: 2022
LATITUDE: 30 21 N
LONGITUDE: 95 25 W
TEMPERATURE IN F: :PCPN: SNOW: WIND :SUNSHINE: SKY :PK WND
================================================================================
1 2 3 4 5 6A 6B 7 8 9 10 11 12 13 14 15 16 17 18
12Z AVG MX 2MIN
DY MAX MIN AVG DEP HDD CDD WTR SNW DPTH SPD SPD DIR MIN PSBL S-S WX SPD DR
================================================================================
1 83 73 78 -4 0 13 0.02 0.0 0 4.6 10 70 M M 6 1 14 70
2 100 73 87 5 0 22 0.15 0.0 0 7.3 18 170 M M 4 1 23 180
3 100 75 88 6 0 23 0.00 0.0 0 6.2 17 170 M M 2 1 24 180
4 100 72 86 4 0 21 0.00 0.0 0 8.1 9 140 M M 2 1 9 140
5 100 75 88 6 0 23 0.00 0.0 0 6.2 17 150 M M 3 1 24 170
6 98 72 85 3 0 20 0.00 0.0 0 5.9 18 160 M M 1 13 25 160
7 100 74 87 5 0 22 0.00 0.0 M 7.4 18 160 M M 2 26 190
8 102 74 88 6 0 23 0.00 0.0 0 6.3 16 160 M M 2 22 150
9 102 79 91 9 0 26 0.00 0.0 0 6.7 14 240 M M 3 19 280
10 107 80 94 12 0 29 0.00 0.0 0 7.8 15 230 M M 3 22 250
11 104 75 90 8 0 25 T 0.0 0 4.5 15 220 M M 2 3 22 220
12 102 78 90 7 0 25 T 0.0 0 5.3 17 180 M M 2 3 23 170
13 102 74 88 5 0 23 0.00 0.0 0 6.4 17 150 M M 2 24 140
14 98 73 86 3 0 21 0.02 0.0 0 4.9 25 170 M M 2 3 33 150
15 94 71 83 0 0 18 0.30 0.0 0 3.5 26 160 M M 4 1 36 160
16 97 70 84 1 0 19 T 0.0 0 5.0 15 170 M M 2 18 20 170
17 100 77 89 6 0 24 0.00 0.0 0 6.8 16 170 M M 0 24 150
18 100 78 89 6 0 24 0.00 0.0 M 9.2 17 200 M M 1 25 190
19 102 78 90 7 0 25 0.00 0.0 0 11.4 22 200 M M 2 30 200
20 104 80 92 9 0 27 0.00 0.0 0 9.2 16 190 M M 3 28 200
21 101 77 89 6 0 24 0.00 0.0 0 7.2 18 170 M M 1 25 160
22 96 75 86 3 0 21 0.19 0.0 0 5.3 22 120 M M 3 13 35 150
23 98 73 86 3 0 21 T 0.0 0 5.7 20 170 M M 5 1 27 180
24 100 72 86 2 0 21 0.00 0.0 0 6.4 17 170 M M 2 13 24 170
25 101 74 88 4 0 23 T 0.0 0 6.8 21 160 M M 2 33 160
26 101 72 87 3 0 22 T 0.0 0 7.0 21 140 M M 1 28 130
27 95 73 84 0 0 19 T 0.0 0 3.7 18 150 M M 2 3 26 130
28 97 72 85 1 0 20 T 0.0 0 6.6 24 170 M M 1 1 31 170
29 99 72 86 2 0 21 T 0.0 0 8.1 20 170 M M 2 25 170
30 98 74 86 2 0 21 T 0.0 0 7.8 21 160 M M 1 32 180
31 100 75 88 4 0 23 T 0.0 0 6.5 18 160 M M 1 29 150
================================================================================
SM 3081 2310 0 689 0.68 0.0 203.8 M 69
================================================================================
AV 99.4 74.5 6.6 FASTST M M 2 MAX(MPH)
MISC ----> 26 160 36 160
================================================================================
NOTES:
# LAST OF SEVERAL OCCURRENCES
COLUMN 17 PEAK WIND IN M.P.H.
PRELIMINARY LOCAL CLIMATOLOGICAL DATA (WS FORM: F-6) , PAGE 2
STATION: CONROE
MONTH: JULY
YEAR: 2022
LATITUDE: 30 21 N
LONGITUDE: 95 25 W
[TEMPERATURE DATA] [PRECIPITATION DATA] SYMBOLS USED IN COLUMN 16
AVERAGE MONTHLY: 87.0 TOTAL FOR MONTH: 0.68 1 = FOG OR MIST
DPTR FM NORMAL: 4.1 DPTR FM NORMAL: -2.47 2 = FOG REDUCING VISIBILITY
HIGHEST: 107 ON 10 GRTST 24HR 0.31 ON 14-15 TO 1/4 MILE OR LESS
LOWEST: 70 ON 16 3 = THUNDER
SNOW, ICE PELLETS, HAIL 4 = ICE PELLETS
TOTAL MONTH: 0.0 INCH 5 = HAIL
GRTST 24HR 0.0 6 = FREEZING RAIN OR DRIZZLE
GRTST DEPTH: 0 7 = DUSTSTORM OR SANDSTORM:
VSBY 1/2 MILE OR LESS
8 = SMOKE OR HAZE
[NO. OF DAYS WITH] [WEATHER - DAYS WITH] 9 = BLOWING SNOW
X = TORNADO
MAX 32 OR BELOW: 0 0.01 INCH OR MORE: 5
MAX 90 OR ABOVE: 30 0.10 INCH OR MORE: 3
MIN 32 OR BELOW: 0 0.50 INCH OR MORE: 0
MIN 0 OR BELOW: 0 1.00 INCH OR MORE: 0
[HDD (BASE 65) ]
TOTAL THIS MO. 0 CLEAR (SCALE 0-3) 26
DPTR FM NORMAL 0 PTCLDY (SCALE 4-7) 5
TOTAL FM JUL 1 0 CLOUDY (SCALE 8-10) 0
DPTR FM NORMAL 0
[CDD (BASE 65) ]
TOTAL THIS MO. 689
DPTR FM NORMAL 136 [PRESSURE DATA]
TOTAL FM JAN 1 1940 HIGHEST SLP 30.13 ON 31
DPTR FM NORMAL 401 LOWEST SLP 29.73 ON 11
[REMARKS]
#FINAL-07-22#