000
CXUS56 KSGX 011245
CF6CZZ
PRELIMINARY LOCAL CLIMATOLOGICAL DATA (WS FORM: F-6)
STATION: CAMPO ASOS CA
MONTH: DECEMBER
YEAR: 2019
LATITUDE: 32 37 N
LONGITUDE: 116 28 W
TEMPERATURE IN F: :PCPN: SNOW: WIND :SUNSHINE: SKY :PK WND
================================================================================
1 2 3 4 5 6A 6B 7 8 9 10 11 12 13 14 15 16 17 18
12Z AVG MX 2MIN
DY MAX MIN AVG DEP HDD CDD WTR SNW DPTH SPD SPD DIR MIN PSBL S-S WX SPD DR
================================================================================
1 66 35 51 2 14 0 0.00 0.0 0 8.3 18 80 M M 0 23 80
2 72 41 57 8 8 0 0.00 0.0 0 3.6 12 80 M M 0 14 70
3 65 42 54 5 11 0 0.01 M 0 5.9 18 70 M M 0 22 80
4 56 51 54 6 11 0 1.95 0.0 0 7.7 23 260 M M 0 30 260
5 65 42 54 6 11 0 0.00 0.0 0 4.6 14 80 M M 0 17 80
6 65 45 55 7 10 0 0.00 0.0 0 5.4 18 70 M M 0 22 70
7 61 54 58 10 7 0 0.12 0.0 0 1.8 17 230 M M 0 21 240
8 57 49 53 5 12 0 0.16 M 0 8.5 17 250 M M 0 22 240
9 58 37 48 0 17 0 0.00 0.0 0 5.1 15 260 M M 0 20 250
10 66 33 50 2 15 0 0.00 0.0 0 6.2 22 60 M M 0 26 60
11 66 30 48 0 17 0 0.00 0.0 0 6.3 15 200 M M 0 19 200
12 71 39 55 7 10 0 0.00 0.0 0 4.8 16 200 M M 0 18 200
13 73 39 56 9 9 0 0.00 0.0 0 7.4 17 210 M M 0 20 220
14 62 36 49 2 16 0 0.00 0.0 0 8.3 21 280 M M 0 27 260
15 54 33 44 -3 21 0 0.00 0.0 0 9.4 22 220 M M 0 27 220
16 53 36 45 -2 20 0 0.00 0.0 0 20.6 35 60 M M 0 46 40
17 52 41 47 0 18 0 0.00 0.0 0 20.0 35 50 M M 0 48 60
18 58 27 43 -4 22 0 0.00 0.0 0 7.7 24 80 M M 0 29 70
19 59 25 42 -5 23 0 0.00 0.0 0 10.6 25 80 M M 0 30 80
20 65 43 54 7 11 0 0.00 0.0 0 10.8 28 50 M M 0 37 40
21 70 42 56 9 9 0 0.00 0.0 0 9.9 22 70 M M 0 26 80
22 62 38 50 3 15 0 0.00 0.0 0 3.2 12 80 M M 0 13 80
23 51 41 46 -1 19 0 0.56 M 0 3.1 13 110 M M 0 17 120
24 53 41 47 0 18 0 0.41 M 0 7.0 20 260 M M 0 24 240
25 48 38 43 -4 22 0 0.11 M 0 8.5 18 240 M M 0 22 270
26 47 33 40 -8 25 0 0.62 M 0 6.3 28 150 M M 0 32 140
27 51 29 40 -8 25 0 0.00 0.0 0 5.0 15 250 M M 0 20 240
28 52 27 40 -8 25 0 0.00 0.0 0 6.5 17 210 M M 0 21 200
29 59 26 43 -5 22 0 0.00 0.0 0 5.9 16 80 M M 0 19 70
30 49 33 41 -7 24 0 0.00 0.0 0 15.0 29 60 M M 0 38 40
31 57 35 46 -2 19 0 0.00 0.0 0 16.7 37 60 M M 0 45 40
================================================================================
SM 1843 1161 506 0 3.94 0.0 250.1 M 0
================================================================================
AV 59.5 37.5 8.1 FASTST M M 0 MAX(MPH)
MISC ----> # 37 60 # 48 60
================================================================================
NOTES:
# LAST OF SEVERAL OCCURRENCES
COLUMN 17 PEAK WIND IN M.P.H.
PRELIMINARY LOCAL CLIMATOLOGICAL DATA (WS FORM: F-6) , PAGE 2
STATION: CAMPO ASOS CA
MONTH: DECEMBER
YEAR: 2019
LATITUDE: 32 37 N
LONGITUDE: 116 28 W
[TEMPERATURE DATA] [PRECIPITATION DATA] SYMBOLS USED IN COLUMN 16
AVERAGE MONTHLY: 48.5 TOTAL FOR MONTH: 3.94 1 = FOG OR MIST
DPTR FM NORMAL: 0.8 DPTR FM NORMAL: 1.67 2 = FOG REDUCING VISIBILITY
HIGHEST: 73 ON 13 GRTST 24HR 1.95 ON 4- 4 TO 1/4 MILE OR LESS
LOWEST: 25 ON 19 3 = THUNDER
SNOW, ICE PELLETS, HAIL 4 = ICE PELLETS
TOTAL MONTH: 0.0 INCH 5 = HAIL
GRTST 24HR 0.0 6 = FREEZING RAIN OR DRIZZLE
GRTST DEPTH: 0 7 = DUSTSTORM OR SANDSTORM:
VSBY 1/2 MILE OR LESS
8 = SMOKE OR HAZE
[NO. OF DAYS WITH] [WEATHER - DAYS WITH] 9 = BLOWING SNOW
X = TORNADO
MAX 32 OR BELOW: 0 0.01 INCH OR MORE: 8
MAX 90 OR ABOVE: 0 0.10 INCH OR MORE: 7
MIN 32 OR BELOW: 6 0.50 INCH OR MORE: 3
MIN 0 OR BELOW: 0 1.00 INCH OR MORE: 1
[HDD (BASE 65) ]
TOTAL THIS MO. 506 CLEAR (SCALE 0-3) 31
DPTR FM NORMAL -30 PTCLDY (SCALE 4-7) 0
TOTAL FM JUL 1 1011 CLOUDY (SCALE 8-10) 0
DPTR FM NORMAL -95
[CDD (BASE 65) ]
TOTAL THIS MO. 0
DPTR FM NORMAL 0 [PRESSURE DATA]
TOTAL FM JAN 1 829 HIGHEST SLP 30.23 ON 17
DPTR FM NORMAL -12 LOWEST SLP 29.66 ON 26
[REMARKS]
#FINAL-12-19#