000
CXUS51 KRNK 010939
CF6DAN
PRELIMINARY LOCAL CLIMATOLOGICAL DATA (WS FORM: F-6)
STATION: DANVILLE VA
MONTH: OCTOBER
YEAR: 2020
LATITUDE: 36 34 N
LONGITUDE: 79 20 W
TEMPERATURE IN F: :PCPN: SNOW: WIND :SUNSHINE: SKY :PK WND
================================================================================
1 2 3 4 5 6A 6B 7 8 9 10 11 12 13 14 15 16 17 18
12Z AVG MX 2MIN
DY MAX MIN AVG DEP HDD CDD WTR SNW DPTH SPD SPD DIR MIN PSBL S-S WX SPD DR
================================================================================
1 78 50 64 0 1 0 0.01 0.0 0 3.6 15 350 M M 2 20 10
2 69 46 58 -6 7 0 T 0.0 0 4.4 15 10 M M 3 22 350
3 69 44 57 -7 8 0 0.00 0.0 0 2.9 12 60 M M 1 16 60
4 69 43 56 -7 9 0 0.00 0.0 0 2.2 9 50 M M 0 14 40
5 70 46 58 -5 7 0 0.00 0.0 0 3.5 14 320 M M 0 18 320
6 75 44 60 -3 5 0 0.00 0.0 0 2.7 13 220 M M 1 15 220
7 81 51 66 4 0 1 0.00 0.0 0 5.9 17 230 M M 0 1 22 230
8 81 55 68 6 0 3 0.00 0.0 0 4.6 13 30 M M 0 17 330
9 69 51 60 -2 5 0 0.00 0.0 0 1.5 9 60 M M 3 14 50
10 67 60 64 3 1 0 0.96 0.0 0 1.5 8 230 M M 10 1 13 200
11 68 63 66 5 0 1 0.43 0.0 0 4.3 12 70 M M 10 1 19 100
12 70 60 65 4 0 0 0.05 0.0 0 6.5 12 50 M M 10 1 15 30
13 80 50 65 5 0 0 0.00 0.0 0 4.7 14 340 M M 4 1 18 330
14 75 44 60 0 5 0 0.00 0.0 0 2.3 8 330 M M 0 10 310
15 76 47 62 2 3 0 0.00 0.0 0 2.0 9 230 M M 4 16 180
16 69 51 60 1 5 0 0.13 0.0 0 6.4 16 350 M M 10 1 21 340
17 63 41 52 -7 13 0 0.00 0.0 0 3.5 13 40 M M 1 19 50
18 66 36 51 -8 14 0 0.00 0.0 0 1.0 8 110 M M 0 12 70
19 73 42 58 0 7 0 0.00 0.0 0 1.6 6 330 M M 1 1 9 240
20 78 46 62 4 3 0 0.00 0.0 0 1.0 8 240 M M 3 12 13 240
21 82 56 69 11 0 4 0.00 0.0 0 1.7 7 220 M M 3 11 190
22 81 54 68 10 0 3 0.00 0.0 0 0.7 6 80 M M 2 12 9 90
23 80 54 67 10 0 2 0.00 0.0 0 0.8 6 150 M M 2 12 9 220
24 83 57 70 13 0 5 0.01 0.0 0 3.2 9 340 M M 4 1 12 250
25 67 48 58 1 7 0 0.12 0.0 0 9.7 18 50 M M 10 1 21 50
26 69 48 59 3 6 0 0.00 0.0 0 2.5 10 30 M M 6 1 13 360
27 76 49 63 7 2 0 0.00 0.0 0 1.6 7 60 M M 6 12 10 100
28 74 54 64 8 1 0 0.07 0.0 0 5.2 17 230 M M 8 12 22 220
29 84 65 75 20 0 10 0.53 0.0 0 9.0 31 230 M M 7 1 46 230
30 67 43 55 0 10 0 T 0.0 0 9.2 20 340 M M 3 1 31 310
31 57 42 50 -5 15 0 0.00 0.0 0 3.8 9 50 M M 6 13 80
================================================================================
SM 2266 1540 134 29 2.31 0.0 113.5 M 120
================================================================================
AV 73.1 49.7 3.7 FASTST M M 4 MAX(MPH)
MISC ----> 31 230 46 230
================================================================================
NOTES:
# LAST OF SEVERAL OCCURRENCES
COLUMN 17 PEAK WIND IN M.P.H.
PRELIMINARY LOCAL CLIMATOLOGICAL DATA (WS FORM: F-6) , PAGE 2
STATION: DANVILLE VA
MONTH: OCTOBER
YEAR: 2020
LATITUDE: 36 34 N
LONGITUDE: 79 20 W
[TEMPERATURE DATA] [PRECIPITATION DATA] SYMBOLS USED IN COLUMN 16
AVERAGE MONTHLY: 61.4 TOTAL FOR MONTH: 2.31 1 = FOG OR MIST
DPTR FM NORMAL: 1.9 DPTR FM NORMAL: -1.22 2 = FOG REDUCING VISIBILITY
HIGHEST: 84 ON 29 GRTST 24HR 0.97 ON 10-11 TO 1/4 MILE OR LESS
LOWEST: 36 ON 18 3 = THUNDER
SNOW, ICE PELLETS, HAIL 4 = ICE PELLETS
TOTAL MONTH: 0.0 INCH 5 = HAIL
GRTST 24HR 0.0 6 = FREEZING RAIN OR DRIZZLE
GRTST DEPTH: 0 7 = DUSTSTORM OR SANDSTORM:
VSBY 1/2 MILE OR LESS
8 = SMOKE OR HAZE
[NO. OF DAYS WITH] [WEATHER - DAYS WITH] 9 = BLOWING SNOW
X = TORNADO
MAX 32 OR BELOW: 0 0.01 INCH OR MORE: 9
MAX 90 OR ABOVE: 0 0.10 INCH OR MORE: 5
MIN 32 OR BELOW: 0 0.50 INCH OR MORE: 2
MIN 0 OR BELOW: 0 1.00 INCH OR MORE: 0
[HDD (BASE 65) ]
TOTAL THIS MO. 134 CLEAR (SCALE 0-3) 17
DPTR FM NORMAL -71 PTCLDY (SCALE 4-7) 8
TOTAL FM JUL 1 186 CLOUDY (SCALE 8-10) 6
DPTR FM NORMAL -48
[CDD (BASE 65) ]
TOTAL THIS MO. 29
DPTR FM NORMAL -4 [PRESSURE DATA]
TOTAL FM JAN 1 1523 HIGHEST SLP 30.51 ON 31
DPTR FM NORMAL 87 LOWEST SLP 29.37 ON 29
[REMARKS]
#FINAL-10-20#