000
CXUS51 KRNK 010742
CF6DAN
PRELIMINARY LOCAL CLIMATOLOGICAL DATA (WS FORM: F-6)
STATION: DANVILLE VA
MONTH: NOVEMBER
YEAR: 2023
LATITUDE: 36 34 N
LONGITUDE: 79 20 W
TEMPERATURE IN F: :PCPN: SNOW: WIND :SUNSHINE: SKY :PK WND
================================================================================
1 2 3 4 5 6A 6B 7 8 9 10 11 12 13 14 15 16 17 18
12Z AVG MX 2MIN
DY MAX MIN AVG DEP HDD CDD WTR SNW DPTH SPD SPD DIR MIN PSBL S-S WX SPD DR
================================================================================
1 50 26 38 -15 27 0 0.00 0.0 0 9.0 23 350 M M 1 12 35 340
2 53 23 38 -14 27 0 0.00 0.0 0 1.1 8 60 M M 0 11 100
3 63 24 44 -8 21 0 0.00 0.0 0 1.1 8 240 M M 0 10 210
4 71 27 49 -3 16 0 0.00 0.0 0 1.2 6 50 M M M 10 50
5 74 35 55 4 10 0 0.00 0.0 0 3.1 15 360 M M M 19 350
6 71 37 54 3 11 0 0.00 0.0 0 2.4 12 240 M M M 17 190
7 80 45 63 12 2 0 0.00 0.0 0 5.5 16 250 M M 1 23 240
8 78 46 62 12 3 0 0.00 0.0 0 3.0 12 50 M M 1 1 16 50
9 83 50 67 17 0 2 T 0.0 0 5.2 17 240 M M 1 25 240
10 66 41 54 4 11 0 T 0.0 0 7.9 18 50 M M 9 27 50
11 60 37 49 0 16 0 0.00 0.0 0 2.0 10 50 M M 3 14 60
12 61 35 48 -1 17 0 0.00 0.0 0 3.8 14 50 M M 2 25 80
13 63 30 47 -2 18 0 0.00 0.0 0 3.6 13 250 M M 0 17 240
14 66 32 49 1 16 0 0.00 0.0 0 1.7 10 50 M M 0 15 30
15 60 35 48 0 17 0 0.00 0.0 0 0.9 7 250 M M 4 11 250
16 72 33 53 5 12 0 0.00 0.0 0 1.9 8 160 M M 1 13 220
17 71 40 56 8 9 0 T 0.0 0 1.8 10 220 M M 7 17 210
18 70 42 56 9 9 0 T 0.0 0 6.9 16 330 M M 2 1 22 330
19 62 29 46 -1 19 0 0.00 0.0 0 1.6 8 240 M M 0 13 240
20 60 27 44 -3 21 0 0.00 0.0 0 5.0 13 60 M M 4 20 50
21 49 41 45 -1 20 0 1.44 0.0 0 5.0 15 290 M M 10 1 24 290
22 63 41 52 6 13 0 0.23 0.0 0 6.6 18 320 M M 7 1 27 320
23 58 31 45 -1 20 0 0.00 0.0 0 5.1 12 290 M M 0 19 290
24 56 33 45 -1 20 0 0.00 0.0 0 4.8 14 40 M M 1 21 50
25 47 29 38 -7 27 0 0.00 0.0 0 7.5 18 50 M M 4 26 50
26 50 25 38 -7 27 0 0.02 0.0 0 1.3 9 230 M M 5 13 220
27 53 33 43 -2 22 0 0.00 0.0 0 7.4 18 290 M M 1 28 270
28 47 23 35 -9 30 0 0.00 0.0 0 7.7 23 270 M M 1 34 290
29 45 15 30 -14 35 0 0.00 0.0 0 4.3 15 230 M M 0 22 240
30 61 24 43 -1 22 0 0.00 0.0 0 3.3 12 250 M M 0 18 220
================================================================================
SM 1863 989 518 2 1.69 0.0 121.7 M 65
================================================================================
AV 62.1 33.0 4.1 FASTST M M 2 MAX(MPH)
MISC ----> # 23 350 35 340
================================================================================
NOTES:
# LAST OF SEVERAL OCCURRENCES
COLUMN 17 PEAK WIND IN M.P.H.
PRELIMINARY LOCAL CLIMATOLOGICAL DATA (WS FORM: F-6) , PAGE 2
STATION: DANVILLE VA
MONTH: NOVEMBER
YEAR: 2023
LATITUDE: 36 34 N
LONGITUDE: 79 20 W
[TEMPERATURE DATA] [PRECIPITATION DATA] SYMBOLS USED IN COLUMN 16
AVERAGE MONTHLY: 47.5 TOTAL FOR MONTH: 1.69 1 = FOG OR MIST
DPTR FM NORMAL: -0.6 DPTR FM NORMAL: -1.77 2 = FOG REDUCING VISIBILITY
HIGHEST: 83 ON 9 GRTST 24HR 1.65 ON 21-22 TO 1/4 MILE OR LESS
LOWEST: 15 ON 29 3 = THUNDER
SNOW, ICE PELLETS, HAIL 4 = ICE PELLETS
TOTAL MONTH: 0.0 INCH 5 = HAIL
GRTST 24HR 0.0 6 = FREEZING RAIN OR DRIZZLE
GRTST DEPTH: 0 7 = DUSTSTORM OR SANDSTORM:
VSBY 1/2 MILE OR LESS
8 = SMOKE OR HAZE
[NO. OF DAYS WITH] [WEATHER - DAYS WITH] 9 = BLOWING SNOW
X = TORNADO
MAX 32 OR BELOW: 0 0.01 INCH OR MORE: 3
MAX 90 OR ABOVE: 0 0.10 INCH OR MORE: 2
MIN 32 OR BELOW: 14 0.50 INCH OR MORE: 1
MIN 0 OR BELOW: 0 1.00 INCH OR MORE: 1
[HDD (BASE 65) ]
TOTAL THIS MO. 518 CLEAR (SCALE 0-3) 19
DPTR FM NORMAL 10 PTCLDY (SCALE 4-7) 6
TOTAL FM JUL 1 714 CLOUDY (SCALE 8-10) 2
DPTR FM NORMAL -49 MISSING SKY COVER 3
[CDD (BASE 65) ]
TOTAL THIS MO. 2
DPTR FM NORMAL 0 [PRESSURE DATA]
TOTAL FM JAN 1 1238 HIGHEST SLP 30.55 ON 2
DPTR FM NORMAL -145 LOWEST SLP 29.72 ON 22
[REMARKS]
#FINAL-11-23#