000
CXUS51 KILN 040004
CLMDAY
CLIMATE REPORT
NATIONAL WEATHER SERVICE WILMINGTON OH
804 PM EDT MON APR 03 2023
...................................
...THE DAYTON OH CLIMATE SUMMARY FOR THE MONTH OF MARCH 2023...
CLIMATE NORMAL PERIOD: 1991 TO 2020
CLIMATE RECORD PERIOD: 1869 TO 2023
WEATHER OBSERVED NORMAL DEPART LAST YEAR`S
VALUE DATE(S) VALUE FROM VALUE DATE(S)
NORMAL
................................................................
TEMPERATURE (F)
RECORD
HIGH 87 03/24/1910
LOW -7 03/02/1980
HIGHEST 75 03/01 49 26 80 03/30
LOWEST 15 03/19 31 -16 14 03/13
AVG. MAXIMUM 52.6 51.5 1.1 56.6
AVG. MINIMUM 32.6 32.7 -0.1 34.6
MEAN 42.6 42.1 0.5 45.6
DAYS MAX >= 90 0 0.0 0.0 0
DAYS MAX <= 32 1 2.3 -1.3 1
DAYS MIN <= 32 14 17.3 -3.3 11
DAYS MIN <= 0 0 0.0 0.0 0
PRECIPITATION (INCHES)
TOTALS 6.72 3.50 3.22 4.50
DAILY AVG. 0.22 0.11 0.11 0.15
DAYS >= .01 15 12.1 2.9 12
DAYS >= .10 7 7.1 -0.1 7
DAYS >= .50 4 2.4 1.6 2
DAYS >= 1.00 2 0.7 1.3 1
GREATEST
24 HR. TOTAL 2.71 03/03 TO 03/04 2.48 03/07 TO 03/07
SNOWFALL (INCHES)
TOTALS 1.3 3.9 -2.6 1.5
SINCE 7/1 17.3 24.6 -7.3 13.7
DAYS >= TRACE 4 3.2 0.8 7
DAYS >= 1.0 0 1.1 -1.1 1
GREATEST
24 HR TOTAL 0.9 03/12 TO 03/12 1.0 03/11 TO 03/11
DEGREE DAYS
HEATING TOTAL 684 712 -28 593
SINCE 7/1 4109 4656 -547 4311
COOLING TOTAL 0 2 -2 0
SINCE 1/1 0 2 -2 0
................................................................
WIND (MPH)
AVERAGE WIND SPEED 12.0
RESULTANT WIND SPEED/DIRECTION 3/250
HIGHEST WIND SPEED/DIRECTION 46/240 DATE 03/25
HIGHEST GUST SPEED/DIRECTION 57/240 DATE 03/25
SKY COVER
AVERAGE SKY COVER 0.67
AVERAGE RH (PERCENT) 64
WEATHER CONDITIONS. NUMBER OF DAYS WITH
THUNDERSTORM 3 MIXED PRECIP 0
HEAVY RAIN 5 RAIN 7
LIGHT RAIN 15 FREEZING RAIN 0
LT FREEZING RAIN 0 HAIL 0
HEAVY SNOW 0 SNOW 1
LIGHT SNOW 5 SLEET 0
FOG 18 FOG W/VIS <= 1/4 MILE 3
HAZE 6
- INDICATES NEGATIVE NUMBERS.
R INDICATES RECORD WAS SET OR TIED.
MM INDICATES DATA IS MISSING.
T INDICATES TRACE AMOUNT.
$$