000
CXUS55 KDVN 011000
CF6DBQ
PRELIMINARY LOCAL CLIMATOLOGICAL DATA (WS FORM: F-6)
STATION: DUBUQUE IA
MONTH: OCTOBER
YEAR: 2021
LATITUDE: 42 24 N
LONGITUDE: 90 42 W
TEMPERATURE IN F: :PCPN: SNOW: WIND :SUNSHINE: SKY :PK WND
================================================================================
1 2 3 4 5 6A 6B 7 8 9 10 11 12 13 14 15 16 17 18
12Z AVG MX 2MIN
DY MAX MIN AVG DEP HDD CDD WTR SNW DPTH SPD SPD DIR MIN PSBL S-S WX SPD DR
================================================================================
1 84 59 72 16 0 7 0.03 0.0 0 6.7 20 210 M M 3 1 26 180
2 78 63 71 15 0 6 0.19 0.0 0 5.3 14 190 M M 6 1 20 190
3 74 60 67 12 0 2 T 0.0 0 7.1 15 330 M M 7 1 19 330
4 69 59 64 9 1 0 0.00 0.0 0 9.1 15 360 M M 9 21 20
5 71 56 64 9 1 0 0.00 0.0 0 8.1 15 50 M M 9 1 19 40
6 75 63 69 15 0 4 0.00 0.0 0 8.7 16 120 M M 9 1 22 110
7 68 57 63 9 2 0 0.17 0.0 0 3.6 13 350 M M 9 12 16 340
8 69 57 63 10 2 0 T 0.0 0 4.5 13 220 M M 8 12 19 190
9 79 58 69 16 0 4 0.00 0.0 0 8.9 21 150 M M 0 1 28 150
10 71 61 66 14 0 1 0.49 0.0 0 11.8 22 190 M M 4 13 31 190
11 62 56 59 7 6 0 0.66 0.0 0 7.9 16 350 M M 9 1 21 350
12 66 52 59 7 6 0 0.00 0.0 0 6.9 16 300 M M 8 21 310
13 65 53 59 8 6 0 0.40 0.0 0 12.9 28 130 M M 5 13 40 130
14 66 46 56 5 9 0 0.00 0.0 0 7.9 16 240 M M 1 22 240
15 60 40 50 0 15 0 0.01 0.0 0 8.1 17 300 M M 5 24 300
16 60 34 47 -3 18 0 0.00 0.0 0 10.2 23 300 M M 0 33 290
17 67 35 51 1 14 0 0.00 0.0 0 5.0 13 310 M M 0 18 270
18 72 40 56 7 9 0 0.00 0.0 0 5.8 15 190 M M 0 19 180
19 72 43 58 9 7 0 T 0.0 0 9.7 21 190 M M 1 27 210
20 73 50 62 14 3 0 T 0.0 0 12.2 23 260 M M 4 30 260
21 53 39 46 -2 19 0 0.17 0.0 0 11.5 23 240 M M 9 18 32 240
22 50 31 41 -6 24 0 0.00 0.0 0 4.5 12 290 M M 4 15 330
23 53 30 42 -5 23 0 0.00 0.0 0 4.3 10 40 M M 0 15 60
24 46 36 41 -5 24 0 0.71 0.0 0 15.4 29 40 M M 7 18 43 70
25 53 35 44 -2 21 0 0.76 0.0 0 13.3 26 20 M M 5 1 40 10
26 56 34 45 -1 20 0 0.00 0.0 0 8.1 15 110 M M 0 24 160
27 55 42 49 4 16 0 0.00 0.0 0 12.8 21 130 M M 6 28 130
28 53 45 49 4 16 0 0.69 0.0 0 11.1 20 10 M M 9 18 27 360
29 53 47 50 6 15 0 T 0.0 0 15.4 22 360 M M 9 8 29 350
30 60 43 52 8 13 0 0.00 0.0 0 7.7 16 360 M M 3 22 10
31 51 32 42 -2 23 0 0.00 0.0 0 13.3 25 300 M M 2 33 320
================================================================================
SM 1984 1456 313 24 4.28 0.0 277.8 M 151
================================================================================
AV 64.0 47.0 9.0 FASTST M M 5 MAX(MPH)
MISC ----> 29 40 43 70
================================================================================
NOTES:
# LAST OF SEVERAL OCCURRENCES
COLUMN 17 PEAK WIND IN M.P.H.
PRELIMINARY LOCAL CLIMATOLOGICAL DATA (WS FORM: F-6) , PAGE 2
STATION: DUBUQUE IA
MONTH: OCTOBER
YEAR: 2021
LATITUDE: 42 24 N
LONGITUDE: 90 42 W
[TEMPERATURE DATA] [PRECIPITATION DATA] SYMBOLS USED IN COLUMN 16
AVERAGE MONTHLY: 55.5 TOTAL FOR MONTH: 4.28 1 = FOG OR MIST
DPTR FM NORMAL: 5.6 DPTR FM NORMAL: 1.35 2 = FOG REDUCING VISIBILITY
HIGHEST: 84 ON 1 GRTST 24HR 1.47 ON 24-25 TO 1/4 MILE OR LESS
LOWEST: 30 ON 23 3 = THUNDER
SNOW, ICE PELLETS, HAIL 4 = ICE PELLETS
TOTAL MONTH: 0.0 INCH 5 = HAIL
GRTST 24HR 0.0 6 = FREEZING RAIN OR DRIZZLE
GRTST DEPTH: 0 7 = DUSTSTORM OR SANDSTORM:
VSBY 1/2 MILE OR LESS
8 = SMOKE OR HAZE
[NO. OF DAYS WITH] [WEATHER - DAYS WITH] 9 = BLOWING SNOW
X = TORNADO
MAX 32 OR BELOW: 0 0.01 INCH OR MORE: 11
MAX 90 OR ABOVE: 0 0.10 INCH OR MORE: 9
MIN 32 OR BELOW: 3 0.50 INCH OR MORE: 4
MIN 0 OR BELOW: 0 1.00 INCH OR MORE: 0
[HDD (BASE 65) ]
TOTAL THIS MO. 313 CLEAR (SCALE 0-3) 11
DPTR FM NORMAL -162 PTCLDY (SCALE 4-7) 12
TOTAL FM JUL 1 354 CLOUDY (SCALE 8-10) 8
DPTR FM NORMAL -287
[CDD (BASE 65) ]
TOTAL THIS MO. 24
DPTR FM NORMAL 17 [PRESSURE DATA]
TOTAL FM JAN 1 870 HIGHEST SLP 30.27 ON 31
DPTR FM NORMAL 233 LOWEST SLP 29.56 ON 28
[REMARKS]
#FINAL-10-21#