000
CXUS53 KDDC 241200
CF6DDC
PRELIMINARY LOCAL CLIMATOLOGICAL DATA (WS FORM: F-6)

                                          STATION:   DODGE CITY KS
                                          MONTH:     MAY
                                          YEAR:      2018
                                          LATITUDE:   37 46 N
                                          LONGITUDE:  99 58 W

  TEMPERATURE IN F:       :PCPN:    SNOW:  WIND      :SUNSHINE: SKY     :PK WND
================================================================================
1   2   3   4   5  6A  6B    7    8   9   10  11  12  13   14  15   16   17  18
                                     12Z  AVG MX 2MIN
DY MAX MIN AVG DEP HDD CDD  WTR  SNW DPTH SPD SPD DIR MIN PSBL S-S WX    SPD DR
================================================================================

 1  91  62  77  18   0  12    T  0.0    0 21.4 33 200   M    M   2        44 200
 2  74  49  62   2   3   0 0.18  0.0    0  8.2 25 200   M    M   3 1238   36 200
 3  79  51  65   5   0   0 0.00  0.0    0 13.4 26 320   M    M   4 128    45 300
 4  78  44  61   1   4   0 0.00  0.0    0  7.9 21 320   M    M   1        26 320
 5  87  50  69   8   0   4 0.00  0.0    0  9.6 17 250   M    M   0 8      25 230
 6  90  51  71  10   0   6 0.00  0.0    0  7.8 18  80   M    M   0        24  80
 7  93  60  77  16   0  12 0.00  0.0    0 14.3 25 140   M    M   0        35 200
 8  90  61  76  14   0  11 0.00  0.0    0 10.5 20 350   M    M   0 8      27 350
 9  91  52  72  10   0   7    T  0.0    0  9.8 36 360   M    M   1 38     47 360
10  91  61  76  14   0  11 0.00  0.0    0 18.5 31 160   M    M   0 8      46 170
11  87  65  76  13   0  11 0.00  0.0    0 11.7 28 160   M    M   0        38 170
12  77  56  67   4   0   2 0.00  0.0    0 12.9 20  40   M    M   2 128    29 180
13  84  53  69   6   0   4 0.00  0.0    0 10.6 18 210   M    M   4 128    28 210
14  84  56  70   6   0   5 0.00  0.0    0 10.7 35 360   M    M   3 1238   48 360
15  80  60  70   6   0   5 0.16  0.0    0  8.1 26 310   M    M   6 138    33 310
16  88  59  74  10   0   9 0.00  0.0    0  6.8 15 180   M    M   2 8      23 190
17  89  61  75  10   0  10 0.00  0.0    0 17.7 28 160   M    M   0 18     40 150
18  91  60  76  11   0  11 0.04  0.0    0 17.1 43 170   M    M   2 138    64 170
19  77  51  64  -1   1   0 0.65  0.0    0 13.7 31  30   M    M   4 13     40  30
20  72  48  60  -6   5   0 0.00  0.0    0 12.3 22 350   M    M   4        32 350
21  83  48  66   0   0   1 0.00  0.0    0 13.2 24 180   M    M   3 128    36 170
22  91  59  75   9   0  10 0.00  0.0    0 15.7 29 190   M    M   0 18     38 200
23  91  64  78  12   0  13 0.00  0.0    0 16.5 38 140   M    M   1        50 140
================================================================================
SM 1958 1281        13 144  1.03     0.0 288.4          M       42
================================================================================
AV 85.1 55.7                              12.5 FASTST   M    M   2    MAX(MPH)
                                 MISC ---->  # 43 170               # 64  170
================================================================================
NOTES:
# LAST OF SEVERAL OCCURRENCES

COLUMN 17 PEAK WIND IN M.P.H.

PRELIMINARY LOCAL CLIMATOLOGICAL DATA (WS FORM: F-6) , PAGE 2

                                          STATION:  DODGE CITY KS
                                          MONTH:    MAY
                                          YEAR:     2018
                                          LATITUDE:   37 46 N
                                          LONGITUDE:  99 58 W

[TEMPERATURE DATA]      [PRECIPITATION DATA]       SYMBOLS USED IN COLUMN 16

AVERAGE MONTHLY: 70.4   TOTAL FOR MONTH:   1.03    1 = FOG OR MIST
DPTR FM NORMAL:   7.5   DPTR FM NORMAL:   -0.97    2 = FOG REDUCING VISIBILITY
HIGHEST:    93 ON  7    GRTST 24HR  0.65 ON 19-19      TO 1/4 MILE OR LESS
LOWEST:     44 ON  4                               3 = THUNDER
                        SNOW, ICE PELLETS, HAIL    4 = ICE PELLETS
                        TOTAL MONTH:   0.0 INCH    5 = HAIL
                        GRTST 24HR     0.0         6 = FREEZING RAIN OR DRIZZLE
                        GRTST DEPTH:   0           7 = DUSTSTORM OR SANDSTORM:
                                                       VSBY 1/2 MILE OR LESS
                                                   8 = SMOKE OR HAZE
[NO. OF DAYS WITH]      [WEATHER - DAYS WITH]      9 = BLOWING SNOW
                                                   X = TORNADO
MAX 32 OR BELOW:   0    0.01 INCH OR MORE:   4
MAX 90 OR ABOVE:   9    0.10 INCH OR MORE:   3
MIN 32 OR BELOW:   0    0.50 INCH OR MORE:   1
MIN  0 OR BELOW:   0    1.00 INCH OR MORE:   0

[HDD (BASE 65) ]
TOTAL THIS MO.    13    CLEAR  (SCALE 0-3)  17
DPTR FM NORMAL   -88    PTCLDY (SCALE 4-7)   6
TOTAL FM JUL 1  4676    CLOUDY (SCALE 8-10)  0
DPTR FM NORMAL  -264

[CDD (BASE 65) ]
TOTAL THIS MO.   144
DPTR FM NORMAL    91    [PRESSURE DATA]
TOTAL FM JAN 1   165    HIGHEST SLP M ON M
DPTR FM NORMAL    93    LOWEST  SLP 29.50 ON 11

[REMARKS]
