124
CXUS53 KDDC 031517
CF6DDC
PRELIMINARY LOCAL CLIMATOLOGICAL DATA (WS FORM: F-6)

                                          STATION:   DODGE CITY KS
                                          MONTH:     MARCH
                                          YEAR:      2018
                                          LATITUDE:   37 46 N
                                          LONGITUDE:  99 58 W

  TEMPERATURE IN F:       :PCPN:    SNOW:  WIND      :SUNSHINE: SKY     :PK WND
================================================================================
1   2   3   4   5  6A  6B    7    8   9   10  11  12  13   14  15   16   17  18
                                     12Z  AVG MX 2MIN
DY MAX MIN AVG DEP HDD CDD  WTR  SNW DPTH SPD SPD DIR MIN PSBL S-S WX    SPD DR
================================================================================

 1  55  18  37  -3  28   0 0.00  0.0    0 10.5 23 350   M    M   0 8      31 350
 2  70  32  51  11  14   0 0.00  0.0    0 20.8 33 190   M    M   0        46 190
 3  79  42  61  21   4   0 0.00  0.0    0 20.7 35 170   M    M   0        47 160
 4  79  51  65  24   0   0 0.00  0.0    0 23.8 37 170   M    M   1 18     49 160
 5  59  30  45   4  20   0 0.00  0.0    0 20.4 40 310   M    M   0 8      56 320
 6  51  23  37  -4  28   0 0.00  0.0    0 22.3 47 320   M    M   1 8      66 320
 7  55  16  36  -6  29   0 0.00  0.0    0  7.4 16 290   M    M   0        23 270
 8  68  19  44   2  21   0 0.00  0.0    0  9.8 22 190   M    M   0 8      32 180
 9  74  28  51   9  14   0 0.00  0.0    0 11.2 25 350   M    M   0 8      35 360
10  70  33  52   9  13   0 0.00  0.0    0 10.8 32  10   M    M   2        45 360
11  51  21  36  -7  29   0 0.00  0.0    0 12.7 26 350   M    M   1        37 350
12  56  16  36  -7  29   0 0.00  0.0    0  5.1 12  90   M    M   0        16  80
13  57  24  41  -3  24   0 0.00  0.0    0  6.0 12 150   M    M   2        16  70
14  71  26  49   5  16   0 0.00  0.0    0 17.2 33 210   M    M   0 8      43 200
15  84  47  66  22   0   1 0.00  0.0    0 21.5 33 160   M    M   0 8      46 160
16  65  30  48   4  17   0 0.00  0.0    0 23.3 47 280   M    M   1 8      61 290
17  65  25  45   0  20   0 0.00  0.0    0  8.7 17 150   M    M   0        22 150
18  63  33  48   3  17   0 0.64  0.0    0 16.1 29 150   M    M   4 138    39 150
19  46  33  40  -5  25   0 0.40  1.0    1 20.3 33 350   M    M  10 1      49 350
20  58  27  43  -3  22   0    T  0.0    0  9.9 23 330   M    M   2        32 350
21  62  31  47   1  18   0 0.00  0.0    0 11.6 21 170   M    M   0 18     27 160
22  73  37  55   9  10   0 0.00  0.0    0 10.0 18 180   M    M   0 8      22 170
23  89  47  68  22   0   3 0.00  0.0    0 14.7 29 290   M    M   0        40 230
24  69  40  55   8  10   0 0.00  0.0    0 14.7 25 360   M    M   0 18     33  10
25  64  37  51   4  14   0    T  0.0    0 16.8 25 140   M    M   5 18     35 130
26  51  41  46  -1  19   0 0.01  0.0    0 13.6 22  10   M    M  10 12     28  10
27  49  37  43  -5  22   0 0.00  0.0    0 11.9 23  30   M    M   8 18     31  20
28  66  37  52   4  13   0 0.00  0.0    0  8.1 17  20   M    M   4        22 360
29  59  39  49   1  16   0 0.01  0.0    0 10.5 23 360   M    M   6        34  10
30  64  29  47  -1  18   0 0.00  0.0    0 14.3 29 210   M    M   4        38 170
31  61  31  46  -3  19   0 0.00  0.0    0 18.0 31  30   M    M   0        42  20
================================================================================
SM 1983  980       529   4 1.06  1.0     442.7          M       61
================================================================================
AV 64.0 31.6                              14.3 FASTST   M    M   2      MAX(MPH)
                                 MISC ---->  # 47 320                     66 320
================================================================================
NOTES:
# LAST OF SEVERAL OCCURRENCES

COLUMN 17 PEAK WIND IN M.P.H.

PRELIMINARY LOCAL CLIMATOLOGICAL DATA (WS FORM: F-6) , PAGE 2

                                          STATION:  DODGE CITY KS
                                          MONTH:    MARCH
                                          YEAR:     2018
                                          LATITUDE:   37 46 N
                                          LONGITUDE:  99 58 W

[TEMPERATURE DATA]      [PRECIPITATION DATA]       SYMBOLS USED IN COLUMN 16

AVERAGE MONTHLY: 47.8   TOTAL FOR MONTH:   1.06    1 = FOG OR MIST
DPTR FM NORMAL:   3.4   DPTR FM NORMAL:   -0.53    2 = FOG REDUCING VISIBILITY
HIGHEST:    89 ON 23    GRTST 24HR  0.64 ON 18-18      TO 1/4 MILE OR LESS
LOWEST:     16 ON 12, 7                            3 = THUNDER
                        SNOW, ICE PELLETS, HAIL    4 = ICE PELLETS
                        TOTAL MONTH:   1.0 INCH    5 = HAIL
                        GRTST 24HR   1.0 ON 19-19  6 = FREEZING RAIN OR DRIZZLE
                        GRTST DEPTH:   1 ON 19     7 = DUSTSTORM OR SANDSTORM:
                                                       VSBY 1/2 MILE OR LESS
                                                   8 = SMOKE OR HAZE
[NO. OF DAYS WITH]      [WEATHER - DAYS WITH]      9 = BLOWING SNOW
                                                   X = TORNADO
MAX 32 OR BELOW:   0    0.01 INCH OR MORE:   4
MAX 90 OR ABOVE:   0    0.10 INCH OR MORE:   2
MIN 32 OR BELOW:  17    0.50 INCH OR MORE:   1
MIN  0 OR BELOW:   0    1.00 INCH OR MORE:   0

[HDD (BASE 65) ]
TOTAL THIS MO.   529    CLEAR  (SCALE 0-3)  23
DPTR FM NORMAL  -111    PTCLDY (SCALE 4-7)   6
TOTAL FM JUL 1  4185    CLOUDY (SCALE 8-10)  2
DPTR FM NORMAL  -302

[CDD (BASE 65) ]
TOTAL THIS MO.     4
DPTR FM NORMAL     3    [PRESSURE DATA]
TOTAL FM JAN 1     4    HIGHEST SLP 30.45 ON 12
DPTR FM NORMAL     3    LOWEST  SLP 29.29 ON 16

[REMARKS]
#FINAL-03-18#
