000
CXUS53 KDDC 011551
CF6DDC
PRELIMINARY LOCAL CLIMATOLOGICAL DATA (WS FORM: F-6)
STATION: DODGE CITY KS
MONTH: OCTOBER
YEAR: 2021
LATITUDE: 37 46 N
LONGITUDE: 99 58 W
TEMPERATURE IN F: :PCPN: SNOW: WIND :SUNSHINE: SKY :PK WND
================================================================================
1 2 3 4 5 6A 6B 7 8 9 10 11 12 13 14 15 16 17 18
12Z AVG MX 2MIN
DY MAX MIN AVG DEP HDD CDD WTR SNW DPTH SPD SPD DIR MIN PSBL S-S WX SPD DR
================================================================================
1 73 50 62 -2 3 0 0.22 0.0 0 5.0 20 260 M M 5 1 26 260
2 70 53 62 -1 3 0 0.01 0.0 0 6.0 15 360 M M 3 1 19 360
3 81 49 65 2 0 0 0.00 0.0 0 7.1 14 310 M M 0 18 20 300
4 85 51 68 6 0 3 0.00 0.0 0 6.6 14 160 M M 0 8 23 120
5 83 47 65 3 0 0 0.00 0.0 0 4.0 10 150 M M 0 15 360
6 81 51 66 5 0 1 0.00 0.0 0 10.4 15 160 M M 0 1 22 170
7 85 55 70 9 0 5 0.00 0.0 0 13.8 30 190 M M 0 43 190
8 90 52 71 11 0 6 0.00 0.0 0 7.8 14 140 M M 0 18 20 40
9 96 62 79 19 0 14 0.00 0.0 0 12.4 26 250 M M 0 36 240
10 69 51 60 0 5 0 0.50 0.0 0 13.2 26 350 M M 6 1 35 350
11 76 48 62 3 3 0 0.00 0.0 0 10.4 17 150 M M 0 1 23 310
12 68 54 61 2 4 0 1.78 0.0 0 21.3 35 240 M M 7 13 48 250
13 65 41 53 -5 12 0 0.00 0.0 0 7.6 16 260 M M 1 23 240
14 64 39 52 -6 13 0 0.00 0.0 0 11.5 21 70 M M 2 27 70
15 61 37 49 -8 16 0 T 0.0 0 12.1 24 350 M M 3 36 350
16 71 34 53 -4 12 0 0.00 0.0 0 6.6 18 250 M M 0 25 250
17 76 36 56 0 9 0 0.00 0.0 0 9.2 22 190 M M 0 31 220
18 75 46 61 5 4 0 0.00 0.0 0 19.3 35 170 M M 0 44 170
19 81 49 65 10 0 0 0.00 0.0 0 17.7 32 170 M M 0 8 44 250
20 65 39 52 -3 13 0 0.00 0.0 0 11.9 24 320 M M 0 31 320
21 71 37 54 0 11 0 0.00 0.0 0 6.0 14 230 M M 0 8 20 220
22 75 39 57 3 8 0 0.00 0.0 0 8.2 17 210 M M 0 18 23 190
23 81 50 66 12 0 1 0.00 0.0 0 5.3 18 30 M M 0 1 22 30
24 73 43 58 5 7 0 T 0.0 0 12.8 25 320 M M 4 1 34 320
25 66 38 52 -1 13 0 0.00 0.0 0 12.9 22 150 M M 0 1 30 150
26 83 48 66 14 0 1 0.46 0.0 0 21.7 36 150 M M 3 1238 49 150
27 60 44 52 0 13 0 0.00 0.0 0 22.5 40 350 M M 5 57 360
28 62 44 53 2 12 0 0.00 0.0 0 24.2 40 360 M M 0 57 350
29 64 38 51 0 14 0 0.00 0.0 0 11.1 22 360 M M 0 29 340
30 78 36 57 6 8 0 0.00 0.0 0 9.9 20 30 M M 0 27 30
31 54 33 44 -6 21 0 0.00 0.0 0 12.0 21 30 M M 0 29 30
================================================================================
SM 2282 1394 204 31 2.97 0.0 360.5 M 39
================================================================================
AV 73.6 45.0 11.6 FASTST M M 1 MAX(MPH)
MISC ----> # 40 360 # 57 350
================================================================================
NOTES:
# LAST OF SEVERAL OCCURRENCES
COLUMN 17 PEAK WIND IN M.P.H.
PRELIMINARY LOCAL CLIMATOLOGICAL DATA (WS FORM: F-6) , PAGE 2
STATION: DODGE CITY KS
MONTH: OCTOBER
YEAR: 2021
LATITUDE: 37 46 N
LONGITUDE: 99 58 W
[TEMPERATURE DATA] [PRECIPITATION DATA] SYMBOLS USED IN COLUMN 16
AVERAGE MONTHLY: 59.3 TOTAL FOR MONTH: 2.97 1 = FOG OR MIST
DPTR FM NORMAL: 2.5 DPTR FM NORMAL: 0.95 2 = FOG REDUCING VISIBILITY
HIGHEST: 96 ON 9 GRTST 24HR 1.78 ON 12-12 TO 1/4 MILE OR LESS
LOWEST: 33 ON 31 3 = THUNDER
SNOW, ICE PELLETS, HAIL 4 = ICE PELLETS
TOTAL MONTH: 0.0 INCH 5 = HAIL
GRTST 24HR 0.0 6 = FREEZING RAIN OR DRIZZLE
GRTST DEPTH: 0 7 = DUSTSTORM OR SANDSTORM:
VSBY 1/2 MILE OR LESS
8 = SMOKE OR HAZE
[NO. OF DAYS WITH] [WEATHER - DAYS WITH] 9 = BLOWING SNOW
X = TORNADO
MAX 32 OR BELOW: 0 0.01 INCH OR MORE: 5
MAX 90 OR ABOVE: 2 0.10 INCH OR MORE: 4
MIN 32 OR BELOW: 0 0.50 INCH OR MORE: 2
MIN 0 OR BELOW: 0 1.00 INCH OR MORE: 1
[HDD (BASE 65) ]
TOTAL THIS MO. 204 CLEAR (SCALE 0-3) 25
DPTR FM NORMAL -84 PTCLDY (SCALE 4-7) 6
TOTAL FM JUL 1 213 CLOUDY (SCALE 8-10) 0
DPTR FM NORMAL -126
[CDD (BASE 65) ]
TOTAL THIS MO. 31
DPTR FM NORMAL -4 [PRESSURE DATA]
TOTAL FM JAN 1 1747 HIGHEST SLP 30.40 ON 16
DPTR FM NORMAL 201 LOWEST SLP 29.35 ON 26
[REMARKS]
#FINAL-10-21#